-- Table structure for table `vtiger_profile2globalpermissions` 
--

CREATE TABLE `vtiger_profile2globalpermissions` (
  `profileid` int(19) NOT NULL,
  `globalactionid` int(19) NOT NULL,
  `globalactionpermission` int(19) default NULL,
  PRIMARY KEY  (`profileid`,`globalactionid`),
  KEY `idx_profile2globalpermissions` (`profileid`,`globalactionid`),
  CONSTRAINT `fk_1_vtiger_profile2globalpermissions` FOREIGN KEY (`profileid`) REFERENCES `vtiger_profile` (`profileid`) ON DELETE CASCADE
) ENGINE=InnoDB DEFAULT CHARSET=latin1;

--
-- Dumping data for table `vtiger_profile2globalpermissions` 
--

INSERT INTO `vtiger_profile2globalpermissions` VALUES('1', '1', '0');
INSERT INTO `vtiger_profile2globalpermissions` VALUES('1', '2', '0');
INSERT INTO `vtiger_profile2globalpermissions` VALUES('2', '1', '1');
INSERT INTO `vtiger_profile2globalpermissions` VALUES('2', '2', '1');
INSERT INTO `vtiger_profile2globalpermissions` VALUES('3', '1', '1');
INSERT INTO `vtiger_profile2globalpermissions` VALUES('3', '2', '1');
INSERT INTO `vtiger_profile2globalpermissions` VALUES('4', '1', '1');
INSERT INTO `vtiger_profile2globalpermissions` VALUES('4', '2', '1');
INSERT INTO `vtiger_profile2globalpermissions` VALUES('5', '1', '1');
INSERT INTO `vtiger_profile2globalpermissions` VALUES('5', '2', '1');
INSERT INTO `vtiger_profile2globalpermissions` VALUES('6', '1', '1');
INSERT INTO `vtiger_profile2globalpermissions` VALUES('6', '2', '1');
INSERT INTO `vtiger_profile2globalpermissions` VALUES('7', '1', '1');
INSERT INTO `vtiger_profile2globalpermissions` VALUES('7', '2', '1');
INSERT INTO `vtiger_profile2globalpermissions` VALUES('8', '1', '1');
INSERT INTO `vtiger_profile2globalpermissions` VALUES('8', '2', '1');

--
-- Table structure for table `vtiger_profile2standardpermissions` 
--

CREATE TABLE `vtiger_profile2standardpermissions` (
  `profileid` int(11) NOT NULL,
  `tabid` int(10) NOT NULL,
  `Operation` int(10) NOT NULL,
  `permissions` int(1) default NULL,
  PRIMARY KEY  (`profileid`,`tabid`,`Operation`),
  KEY `profile2standardpermissions_profileid_tabid_Operation_idx` (`profileid`,`tabid`,`Operation`)
) ENGINE=InnoDB DEFAULT CHARSET=latin1;

--
-- Dumping data for table `vtiger_profile2standardpermissions` 
--

INSERT INTO `vtiger_profile2standardpermissions` VALUES('1', '2', '0', '0');
INSERT INTO `vtiger_profile2standardpermissions` VALUES('1', '2', '1', '0');
INSERT INTO `vtiger_profile2standardpermissions` VALUES('1', '2', '2', '0');
INSERT INTO `vtiger_profile2standardpermissions` VALUES('1', '2', '3', '0');
INSERT INTO `vtiger_profile2standardpermissions` VALUES('1', '2', '4', '0');
INSERT INTO `vtiger_profile2standardpermissions` VALUES('1', '4', '0', '0');
INSERT INTO `vtiger_profile2standardpermissions` VALUES('1', '4', '1', '0');
INSERT INTO `vtiger_profile2standardpermissions` VALUES('1', '4', '2', '0');
INSERT INTO `vtiger_profile2standardpermissions` VALUES('1', '4', '3', '0');
INSERT INTO `vtiger_profile2standardpermissions` VALUES('1', '4', '4', '0');
INSERT INTO `vtiger_profile2standardpermissions` VALUES('1', '6', '0', '0');
INSERT INTO `vtiger_profile2standardpermissions` VALUES('1', '6', '1', '0');
INSERT INTO `vtiger_profile2standardpermissions` VALUES('1', '6', '2', '0');
INSERT INTO `vtiger_profile2standardpermissions` VALUES('1', '6', '3', '0');
INSERT INTO `vtiger_profile2standardpermissions` VALUES('1', '6', '4', '0');
INSERT INTO `vtiger_profile2standardpermissions` VALUES('1', '7', '0', '0');
INSERT INTO `vtiger_profile2standardpermissions` VALUES('1', '7', '1', '0');
INSERT INTO `vtiger_profile2standardpermissions` VALUES('1', '7', '2', '0');
INSERT INTO `vtiger_profile2standardpermissions` VALUES('1', '7', '3', '0');
INSERT INTO `vtiger_profile2standardpermissions` VALUES('1', '7', '4', '0');
INSERT INTO `vtiger_profile2standardpermissions` VALUES('1', '8', '0', '0');
INSERT INTO `vtiger_profile2standardpermissions` VALUES('1', '8', '1', '0');
INSERT INTO `vtiger_profile2standardpermissions` VALUES('1', '8', '2', '0');
INSERT INTO `vtiger_profile2standardpermissions` VALUES('1', '8', '3', '0');
INSERT INTO `vtiger_profile2standardpermissions` VALUES('1', '8', '4', '0');
INSERT INTO `vtiger_profile2standardpermissions` VALUES('1', '9', '0', '0');
INSERT INTO `vtiger_profile2standardpermissions` VALUES('1', '9', '1', '0');
INSERT INTO `vtiger_profile2standardpermissions` VALUES('1', '9', '2', '0');
INSERT INTO `vtiger_profile2standardpermissions` VALUES('1', '9', '3', '0');
INSERT INTO `vtiger_profile2standardpermissions` VALUES('1', '9', '4', '0');
INSERT INTO `vtiger_profile2standardpermissions` VALUES('1', '13', '0', '0');
INSERT INTO `vtiger_profile2standardpermissions` VALUES('1', '13', '1', '0');
INSERT INTO `vtiger_profile2standardpermissions` VALUES('1', '13', '2', '0');
INSERT INTO `vtiger_profile2standardpermissions` VALUES('1', '13', '3', '0');
INSERT INTO `vtiger_profile2standardpermissions` VALUES('1', '13', '4', '0');
INSERT INTO `vtiger_profile2standardpermissions` VALUES('1', '14', '0', '0');
INSERT INTO `vtiger_profile2standardpermissions` VALUES('1', '14', '1', '0');
INSERT INTO `vtiger_profile2standardpermissions` VALUES('1', '14', '2', '0');
INSERT INTO `vtiger_profile2standardpermissions` VALUES('1', '14', '3', '0');
INSERT INTO `vtiger_profile2standardpermissions` VALUES('1', '14', '4', '0');
INSERT INTO `vtiger_profile2standardpermissions` VALUES('1', '15', '0', '0');
INSERT INTO `vtiger_profile2standardpermissions` VALUES('1', '15', '1', '0');
INSERT INTO `vtiger_profile2standardpermissions` VALUES('1', '15', '2', '0');
INSERT INTO `vtiger_profile2standardpermissions` VALUES('1', '15', '3', '0');
INSERT INTO `vtiger_profile2standardpermissions` VALUES('1', '15', '4', '0');
INSERT INTO `vtiger_profile2standardpermissions` VALUES('1', '16', '0', '0');
INSERT INTO `vtiger_profile2standardpermissions` VALUES('1', '16', '1', '0');
INSERT INTO `vtiger_profile2standardpermissions` VALUES('1', '16', '2', '0');
INSERT INTO `vtiger_profile2standardpermissions` VALUES('1', '16', '3', '0');
INSERT INTO `vtiger_profile2standardpermissions` VALUES('1', '16', '4', '0');
INSERT INTO `vtiger_profile2standardpermissions` VALUES('1', '18', '0', '0');
INSERT INTO `vtiger_profile2standardpermissions` VALUES('1', '18', '1', '0');
INSERT INTO `vtiger_profile2standardpermissions` VALUES('1', '18', '2', '0');
INSERT INTO `vtiger_profile2standardpermissions` VALUES('1', '18', '3', '0');
INSERT INTO `vtiger_profile2standardpermissions` VALUES('1', '18', '4', '0');
INSERT INTO `vtiger_profile2standardpermissions` VALUES('1', '19', '0', '0');
INSERT INTO `vtiger_profile2standardpermissions` VALUES('1', '19', '1', '0');
INSERT INTO `vtiger_profile2standardpermissions` VALUES('1', '19', '2', '0');
INSERT INTO `vtiger_profile2standardpermissions` VALUES('1', '19', '3', '0');
INSERT INTO `vtiger_profile2standardpermissions` VALUES('1', '19', '4', '0');
INSERT INTO `vtiger_profile2standardpermissions` VALUES('1', '20', '0', '0');
INSERT INTO `vtiger_profile2standardpermissions` VALUES('1', '20', '1', '0');
INSERT INTO `vtiger_profile2standardpermissions` VALUES('1', '20', '2', '0');
INSERT INTO `vtiger_profile2standardpermissions` VALUES('1', '20', '3', '0');
INSERT INTO `vtiger_profile2standardpermissions` VALUES('1', '20', '4', '0');
INSERT INTO `vtiger_profile2standardpermissions` VALUES('1', '21', '0', '0');
INSERT INTO `vtiger_profile2standardpermissions` VALUES('1', '21', '1', '0');
INSERT INTO `vtiger_profile2standardpermissions` VALUES('1', '21', '2', '0');
INSERT INTO `vtiger_profile2standardpermissions` VALUES('1', '21', '3', '0');
INSERT INTO `vtiger_profile2standardpermissions` VALUES('1', '21', '4', '0');
INSERT INTO `vtiger_profile2standardpermissions` VALUES('1', '22', '0', '0');
INSERT INTO `vtiger_profile2standardpermissions` VALUES('1', '22', '1', '0');
INSERT INTO `vtiger_profile2standardpermissions` VALUES('1', '22', '2', '0');
INSERT INTO `vtiger_profile2standardpermissions` VALUES('1', '22', '3', '0');
INSERT INTO `vtiger_profile2standardpermissions` VALUES('1', '22', '4', '0');
INSERT INTO `vtiger_profile2standardpermissions` VALUES('1', '23', '0', '0');
INSERT INTO `vtiger_profile2standardpermissions` VALUES('1', '23', '1', '0');
INSERT INTO `vtiger_profile2standardpermissions` VALUES('1', '23', '2', '0');
INSERT INTO `vtiger_profile2standardpermissions` VALUES('1', '23', '3', '0');
INSERT INTO `vtiger_profile2standardpermissions` VALUES('1', '23', '4', '0');
INSERT INTO `vtiger_profile2standardpermissions` VALUES('1', '26', '0', '0');
INSERT INTO `vtiger_profile2standardpermissions` VALUES('1', '26', '1', '0');
INSERT INTO `vtiger_profile2standardpermissions` VALUES('1', '26', '2', '0');
INSERT INTO `vtiger_profile2standardpermissions` VALUES('1', '26', '3', '0');
INSERT INTO `vtiger_profile2standardpermissions` VALUES('1', '26', '4', '0');
INSERT INTO `vtiger_profile2standardpermissions` VALUES('2', '2', '0', '1');
INSERT INTO `vtiger_profile2standardpermissions` VALUES('2', '2', '1', '1');
INSERT INTO `vtiger_profile2standardpermissions` VALUES('2', '2', '2', '1');
INSERT INTO `vtiger_profile2standardpermissions` VALUES('2', '2', '3', '1');
INSERT INTO `vtiger_profile2standardpermissions` VALUES('2', '2', '4', '1');
INSERT INTO `vtiger_profile2standardpermissions` VALUES('2', '4', '0', '0');
INSERT INTO `vtiger_profile2standardpermissions` VALUES('2', '4', '1', '0');
INSERT INTO `vtiger_profile2standardpermissions` VALUES('2', '4', '2', '1');
INSERT INTO `vtiger_profile2standardpermissions` VALUES('2', '4', '3', '0');
INSERT INTO `vtiger_profile2standardpermissions` VALUES('2', '4', '4', '0');
INSERT INTO `vtiger_profile2standardpermissions` VALUES('2', '6', '0', '0');
INSERT INTO `vtiger_profile2standardpermissions` VALUES('2', '6', '1', '0');
INSERT INTO `vtiger_profile2standardpermissions` VALUES('2', '6', '2', '0');
INSERT INTO `vtiger_profile2standardpermissions` VALUES('2', '6', '3', '0');
INSERT INTO `vtiger_profile2standardpermissions` VALUES('2', '6', '4', '0');
INSERT INTO `vtiger_profile2standardpermissions` VALUES('2', '7', '0', '1');
INSERT INTO `vtiger_profile2standardpermissions` VALUES('2', '7', '1', '1');
INSERT INTO `vtiger_profile2standardpermissions` VALUES('2', '7', '2', '1');
INSERT INTO `vtiger_profile2standardpermissions` VALUES('2', '7', '3', '1');
INSERT INTO `vtiger_profile2standardpermissions` VALUES('2', '7', '4', '1');
INSERT INTO `vtiger_profile2standardpermissions` VALUES('2', '8', '0', '0');
INSERT INTO `vtiger_profile2standardpermissions` VALUES('2', '8', '1', '0');
INSERT INTO `vtiger_profile2standardpermissions` VALUES('2', '8', '2', '0');
INSERT INTO `vtiger_profile2standardpermissions` VALUES('2', '8', '3', '0');
INSERT INTO `vtiger_profile2standardpermissions` VALUES('2', '8', '4', '0');
INSERT INTO `vtiger_profile2standardpermissions` VALUES('2', '9', '0', '0');
INSERT INTO `vtiger_profile2standardpermissions` VALUES('2', '9', '1', '0');
INSERT INTO `vtiger_profile2standardpermissions` VALUES('2', '9', '2', '0');
INSERT INTO `vtiger_profile2standardpermissions` VALUES('2', '9', '3', '0');
INSERT INTO `vtiger_profile2standardpermissions` VALUES('2', '9', '4', '0');
INSERT INTO `vtiger_profile2standardpermissions` VALUES('2', '13', '0', '1');
INSERT INTO `vtiger_profile2standardpermissions` VALUES('2', '13', '1', '1');
INSERT INTO `vtiger_profile2standardpermissions` VALUES('2', '13', '2', '1');
INSERT INTO `vtiger_profile2standardpermissions` VALUES('2', '13', '3', '1');
INSERT INTO `vtiger_profile2standardpermissions` VALUES('2', '13', '4', '1');
INSERT INTO `vtiger_profile2standardpermissions` VALUES('2', '14', '0', '0');
INSERT INTO `vtiger_profile2standardpermissions` VALUES('2', '14', '1', '0');
INSERT INTO `vtiger_profile2standardpermissions` VALUES('2', '14', '2', '0');
INSERT INTO `vtiger_profile2standardpermissions` VALUES('2', '14', '3', '0');
INSERT INTO `vtiger_profile2standardpermissions` VALUES('2', '14', '4', '0');
INSERT INTO `vtiger_profile2standardpermissions` VALUES('2', '15', '0', '1');
INSERT INTO `vtiger_profile2standardpermissions` VALUES('2', '15', '1', '1');
INSERT INTO `vtiger_profile2standardpermissions` VALUES('2', '15', '2', '1');
INSERT INTO `vtiger_profile2standardpermissions` VALUES('2', '15', '3', '1');
INSERT INTO `vtiger_profile2standardpermissions` VALUES('2', '15', '4', '1');
INSERT INTO `vtiger_profile2standardpermissions` VALUES('2', '16', '0', '0');
INSERT INTO `vtiger_profile2standardpermissions` VALUES('2', '16', '1', '0');
INSERT INTO `vtiger_profile2standardpermissions` VALUES('2', '16', '2', '0');
INSERT INTO `vtiger_profile2standardpermissions` VALUES('2', '16', '3', '0');
INSERT INTO `vtiger_profile2standardpermissions` VALUES('2', '16', '4', '0');
INSERT INTO `vtiger_profile2standardpermissions` VALUES('2', '18', '0', '1');
INSERT INTO `vtiger_profile2standardpermissions` VALUES('2', '18', '1', '1');
INSERT INTO `vtiger_profile2standardpermissions` VALUES('2', '18', '2', '1');
INSERT INTO `vtiger_profile2standardpermissions` VALUES('2', '18', '3', '1');
INSERT INTO `vtiger_profile2standardpermissions` VALUES('2', '18', '4', '1');
INSERT INTO `vtiger_profile2standardpermissions` VALUES('2', '19', '0', '1');
INSERT INTO `vtiger_profile2standardpermissions` VALUES('2', '19', '1', '1');
INSERT INTO `vtiger_profile2standardpermissions` VALUES('2', '19', '2', '1');
INSERT INTO `vtiger_profile2standardpermissions` VALUES('2', '19', '3', '1');
INSERT INTO `vtiger_profile2standardpermissions` VALUES('2', '19', '4', '1');
INSERT INTO `vtiger_profile2standardpermissions` VALUES('2', '20', '0', '0');
INSERT INTO `vtiger_profile2standardpermissions` VALUES('2', '20', '1', '0');
INSERT INTO `vtiger_profile2standardpermissions` VALUES('2', '20', '2', '0');
INSERT INTO `vtiger_profile2standardpermissions` VALUES('2', '20', '3', '0');
INSERT INTO `vtiger_profile2standardpermissions` VALUES('2', '20', '4', '0');
INSERT INTO `vtiger_profile2standardpermissions` VALUES('2', '21', '0', '1');
INSERT INTO `vtiger_profile2standardpermissions` VALUES('2', '21', '1', '1');
INSERT INTO `vtiger_profile2standardpermissions` VALUES('2', '21', '2', '1');
INSERT INTO `vtiger_profile2standardpermissions` VALUES('2', '21', '3', '1');
INSERT INTO `vtiger_profile2standardpermissions` VALUES('2', '21', '4', '1');
INSERT INTO `vtiger_profile2standardpermissions` VALUES('2', '22', '0', '0');
INSERT INTO `vtiger_profile2standardpermissions` VALUES('2', '22', '1', '0');
INSERT INTO `vtiger_profile2standardpermissions` VALUES('2', '22', '2', '0');
INSERT INTO `vtiger_profile2standardpermissions` VALUES('2', '22', '3', '0');
INSERT INTO `vtiger_profile2standardpermissions` VALUES('2', '22', '4', '0');
INSERT INTO `vtiger_profile2standardpermissions` VALUES('2', '23', '0', '0');
INSERT INTO `vtiger_profile2standardpermissions` VALUES('2', '23', '1', '0');
INSERT INTO `vtiger_profile2standardpermissions` VALUES('2', '23', '2', '0');
INSERT INTO `vtiger_profile2standardpermissions` VALUES('2', '23', '3', '0');
INSERT INTO `vtiger_profile2standardpermissions` VALUES('2', '23', '4', '0');
INSERT INTO `vtiger_profile2standardpermissions` VALUES('2', '26', '0', '1');
INSERT INTO `vtiger_profile2standardpermissions` VALUES('2', '26', '1', '1');
INSERT INTO `vtiger_profile2standardpermissions` VALUES('2', '26', '2', '1');
INSERT INTO `vtiger_profile2standardpermissions` VALUES('2', '26', '3', '1');
INSERT INTO `vtiger_profile2standardpermissions` VALUES('2', '26', '4', '1');
INSERT INTO `vtiger_profile2standardpermissions` VALUES('3', '2', '0', '1');
INSERT INTO `vtiger_profile2standardpermissions` VALUES('3', '2', '1', '1');
INSERT INTO `vtiger_profile2standardpermissions` VALUES('3', '2', '2', '1');
INSERT INTO `vtiger_profile2standardpermissions` VALUES('3', '2', '3', '1');
INSERT INTO `vtiger_profile2standardpermissions` VALUES('3', '2', '4', '1');
INSERT INTO `vtiger_profile2standardpermissions` VALUES('3', '4', '0', '1');
INSERT INTO `vtiger_profile2standardpermissions` VALUES('3', '4', '1', '1');
INSERT INTO `vtiger_profile2standardpermissions` VALUES('3', '4', '2', '1');
INSERT INTO `vtiger_profile2standardpermissions` VALUES('3', '4', '3', '1');
INSERT INTO `vtiger_profile2standardpermissions` VALUES('3', '4', '4', '1');
INSERT INTO `vtiger_profile2standardpermissions` VALUES('3', '6', '0', '1');
INSERT INTO `vtiger_profile2standardpermissions` VALUES('3', '6', '1', '1');
INSERT INTO `vtiger_profile2standardpermissions` VALUES('3', '6', '2', '1');
INSERT INTO `vtiger_profile2standardpermissions` VALUES('3', '6', '3', '1');
INSERT INTO `vtiger_profile2standardpermissions` VALUES('3', '6', '4', '1');
INSERT INTO `vtiger_profile2standardpermissions` VALUES('3', '7', '0', '1');
INSERT INTO `vtiger_profile2standardpermissions` VALUES('3', '7', '1', '1');
INSERT INTO `vtiger_profile2standardpermissions` VALUES('3', '7', '2', '1');
INSERT INTO `vtiger_profile2standardpermissions` VALUES('3', '7', '3', '1');
INSERT INTO `vtiger_profile2standardpermissions` VALUES('3', '7', '4', '1');
INSERT INTO `vtiger_profile2standardpermissions` VALUES('3', '8', '0', '1');
INSERT INTO `vtiger_profile2standardpermissions` VALUES('3', '8', '1', '1');
INSERT INTO `vtiger_profile2standardpermissions` VALUES('3', '8', '2', '1');
INSERT INTO `vtiger_profile2standardpermissions` VALUES('3', '8', '3', '1');
INSERT INTO `vtiger_profile2standardpermissions` VALUES('3', '8', '4', '1');
INSERT INTO `vtiger_profile2standardpermissions` VALUES('3', '9', '0', '1');
INSERT INTO `vtiger_profile2standardpermissions` VALUES('3', '9', '1', '1');
INSERT INTO `vtiger_profile2standardpermissions` VALUES('3', '9', '2', '1');
INSERT INTO `vtiger_profile2standardpermissions` VALUES('3', '9', '3', '1');
INSERT INTO `vtiger_profile2standardpermissions` VALUES('3', '9', '4', '1');
INSERT INTO `vtiger_profile2standardpermissions` VALUES('3', '13', '0', '1');
INSERT INTO `vtiger_profile2standardpermissions` VALUES('3', '13', '1', '1');
INSERT INTO `vtiger_profile2standardpermissions` VALUES('3', '13', '2', '1');
INSERT INTO `vtiger_profile2standardpermissions` VALUES('3', '13', '3', '1');
INSERT INTO `vtiger_profile2standardpermissions` VALUES('3', '13', '4', '1');
INSERT INTO `vtiger_profile2standardpermissions` VALUES('3', '14', '0', '1');
INSERT INTO `vtiger_profile2standardpermissions` VALUES('3', '14', '1', '1');
INSERT INTO `vtiger_profile2standardpermissions` VALUES('3', '14', '2', '1');
INSERT INTO `vtiger_profile2standardpermissions` VALUES('3', '14', '3', '1');
INSERT INTO `vtiger_profile2standardpermissions` VALUES('3', '14', '4', '1');
INSERT INTO `vtiger_profile2standardpermissions` VALUES('3', '15', '0', '1');
INSERT INTO `vtiger_profile2standardpermissions` VALUES('3', '15', '1', '1');
INSERT INTO `vtiger_profile2standardpermissions` VALUES('3', '15', '2', '1');
INSERT INTO `vtiger_profile2standardpermissions` VALUES('3', '15', '3', '1');
INSERT INTO `vtiger_profile2standardpermissions` VALUES('3', '15', '4', '1');
INSERT INTO `vtiger_profile2standardpermissions` VALUES('3', '16', '0', '1');
INSERT INTO `vtiger_profile2standardpermissions` VALUES('3', '16', '1', '1');
INSERT INTO `vtiger_profile2standardpermissions` VALUES('3', '16', '2', '1');
INSERT INTO `vtiger_profile2standardpermissions` VALUES('3', '16', '3', '1');
INSERT INTO `vtiger_profile2standardpermissions` VALUES('3', '16', '4', '1');
INSERT INTO `vtiger_profile2standardpermissions` VALUES('3', '18', '0', '1');
INSERT INTO `vtiger_profile2standardpermissions` VALUES('3', '18', '1', '1');
INSERT INTO `vtiger_profile2standardpermissions` VALUES('3', '18', '2', '1');
INSERT INTO `vtiger_profile2standardpermissions` VALUES('3', '18', '3', '1');
INSERT INTO `vtiger_profile2standardpermissions` VALUES('3', '18', '4', '1');
INSERT INTO `vtiger_profile2standardpermissions` VALUES('3', '19', '0', '1');
INSERT INTO `vtiger_profile2standardpermissions` VALUES('3', '19', '1', '1');
INSERT INTO `vtiger_profile2standardpermissions` VALUES('3', '19', '2', '1');
INSERT INTO `vtiger_profile2standardpermissions` VALUES('3', '19', '3', '1');
INSERT INTO `vtiger_profile2standardpermissions` VALUES('3', '19', '4', '1');
INSERT INTO `vtiger_profile2standardpermissions` VALUES('3', '20', '0', '1');
INSERT INTO `vtiger_profile2standardpermissions` VALUES('3', '20', '1', '1');
INSERT INTO `vtiger_profile2standardpermissions` VALUES('3', '20', '2', '1');
INSERT INTO `vtiger_profile2standardpermissions` VALUES('3', '20', '3', '1');
INSERT INTO `vtiger_profile2standardpermissions` VALUES('3', '20', '4', '1');
INSERT INTO `vtiger_profile2standardpermissions` VALUES('3', '21', '0', '1');
INSERT INTO `vtiger_profile2standardpermissions` VALUES('3', '21', '1', '1');
INSERT INTO `vtiger_profile2standardpermissions` VALUES('3', '21', '2', '1');
INSERT INTO `vtiger_profile2standardpermissions` VALUES('3', '21', '3', '1');
INSERT INTO `vtiger_profile2standardpermissions` VALUES('3', '21', '4', '1');
INSERT INTO `vtiger_profile2standardpermissions` VALUES('3', '22', '0', '1');
INSERT INTO `vtiger_profile2standardpermissions` VALUES('3', '22', '1', '1');
INSERT INTO `vtiger_profile2standardpermissions` VALUES('3', '22', '2', '1');
INSERT INTO `vtiger_profile2standardpermissions` VALUES('3', '22', '3', '1');
INSERT INTO `vtiger_profile2standardpermissions` VALUES('3', '22', '4', '1');
INSERT INTO `vtiger_profile2standardpermissions` VALUES('3', '23', '0', '1');
INSERT INTO `vtiger_profile2standardpermissions` VALUES('3', '23', '1', '1');
INSERT INTO `vtiger_profile2standardpermissions` VALUES('3', '23', '2', '1');
INSERT INTO `vtiger_profile2standardpermissions` VALUES('3', '23', '3', '1');
INSERT INTO `vtiger_profile2standardpermissions` VALUES('3', '23', '4', '1');
INSERT INTO `vtiger_profile2standardpermissions` VALUES('3', '26', '0', '1');
INSERT INTO `vtiger_profile2standardpermissions` VALUES('3', '26', '1', '1');
INSERT INTO `vtiger_profile2standardpermissions` VALUES('3', '26', '2', '1');
INSERT INTO `vtiger_profile2standardpermissions` VALUES('3', '26', '3', '1');
INSERT INTO `vtiger_profile2standardpermissions` VALUES('3', '26', '4', '1');
INSERT INTO `vtiger_profile2standardpermissions` VALUES('4', '2', '0', '1');
INSERT INTO `vtiger_profile2standardpermissions` VALUES('4', '2', '1', '1');
INSERT INTO `vtiger_profile2standardpermissions` VALUES('4', '2', '2', '1');
INSERT INTO `vtiger_profile2standardpermissions` VALUES('4', '2', '3', '1');
INSERT INTO `vtiger_profile2standardpermissions` VALUES('4', '2', '4', '1');
INSERT INTO `vtiger_profile2standardpermissions` VALUES('4', '4', '0', '1');
INSERT INTO `vtiger_profile2standardpermissions` VALUES('4', '4', '1', '1');
INSERT INTO `vtiger_profile2standardpermissions` VALUES('4', '4', '2', '1');
INSERT INTO `vtiger_profile2standardpermissions` VALUES('4', '4', '3', '1');
INSERT INTO `vtiger_profile2standardpermissions` VALUES('4', '4', '4', '1');
INSERT INTO `vtiger_profile2standardpermissions` VALUES('4', '6', '0', '1');
INSERT INTO `vtiger_profile2standardpermissions` VALUES('4', '6', '1', '1');
INSERT INTO `vtiger_profile2standardpermissions` VALUES('4', '6', '2', '1');
INSERT INTO `vtiger_profile2standardpermissions` VALUES('4', '6', '3', '1');
INSERT INTO `vtiger_profile2standardpermissions` VALUES('4', '6', '4', '1');
INSERT INTO `vtiger_profile2standardpermissions` VALUES('4', '7', '0', '1');
INSERT INTO `vtiger_profile2standardpermissions` VALUES('4', '7', '1', '1');
INSERT INTO `vtiger_profile2standardpermissions` VALUES('4', '7', '2', '1');
INSERT INTO `vtiger_profile2standardpermissions` VALUES('4', '7', '3', '1');
INSERT INTO `vtiger_profile2standardpermissions` VALUES('4', '7', '4', '1');
INSERT INTO `vtiger_profile2standardpermissions` VALUES('4', '8', '0', '1');
INSERT INTO `vtiger_profile2standardpermissions` VALUES('4', '8', '1', '1');
INSERT INTO `vtiger_profile2standardpermissions` VALUES('4', '8', '2', '1');
INSERT INTO `vtiger_profile2standardpermissions` VALUES('4', '8', '3', '1');
INSERT INTO `vtiger_profile2standardpermissions` VALUES('4', '8', '4', '1');
INSERT INTO `vtiger_profile2standardpermissions` VALUES('4', '9', '0', '1');
INSERT INTO `vtiger_profile2standardpermissions` VALUES('4', '9', '1', '1');
INSERT INTO `vtiger_profile2standardpermissions` VALUES('4', '9', '2', '1');
INSERT INTO `vtiger_profile2standardpermissions` VALUES('4', '9', '3', '1');
INSERT INTO `vtiger_profile2standardpermissions` VALUES('4', '9', '4', '1');
INSERT INTO `vtiger_profile2standardpermissions` VALUES('4', '13', '0', '1');
INSERT INTO `vtiger_profile2standardpermissions` VALUES('4', '13', '1', '1');
INSERT INTO `vtiger_profile2standardpermissions` VALUES('4', '13', '2', '1');
INSERT INTO `vtiger_profile2standardpermissions` VALUES('4', '13', '3', '1');
INSERT INTO `vtiger_profile2standardpermissions` VALUES('4', '13', '4', '1');
INSERT INTO `vtiger_profile2standardpermissions` VALUES('4', '14', '0', '1');
INSERT INTO `vtiger_profile2standardpermissions` VALUES('4', '14', '1', '1');
INSERT INTO `vtiger_profile2standardpermissions` VALUES('4', '14', '2', '1');
INSERT INTO `vtiger_profile2standardpermissions` VALUES('4', '14', '3', '1');
INSERT INTO `vtiger_profile2standardpermissions` VALUES('4', '14', '4', '1');
INSERT INTO `vtiger_profile2standardpermissions` VALUES('4', '15', '0', '1');
INSERT INTO `vtiger_profile2standardpermissions` VALUES('4', '15', '1', '1');
INSERT INTO `vtiger_profile2standardpermissions` VALUES('4', '15', '2', '1');
INSERT INTO `vtiger_profile2standardpermissions` VALUES('4', '15', '3', '1');
INSERT INTO `vtiger_profile2standardpermissions` VALUES('4', '15', '4', '1');
INSERT INTO `vtiger_profile2standardpermissions` VALUES('4', '16', '0', '1');
INSERT INTO `vtiger_profile2standardpermissions` VALUES('4', '16', '1', '1');
INSERT INTO `vtiger_profile2standardpermissions` VALUES('4', '16', '2', '1');
INSERT INTO `vtiger_profile2standardpermissions` VALUES('4', '16', '3', '1');
INSERT INTO `vtiger_profile2standardpermissions` VALUES('4', '16', '4', '1');
INSERT INTO `vtiger_profile2standardpermissions` VALUES('4', '18', '0', '1');
INSERT INTO `vtiger_profile2standardpermissions` VALUES('4', '18', '1', '1');
INSERT INTO `vtiger_profile2standardpermissions` VALUES('4', '18', '2', '1');
INSERT INTO `vtiger_profile2standardpermissions` VALUES('4', '18', '3', '1');
INSERT INTO `vtiger_profile2standardpermissions` VALUES('4', '18', '4', '1');
INSERT INTO `vtiger_profile2standardpermissions` VALUES('4', '19', '0', '1');
INSERT INTO `vtiger_profile2standardpermissions` VALUES('4', '19', '1', '1');
INSERT INTO `vtiger_profile2standardpermissions` VALUES('4', '19', '2', '1');
INSERT INTO `vtiger_profile2standardpermissions` VALUES('4', '19', '3', '1');
INSERT INTO `vtiger_profile2standardpermissions` VALUES('4', '19', '4', '1');
INSERT INTO `vtiger_profile2standardpermissions` VALUES('4', '20', '0', '1');
INSERT INTO `vtiger_profile2standardpermissions` VALUES('4', '20', '1', '1');
INSERT INTO `vtiger_profile2standardpermissions` VALUES('4', '20', '2', '1');
INSERT INTO `vtiger_profile2standardpermissions` VALUES('4', '20', '3', '1');
INSERT INTO `vtiger_profile2standardpermissions` VALUES('4', '20', '4', '1');
INSERT INTO `vtiger_profile2standardpermissions` VALUES('4', '21', '0', '1');
INSERT INTO `vtiger_profile2standardpermissions` VALUES('4', '21', '1', '1');
INSERT INTO `vtiger_profile2standardpermissions` VALUES('4', '21', '2', '1');
INSERT INTO `vtiger_profile2standardpermissions` VALUES('4', '21', '3', '1');
INSERT INTO `vtiger_profile2standardpermissions` VALUES('4', '21', '4', '1');
INSERT INTO `vtiger_profile2standardpermissions` VALUES('4', '22', '0', '1');
INSERT INTO `vtiger_profile2standardpermissions` VALUES('4', '22', '1', '1');
INSERT INTO `vtiger_profile2standardpermissions` VALUES('4', '22', '2', '1');
INSERT INTO `vtiger_profile2standardpermissions` VALUES('4', '22', '3', '1');
INSERT INTO `vtiger_profile2standardpermissions` VALUES('4', '22', '4', '1');
INSERT INTO `vtiger_profile2standardpermissions` VALUES('4', '23', '0', '1');
INSERT INTO `vtiger_profile2standardpermissions` VALUES('4', '23', '1', '1');
INSERT INTO `vtiger_profile2standardpermissions` VALUES('4', '23', '2', '1');
INSERT INTO `vtiger_profile2standardpermissions` VALUES('4', '23', '3', '1');
INSERT INTO `vtiger_profile2standardpermissions` VALUES('4', '23', '4', '1');
INSERT INTO `vtiger_profile2standardpermissions` VALUES('4', '26', '0', '1');
INSERT INTO `vtiger_profile2standardpermissions` VALUES('4', '26', '1', '1');
INSERT INTO `vtiger_profile2standardpermissions` VALUES('4', '26', '2', '1');
INSERT INTO `vtiger_profile2standardpermissions` VALUES('4', '26', '3', '1');
INSERT INTO `vtiger_profile2standardpermissions` VALUES('4', '26', '4', '1');
INSERT INTO `vtiger_profile2standardpermissions` VALUES('5', '2', '0', '1');
INSERT INTO `vtiger_profile2standardpermissions` VALUES('5', '2', '1', '1');
INSERT INTO `vtiger_profile2standardpermissions` VALUES('5', '2', '2', '1');
INSERT INTO `vtiger_profile2standardpermissions` VALUES('5', '2', '3', '1');
INSERT INTO `vtiger_profile2standardpermissions` VALUES('5', '2', '4', '1');
INSERT INTO `vtiger_profile2standardpermissions` VALUES('5', '4', '0', '0');
INSERT INTO `vtiger_profile2standardpermissions` VALUES('5', '4', '1', '0');
INSERT INTO `vtiger_profile2standardpermissions` VALUES('5', '4', '2', '0');
INSERT INTO `vtiger_profile2standardpermissions` VALUES('5', '4', '3', '0');
INSERT INTO `vtiger_profile2standardpermissions` VALUES('5', '4', '4', '0');
INSERT INTO `vtiger_profile2standardpermissions` VALUES('5', '6', '0', '0');
INSERT INTO `vtiger_profile2standardpermissions` VALUES('5', '6', '1', '0');
INSERT INTO `vtiger_profile2standardpermissions` VALUES('5', '6', '2', '0');
INSERT INTO `vtiger_profile2standardpermissions` VALUES('5', '6', '3', '0');
INSERT INTO `vtiger_profile2standardpermissions` VALUES('5', '6', '4', '0');
INSERT INTO `vtiger_profile2standardpermissions` VALUES('5', '7', '0', '1');
INSERT INTO `vtiger_profile2standardpermissions` VALUES('5', '7', '1', '1');
INSERT INTO `vtiger_profile2standardpermissions` VALUES('5', '7', '2', '1');
INSERT INTO `vtiger_profile2standardpermissions` VALUES('5', '7', '3', '1');
INSERT INTO `vtiger_profile2standardpermissions` VALUES('5', '7', '4', '1');
INSERT INTO `vtiger_profile2standardpermissions` VALUES('5', '8', '0', '1');
INSERT INTO `vtiger_profile2standardpermissions` VALUES('5', '8', '1', '1');
INSERT INTO `vtiger_profile2standardpermissions` VALUES('5', '8', '2', '1');
INSERT INTO `vtiger_profile2standardpermissions` VALUES('5', '8', '3', '1');
INSERT INTO `vtiger_profile2standardpermissions` VALUES('5', '8', '4', '1');
INSERT INTO `vtiger_profile2standardpermissions` VALUES('5', '9', '0', '0');
INSERT INTO `vtiger_profile2standardpermissions` VALUES('5', '9', '1', '0');
INSERT INTO `vtiger_profile2standardpermissions` VALUES('5', '9', '2', '0');
INSERT INTO `vtiger_profile2standardpermissions` VALUES('5', '9', '3', '0');
INSERT INTO `vtiger_profile2standardpermissions` VALUES('5', '9', '4', '0');
INSERT INTO `vtiger_profile2standardpermissions` VALUES('5', '13', '0', '1');
INSERT INTO `vtiger_profile2standardpermissions` VALUES('5', '13', '1', '1');
INSERT INTO `vtiger_profile2standardpermissions` VALUES('5', '13', '2', '1');
INSERT INTO `vtiger_profile2standardpermissions` VALUES('5', '13', '3', '1');
INSERT INTO `vtiger_profile2standardpermissions` VALUES('5', '13', '4', '1');
INSERT INTO `vtiger_profile2standardpermissions` VALUES('5', '14', '0', '1');
INSERT INTO `vtiger_profile2standardpermissions` VALUES('5', '14', '1', '1');
INSERT INTO `vtiger_profile2standardpermissions` VALUES('5', '14', '2', '1');
INSERT INTO `vtiger_profile2standardpermissions` VALUES('5', '14', '3', '1');
INSERT INTO `vtiger_profile2standardpermissions` VALUES('5', '14', '4', '1');
INSERT INTO `vtiger_profile2standardpermissions` VALUES('5', '15', '0', '1');
INSERT INTO `vtiger_profile2standardpermissions` VALUES('5', '15', '1', '1');
INSERT INTO `vtiger_profile2standardpermissions` VALUES('5', '15', '2', '1');
INSERT INTO `vtiger_profile2standardpermissions` VALUES('5', '15', '3', '1');
INSERT INTO `vtiger_profile2standardpermissions` VALUES('5', '15', '4', '1');
INSERT INTO `vtiger_profile2standardpermissions` VALUES('5', '16', '0', '0');
INSERT INTO `vtiger_profile2standardpermissions` VALUES('5', '16', '1', '0');
INSERT INTO `vtiger_profile2standardpermissions` VALUES('5', '16', '2', '0');
INSERT INTO `vtiger_profile2standardpermissions` VALUES('5', '16', '3', '0');
INSERT INTO `vtiger_profile2standardpermissions` VALUES('5', '16', '4', '0');
INSERT INTO `vtiger_profile2standardpermissions` VALUES('5', '18', '0', '1');
INSERT INTO `vtiger_profile2standardpermissions` VALUES('5', '18', '1', '1');
INSERT INTO `vtiger_profile2standardpermissions` VALUES('5', '18', '2', '1');
INSERT INTO `vtiger_profile2standardpermissions` VALUES('5', '18', '3', '1');
INSERT INTO `vtiger_profile2standardpermissions` VALUES('5', '18', '4', '1');
INSERT INTO `vtiger_profile2standardpermissions` VALUES('5', '19', '0', '1');
INSERT INTO `vtiger_profile2standardpermissions` VALUES('5', '19', '1', '1');
INSERT INTO `vtiger_profile2standardpermissions` VALUES('5', '19', '2', '1');
INSERT INTO `vtiger_profile2standardpermissions` VALUES('5', '19', '3', '1');
INSERT INTO `vtiger_profile2standardpermissions` VALUES('5', '19', '4', '1');
INSERT INTO `vtiger_profile2standardpermissions` VALUES('5', '20', '0', '1');
INSERT INTO `vtiger_profile2standardpermissions` VALUES('5', '20', '1', '1');
INSERT INTO `vtiger_profile2standardpermissions` VALUES('5', '20', '2', '1');
INSERT INTO `vtiger_profile2standardpermissions` VALUES('5', '20', '3', '1');
INSERT INTO `vtiger_profile2standardpermissions` VALUES('5', '20', '4', '1');
INSERT INTO `vtiger_profile2standardpermissions` VALUES('5', '21', '0', '1');
INSERT INTO `vtiger_profile2standardpermissions` VALUES('5', '21', '1', '1');
INSERT INTO `vtiger_profile2standardpermissions` VALUES('5', '21', '2', '1');
INSERT INTO `vtiger_profile2standardpermissions` VALUES('5', '21', '3', '1');
INSERT INTO `vtiger_profile2standardpermissions` VALUES('5', '21', '4', '1');
INSERT INTO `vtiger_profile2standardpermissions` VALUES('5', '22', '0', '1');
INSERT INTO `vtiger_profile2standardpermissions` VALUES('5', '22', '1', '1');
INSERT INTO `vtiger_profile2standardpermissions` VALUES('5', '22', '2', '1');
INSERT INTO `vtiger_profile2standardpermissions` VALUES('5', '22', '3', '1');
INSERT INTO `vtiger_profile2standardpermissions` VALUES('5', '22', '4', '1');
INSERT INTO `vtiger_profile2standardpermissions` VALUES('5', '23', '0', '1');
INSERT INTO `vtiger_profile2standardpermissions` VALUES('5', '23', '1', '1');
INSERT INTO `vtiger_profile2standardpermissions` VALUES('5', '23', '2', '1');
INSERT INTO `vtiger_profile2standardpermissions` VALUES('5', '23', '3', '1');
INSERT INTO `vtiger_profile2standardpermissions` VALUES('5', '23', '4', '1');
INSERT INTO `vtiger_profile2standardpermissions` VALUES('5', '26', '0', '0');
INSERT INTO `vtiger_profile2standardpermissions` VALUES('5', '26', '1', '0');
INSERT INTO `vtiger_profile2standardpermissions` VALUES('5', '26', '2', '0');
INSERT INTO `vtiger_profile2standardpermissions` VALUES('5', '26', '3', '0');
INSERT INTO `vtiger_profile2standardpermissions` VALUES('5', '26', '4', '0');
INSERT INTO `vtiger_profile2standardpermissions` VALUES('6', '2', '0', '1');
INSERT INTO `vtiger_profile2standardpermissions` VALUES('6', '2', '1', '1');
INSERT INTO `vtiger_profile2standardpermissions` VALUES('6', '2', '2', '1');
INSERT INTO `vtiger_profile2standardpermissions` VALUES('6', '2', '3', '1');
INSERT INTO `vtiger_profile2standardpermissions` VALUES('6', '2', '4', '1');
INSERT INTO `vtiger_profile2standardpermissions` VALUES('6', '4', '0', '0');
INSERT INTO `vtiger_profile2standardpermissions` VALUES('6', '4', '1', '0');
INSERT INTO `vtiger_profile2standardpermissions` VALUES('6', '4', '2', '0');
INSERT INTO `vtiger_profile2standardpermissions` VALUES('6', '4', '3', '0');
INSERT INTO `vtiger_profile2standardpermissions` VALUES('6', '4', '4', '0');
INSERT INTO `vtiger_profile2standardpermissions` VALUES('6', '6', '0', '0');
INSERT INTO `vtiger_profile2standardpermissions` VALUES('6', '6', '1', '0');
INSERT INTO `vtiger_profile2standardpermissions` VALUES('6', '6', '2', '0');
INSERT INTO `vtiger_profile2standardpermissions` VALUES('6', '6', '3', '0');
INSERT INTO `vtiger_profile2standardpermissions` VALUES('6', '6', '4', '0');
INSERT INTO `vtiger_profile2standardpermissions` VALUES('6', '7', '0', '1');
INSERT INTO `vtiger_profile2standardpermissions` VALUES('6', '7', '1', '1');
INSERT INTO `vtiger_profile2standardpermissions` VALUES('6', '7', '2', '1');
INSERT INTO `vtiger_profile2standardpermissions` VALUES('6', '7', '3', '1');
INSERT INTO `vtiger_profile2standardpermissions` VALUES('6', '7', '4', '1');
INSERT INTO `vtiger_profile2standardpermissions` VALUES('6', '8', '0', '1');
INSERT INTO `vtiger_profile2standardpermissions` VALUES('6', '8', '1', '1');
INSERT INTO `vtiger_profile2standardpermissions` VALUES('6', '8', '2', '1');
INSERT INTO `vtiger_profile2standardpermissions` VALUES('6', '8', '3', '1');
INSERT INTO `vtiger_profile2standardpermissions` VALUES('6', '8', '4', '1');
INSERT INTO `vtiger_profile2standardpermissions` VALUES('6', '9', '0', '0');
INSERT INTO `vtiger_profile2standardpermissions` VALUES('6', '9', '1', '0');
INSERT INTO `vtiger_profile2standardpermissions` VALUES('6', '9', '2', '0');
INSERT INTO `vtiger_profile2standardpermissions` VALUES('6', '9', '3', '0');
INSERT INTO `vtiger_profile2standardpermissions` VALUES('6', '9', '4', '0');
INSERT INTO `vtiger_profile2standardpermissions` VALUES('6', '13', '0', '1');
INSERT INTO `vtiger_profile2standardpermissions` VALUES('6', '13', '1', '1');
INSERT INTO `vtiger_profile2standardpermissions` VALUES('6', '13', '2', '1');
INSERT INTO `vtiger_profile2standardpermissions` VALUES('6', '13', '3', '1');
INSERT INTO `vtiger_profile2standardpermissions` VALUES('6', '13', '4', '1');
INSERT INTO `vtiger_profile2standardpermissions` VALUES('6', '14', '0', '1');
INSERT INTO `vtiger_profile2standardpermissions` VALUES('6', '14', '1', '1');
INSERT INTO `vtiger_profile2standardpermissions` VALUES('6', '14', '2', '1');
INSERT INTO `vtiger_profile2standardpermissions` VALUES('6', '14', '3', '1');
INSERT INTO `vtiger_profile2standardpermissions` VALUES('6', '14', '4', '1');
INSERT INTO `vtiger_profile2standardpermissions` VALUES('6', '15', '0', '1');
INSERT INTO `vtiger_profile2standardpermissions` VALUES('6', '15', '1', '1');
INSERT INTO `vtiger_profile2standardpermissions` VALUES('6', '15', '2', '1');
INSERT INTO `vtiger_profile2standardpermissions` VALUES('6', '15', '3', '1');
INSERT INTO `vtiger_profile2standardpermissions` VALUES('6', '15', '4', '1');
INSERT INTO `vtiger_profile2standardpermissions` VALUES('6', '16', '0', '0');
INSERT INTO `vtiger_profile2standardpermissions` VALUES('6', '16', '1', '0');
INSERT INTO `vtiger_profile2standardpermissions` VALUES('6', '16', '2', '0');
INSERT INTO `vtiger_profile2standardpermissions` VALUES('6', '16', '3', '0');
INSERT INTO `vtiger_profile2standardpermissions` VALUES('6', '16', '4', '0');
INSERT INTO `vtiger_profile2standardpermissions` VALUES('6', '18', '0', '1');
INSERT INTO `vtiger_profile2standardpermissions` VALUES('6', '18', '1', '1');
INSERT INTO `vtiger_profile2standardpermissions` VALUES('6', '18', '2', '1');
INSERT INTO `vtiger_profile2standardpermissions` VALUES('6', '18', '3', '1');
INSERT INTO `vtiger_profile2standardpermissions` VALUES('6', '18', '4', '1');
INSERT INTO `vtiger_profile2standardpermissions` VALUES('6', '19', '0', '1');
INSERT INTO `vtiger_profile2standardpermissions` VALUES('6', '19', '1', '1');
INSERT INTO `vtiger_profile2standardpermissions` VALUES('6', '19', '2', '1');
INSERT INTO `vtiger_profile2standardpermissions` VALUES('6', '19', '3', '1');
INSERT INTO `vtiger_profile2standardpermissions` VALUES('6', '19', '4', '1');
INSERT INTO `vtiger_profile2standardpermissions` VALUES('6', '20', '0', '1');
INSERT INTO `vtiger_profile2standardpermissions` VALUES('6', '20', '1', '1');
INSERT INTO `vtiger_profile2standardpermissions` VALUES('6', '20', '2', '1');
INSERT INTO `vtiger_profile2standardpermissions` VALUES('6', '20', '3', '1');
INSERT INTO `vtiger_profile2standardpermissions` VALUES('6', '20', '4', '1');
INSERT INTO `vtiger_profile2standardpermissions` VALUES('6', '21', '0', '1');
INSERT INTO `vtiger_profile2standardpermissions` VALUES('6', '21', '1', '1');
INSERT INTO `vtiger_profile2standardpermissions` VALUES('6', '21', '2', '1');
INSERT INTO `vtiger_profile2standardpermissions` VALUES('6', '21', '3', '1');
INSERT INTO `vtiger_profile2standardpermissions` VALUES('6', '21', '4', '1');
INSERT INTO `vtiger_profile2standardpermissions` VALUES('6', '22', '0', '1');
INSERT INTO `vtiger_profile2standardpermissions` VALUES('6', '22', '1', '1');
INSERT INTO `vtiger_profile2standardpermissions` VALUES('6', '22', '2', '1');
INSERT INTO `vtiger_profile2standardpermissions` VALUES('6', '22', '3', '1');
INSERT INTO `vtiger_profile2standardpermissions` VALUES('6', '22', '4', '1');
INSERT INTO `vtiger_profile2standardpermissions` VALUES('6', '23', '0', '1');
INSERT INTO `vtiger_profile2standardpermissions` VALUES('6', '23', '1', '1');
INSERT INTO `vtiger_profile2standardpermissions` VALUES('6', '23', '2', '1');
INSERT INTO `vtiger_profile2standardpermissions` VALUES('6', '23', '3', '1');
INSERT INTO `vtiger_profile2standardpermissions` VALUES('6', '23', '4', '1');
INSERT INTO `vtiger_profile2standardpermissions` VALUES('6', '26', '0', '1');
INSERT INTO `vtiger_profile2standardpermissions` VALUES('6', '26', '1', '1');
INSERT INTO `vtiger_profile2standardpermissions` VALUES('6', '26', '2', '1');
INSERT INTO `vtiger_profile2standardpermissions` VALUES('6', '26', '3', '1');
INSERT INTO `vtiger_profile2standardpermissions` VALUES('6', '26', '4', '1');
INSERT INTO `vtiger_profile2standardpermissions` VALUES('7', '2', '0', '1');
INSERT INTO `vtiger_profile2standardpermissions` VALUES('7', '2', '1', '1');
INSERT INTO `vtiger_profile2standardpermissions` VALUES('7', '2', '2', '1');
INSERT INTO `vtiger_profile2standardpermissions` VALUES('7', '2', '3', '1');
INSERT INTO `vtiger_profile2standardpermissions` VALUES('7', '2', '4', '1');
INSERT INTO `vtiger_profile2standardpermissions` VALUES('7', '4', '0', '0');
INSERT INTO `vtiger_profile2standardpermissions` VALUES('7', '4', '1', '0');
INSERT INTO `vtiger_profile2standardpermissions` VALUES('7', '4', '2', '0');
INSERT INTO `vtiger_profile2standardpermissions` VALUES('7', '4', '3', '0');
INSERT INTO `vtiger_profile2standardpermissions` VALUES('7', '4', '4', '0');
INSERT INTO `vtiger_profile2standardpermissions` VALUES('7', '6', '0', '0');
INSERT INTO `vtiger_profile2standardpermissions` VALUES('7', '6', '1', '0');
INSERT INTO `vtiger_profile2standardpermissions` VALUES('7', '6', '2', '0');
INSERT INTO `vtiger_profile2standardpermissions` VALUES('7', '6', '3', '0');
INSERT INTO `vtiger_profile2standardpermissions` VALUES('7', '6', '4', '0');
INSERT INTO `vtiger_profile2standardpermissions` VALUES('7', '7', '0', '1');
INSERT INTO `vtiger_profile2standardpermissions` VALUES('7', '7', '1', '1');
INSERT INTO `vtiger_profile2standardpermissions` VALUES('7', '7', '2', '1');
INSERT INTO `vtiger_profile2standardpermissions` VALUES('7', '7', '3', '1');
INSERT INTO `vtiger_profile2standardpermissions` VALUES('7', '7', '4', '1');
INSERT INTO `vtiger_profile2standardpermissions` VALUES('7', '8', '0', '1');
INSERT INTO `vtiger_profile2standardpermissions` VALUES('7', '8', '1', '1');
INSERT INTO `vtiger_profile2standardpermissions` VALUES('7', '8', '2', '1');
INSERT INTO `vtiger_profile2standardpermissions` VALUES('7', '8', '3', '1');
INSERT INTO `vtiger_profile2standardpermissions` VALUES('7', '8', '4', '1');
INSERT INTO `vtiger_profile2standardpermissions` VALUES('7', '9', '0', '0');
INSERT INTO `vtiger_profile2standardpermissions` VALUES('7', '9', '1', '0');
INSERT INTO `vtiger_profile2standardpermissions` VALUES('7', '9', '2', '0');
INSERT INTO `vtiger_profile2standardpermissions` VALUES('7', '9', '3', '0');
INSERT INTO `vtiger_profile2standardpermissions` VALUES('7', '9', '4', '0');
INSERT INTO `vtiger_profile2standardpermissions` VALUES('7', '13', '0', '1');
INSERT INTO `vtiger_profile2standardpermissions` VALUES('7', '13', '1', '1');
INSERT INTO `vtiger_profile2standardpermissions` VALUES('7', '13', '2', '1');
INSERT INTO `vtiger_profile2standardpermissions` VALUES('7', '13', '3', '1');
INSERT INTO `vtiger_profile2standardpermissions` VALUES('7', '13', '4', '1');
INSERT INTO `vtiger_profile2standardpermissions` VALUES('7', '14', '0', '1');
INSERT INTO `vtiger_profile2standardpermissions` VALUES('7', '14', '1', '1');
INSERT INTO `vtiger_profile2standardpermissions` VALUES('7', '14', '2', '1');
INSERT INTO `vtiger_profile2standardpermissions` VALUES('7', '14', '3', '1');
INSERT INTO `vtiger_profile2standardpermissions` VALUES('7', '14', '4', '1');
INSERT INTO `vtiger_profile2standardpermissions` VALUES('7', '15', '0', '1');
INSERT INTO `vtiger_profile2standardpermissions` VALUES('7', '15', '1', '1');
INSERT INTO `vtiger_profile2standardpermissions` VALUES('7', '15', '2', '1');
INSERT INTO `vtiger_profile2standardpermissions` VALUES('7', '15', '3', '1');
INSERT INTO `vtiger_profile2standardpermissions` VALUES('7', '15', '4', '1');
INSERT INTO `vtiger_profile2standardpermissions` VALUES('7', '16', '0', '0');
INSERT INTO `vtiger_profile2standardpermissions` VALUES('7', '16', '1', '0');
INSERT INTO `vtiger_profile2standardpermissions` VALUES('7', '16', '2', '0');
INSERT INTO `vtiger_profile2standardpermissions` VALUES('7', '16', '3', '0');
INSERT INTO `vtiger_profile2standardpermissions` VALUES('7', '16', '4', '0');
INSERT INTO `vtiger_profile2standardpermissions` VALUES('7', '18', '0', '1');
INSERT INTO `vtiger_profile2standardpermissions` VALUES('7', '18', '1', '1');
INSERT INTO `vtiger_profile2standardpermissions` VALUES('7', '18', '2', '1');
INSERT INTO `vtiger_profile2standardpermissions` VALUES('7', '18', '3', '1');
INSERT INTO `vtiger_profile2standardpermissions` VALUES('7', '18', '4', '1');
INSERT INTO `vtiger_profile2standardpermissions` VALUES('7', '19', '0', '1');
INSERT INTO `vtiger_profile2standardpermissions` VALUES('7', '19', '1', '1');
INSERT INTO `vtiger_profile2standardpermissions` VALUES('7', '19', '2', '1');
INSERT INTO `vtiger_profile2standardpermissions` VALUES('7', '19', '3', '1');
INSERT INTO `vtiger_profile2standardpermissions` VALUES('7', '19', '4', '1');
INSERT INTO `vtiger_profile2standardpermissions` VALUES('7', '20', '0', '1');
INSERT INTO `vtiger_profile2standardpermissions` VALUES('7', '20', '1', '1');
INSERT INTO `vtiger_profile2standardpermissions` VALUES('7', '20', '2', '1');
INSERT INTO `vtiger_profile2standardpermissions` VALUES('7', '20', '3', '1');
INSERT INTO `vtiger_profile2standardpermissions` VALUES('7', '20', '4', '1');
INSERT INTO `vtiger_profile2standardpermissions` VALUES('7', '21', '0', '1');
INSERT INTO `vtiger_profile2standardpermissions` VALUES('7', '21', '1', '1');
INSERT INTO `vtiger_profile2standardpermissions` VALUES('7', '21', '2', '1');
INSERT INTO `vtiger_profile2standardpermissions` VALUES('7', '21', '3', '1');
INSERT INTO `vtiger_profile2standardpermissions` VALUES('7', '21', '4', '1');
INSERT INTO `vtiger_profile2standardpermissions` VALUES('7', '22', '0', '1');
INSERT INTO `vtiger_profile2standardpermissions` VALUES('7', '22', '1', '1');
INSERT INTO `vtiger_profile2standardpermissions` VALUES('7', '22', '2', '1');
INSERT INTO `vtiger_profile2standardpermissions` VALUES('7', '22', '3', '1');
INSERT INTO `vtiger_profile2standardpermissions` VALUES('7', '22', '4', '1');
INSERT INTO `vtiger_profile2standardpermissions` VALUES('7', '23', '0', '1');
INSERT INTO `vtiger_profile2standardpermissions` VALUES('7', '23', '1', '1');
INSERT INTO `vtiger_profile2standardpermissions` VALUES('7', '23', '2', '1');
INSERT INTO `vtiger_profile2standardpermissions` VALUES('7', '23', '3', '1');
INSERT INTO `vtiger_profile2standardpermissions` VALUES('7', '23', '4', '1');
INSERT INTO `vtiger_profile2standardpermissions` VALUES('7', '26', '0', '0');
INSERT INTO `vtiger_profile2standardpermissions` VALUES('7', '26', '1', '0');
INSERT INTO `vtiger_profile2standardpermissions` VALUES('7', '26', '2', '0');
INSERT INTO `vtiger_profile2standardpermissions` VALUES('7', '26', '3', '0');
INSERT INTO `vtiger_profile2standardpermissions` VALUES('7', '26', '4', '0');
INSERT INTO `vtiger_profile2standardpermissions` VALUES('8', '2', '0', '1');
INSERT INTO `vtiger_profile2standardpermissions` VALUES('8', '2', '1', '1');
INSERT INTO `vtiger_profile2standardpermissions` VALUES('8', '2', '2', '1');
INSERT INTO `vtiger_profile2standardpermissions` VALUES('8', '2', '3', '1');
INSERT INTO `vtiger_profile2standardpermissions` VALUES('8', '2', '4', '1');
INSERT INTO `vtiger_profile2standardpermissions` VALUES('8', '4', '0', '1');
INSERT INTO `vtiger_profile2standardpermissions` VALUES('8', '4', '1', '1');
INSERT INTO `vtiger_profile2standardpermissions` VALUES('8', '4', '2', '1');
INSERT INTO `vtiger_profile2standardpermissions` VALUES('8', '4', '3', '0');
INSERT INTO `vtiger_profile2standardpermissions` VALUES('8', '4', '4', '0');
INSERT INTO `vtiger_profile2standardpermissions` VALUES('8', '6', '0', '1');
INSERT INTO `vtiger_profile2standardpermissions` VALUES('8', '6', '1', '1');
INSERT INTO `vtiger_profile2standardpermissions` VALUES('8', '6', '2', '1');
INSERT INTO `vtiger_profile2standardpermissions` VALUES('8', '6', '3', '0');
INSERT INTO `vtiger_profile2standardpermissions` VALUES('8', '6', '4', '0');
INSERT INTO `vtiger_profile2standardpermissions` VALUES('8', '7', '0', '1');
INSERT INTO `vtiger_profile2standardpermissions` VALUES('8', '7', '1', '1');
INSERT INTO `vtiger_profile2standardpermissions` VALUES('8', '7', '2', '1');
INSERT INTO `vtiger_profile2standardpermissions` VALUES('8', '7', '3', '1');
INSERT INTO `vtiger_profile2standardpermissions` VALUES('8', '7', '4', '1');
INSERT INTO `vtiger_profile2standardpermissions` VALUES('8', '8', '0', '1');
INSERT INTO `vtiger_profile2standardpermissions` VALUES('8', '8', '1', '1');
INSERT INTO `vtiger_profile2standardpermissions` VALUES('8', '8', '2', '1');
INSERT INTO `vtiger_profile2standardpermissions` VALUES('8', '8', '3', '0');
INSERT INTO `vtiger_profile2standardpermissions` VALUES('8', '8', '4', '0');
INSERT INTO `vtiger_profile2standardpermissions` VALUES('8', '9', '0', '1');
INSERT INTO `vtiger_profile2standardpermissions` VALUES('8', '9', '1', '1');
INSERT INTO `vtiger_profile2standardpermissions` VALUES('8', '9', '2', '1');
INSERT INTO `vtiger_profile2standardpermissions` VALUES('8', '9', '3', '1');
INSERT INTO `vtiger_profile2standardpermissions` VALUES('8', '9', '4', '1');
INSERT INTO `vtiger_profile2standardpermissions` VALUES('8', '13', '0', '1');
INSERT INTO `vtiger_profile2standardpermissions` VALUES('8', '13', '1', '1');
INSERT INTO `vtiger_profile2standardpermissions` VALUES('8', '13', '2', '1');
INSERT INTO `vtiger_profile2standardpermissions` VALUES('8', '13', '3', '1');
INSERT INTO `vtiger_profile2standardpermissions` VALUES('8', '13', '4', '1');
INSERT INTO `vtiger_profile2standardpermissions` VALUES('8', '14', '0', '1');
INSERT INTO `vtiger_profile2standardpermissions` VALUES('8', '14', '1', '1');
INSERT INTO `vtiger_profile2standardpermissions` VALUES('8', '14', '2', '1');
INSERT INTO `vtiger_profile2standardpermissions` VALUES('8', '14', '3', '0');
INSERT INTO `vtiger_profile2standardpermissions` VALUES('8', '14', '4', '0');
INSERT INTO `vtiger_profile2standardpermissions` VALUES('8', '15', '0', '1');
INSERT INTO `vtiger_profile2standardpermissions` VALUES('8', '15', '1', '1');
INSERT INTO `vtiger_profile2standardpermissions` VALUES('8', '15', '2', '1');
INSERT INTO `vtiger_profile2standardpermissions` VALUES('8', '15', '3', '1');
INSERT INTO `vtiger_profile2standardpermissions` VALUES('8', '15', '4', '1');
INSERT INTO `vtiger_profile2standardpermissions` VALUES('8', '16', '0', '1');
INSERT INTO `vtiger_profile2standardpermissions` VALUES('8', '16', '1', '1');
INSERT INTO `vtiger_profile2standardpermissions` VALUES('8', '16', '2', '1');
INSERT INTO `vtiger_profile2standardpermissions` VALUES('8', '16', '3', '1');
INSERT INTO `vtiger_profile2standardpermissions` VALUES('8', '16', '4', '1');
INSERT INTO `vtiger_profile2standardpermissions` VALUES('8', '18', '0', '1');
INSERT INTO `vtiger_profile2standardpermissions` VALUES('8', '18', '1', '1');
INSERT INTO `vtiger_profile2standardpermissions` VALUES('8', '18', '2', '1');
INSERT INTO `vtiger_profile2standardpermissions` VALUES('8', '18', '3', '1');
INSERT INTO `vtiger_profile2standardpermissions` VALUES('8', '18', '4', '1');
INSERT INTO `vtiger_profile2standardpermissions` VALUES('8', '19', '0', '1');
INSERT INTO `vtiger_profile2standardpermissions` VALUES('8', '19', '1', '1');
INSERT INTO `vtiger_profile2standardpermissions` VALUES('8', '19', '2', '1');
INSERT INTO `vtiger_profile2standardpermissions` VALUES('8', '19', '3', '1');
INSERT INTO `vtiger_profile2standardpermissions` VALUES('8', '19', '4', '1');
INSERT INTO `vtiger_profile2standardpermissions` VALUES('8', '20', '0', '1');
INSERT INTO `vtiger_profile2standardpermissions` VALUES('8', '20', '1', '1');
INSERT INTO `vtiger_profile2standardpermissions` VALUES('8', '20', '2', '1');
INSERT INTO `vtiger_profile2standardpermissions` VALUES('8', '20', '3', '0');
INSERT INTO `vtiger_profile2standardpermissions` VALUES('8', '20', '4', '0');
INSERT INTO `vtiger_profile2standardpermissions` VALUES('8', '21', '0', '1');
INSERT INTO `vtiger_profile2standardpermissions` VALUES('8', '21', '1', '1');
INSERT INTO `vtiger_profile2standardpermissions` VALUES('8', '21', '2', '1');
INSERT INTO `vtiger_profile2standardpermissions` VALUES('8', '21', '3', '1');
INSERT INTO `vtiger_profile2standardpermissions` VALUES('8', '21', '4', '1');
INSERT INTO `vtiger_profile2standardpermissions` VALUES('8', '22', '0', '1');
INSERT INTO `vtiger_profile2standardpermissions` VALUES('8', '22', '1', '1');
INSERT INTO `vtiger_profile2standardpermissions` VALUES('8', '22', '2', '1');
INSERT INTO `vtiger_profile2standardpermissions` VALUES('8', '22', '3', '0');
INSERT INTO `vtiger_profile2standardpermissions` VALUES('8', '22', '4', '0');
INSERT INTO `vtiger_profile2standardpermissions` VALUES('8', '23', '0', '1');
INSERT INTO `vtiger_profile2standardpermissions` VALUES('8', '23', '1', '1');
INSERT INTO `vtiger_profile2standardpermissions` VALUES('8', '23', '2', '1');
INSERT INTO `vtiger_profile2standardpermissions` VALUES('8', '23', '3', '1');
INSERT INTO `vtiger_profile2standardpermissions` VALUES('8', '23', '4', '1');
INSERT INTO `vtiger_profile2standardpermissions` VALUES('8', '26', '0', '1');
INSERT INTO `vtiger_profile2standardpermissions` VALUES('8', '26', '1', '1');
INSERT INTO `vtiger_profile2standardpermissions` VALUES('8', '26', '2', '1');
INSERT INTO `vtiger_profile2standardpermissions` VALUES('8', '26', '3', '0');
INSERT INTO `vtiger_profile2standardpermissions` VALUES('8', '26', '4', '0');

--
-- Table structure for table `vtiger_profile2tab` 
--

CREATE TABLE `vtiger_profile2tab` (
  `profileid` int(11) default NULL,
  `tabid` int(10) default NULL,
  `permissions` int(10) NOT NULL default '0',
  KEY `profile2tab_profileid_tabid_idx` (`profileid`,`tabid`)
) ENGINE=InnoDB DEFAULT CHARSET=latin1;

--
-- Dumping data for table `vtiger_profile2tab` 
--

INSERT INTO `vtiger_profile2tab` VALUES('1', '1', '0');
INSERT INTO `vtiger_profile2tab` VALUES('1', '2', '0');
INSERT INTO `vtiger_profile2tab` VALUES('1', '3', '0');
INSERT INTO `vtiger_profile2tab` VALUES('1', '4', '0');
INSERT INTO `vtiger_profile2tab` VALUES('1', '6', '0');
INSERT INTO `vtiger_profile2tab` VALUES('1', '7', '0');
INSERT INTO `vtiger_profile2tab` VALUES('1', '8', '0');
INSERT INTO `vtiger_profile2tab` VALUES('1', '9', '0');
INSERT INTO `vtiger_profile2tab` VALUES('1', '10', '0');
INSERT INTO `vtiger_profile2tab` VALUES('1', '13', '0');
INSERT INTO `vtiger_profile2tab` VALUES('1', '14', '0');
INSERT INTO `vtiger_profile2tab` VALUES('1', '15', '0');
INSERT INTO `vtiger_profile2tab` VALUES('1', '16', '0');
INSERT INTO `vtiger_profile2tab` VALUES('1', '18', '0');
INSERT INTO `vtiger_profile2tab` VALUES('1', '19', '0');
INSERT INTO `vtiger_profile2tab` VALUES('1', '20', '0');
INSERT INTO `vtiger_profile2tab` VALUES('1', '21', '0');
INSERT INTO `vtiger_profile2tab` VALUES('1', '22', '0');
INSERT INTO `vtiger_profile2tab` VALUES('1', '23', '0');
INSERT INTO `vtiger_profile2tab` VALUES('1', '24', '0');
INSERT INTO `vtiger_profile2tab` VALUES('1', '25', '0');
INSERT INTO `vtiger_profile2tab` VALUES('1', '26', '0');
INSERT INTO `vtiger_profile2tab` VALUES('1', '27', '0');
INSERT INTO `vtiger_profile2tab` VALUES('2', '1', '0');
INSERT INTO `vtiger_profile2tab` VALUES('2', '2', '1');
INSERT INTO `vtiger_profile2tab` VALUES('2', '3', '0');
INSERT INTO `vtiger_profile2tab` VALUES('2', '4', '0');
INSERT INTO `vtiger_profile2tab` VALUES('2', '6', '0');
INSERT INTO `vtiger_profile2tab` VALUES('2', '7', '1');
INSERT INTO `vtiger_profile2tab` VALUES('2', '8', '0');
INSERT INTO `vtiger_profile2tab` VALUES('2', '9', '0');
INSERT INTO `vtiger_profile2tab` VALUES('2', '10', '0');
INSERT INTO `vtiger_profile2tab` VALUES('2', '13', '1');
INSERT INTO `vtiger_profile2tab` VALUES('2', '14', '0');
INSERT INTO `vtiger_profile2tab` VALUES('2', '15', '1');
INSERT INTO `vtiger_profile2tab` VALUES('2', '16', '0');
INSERT INTO `vtiger_profile2tab` VALUES('2', '18', '1');
INSERT INTO `vtiger_profile2tab` VALUES('2', '19', '1');
INSERT INTO `vtiger_profile2tab` VALUES('2', '20', '0');
INSERT INTO `vtiger_profile2tab` VALUES('2', '21', '1');
INSERT INTO `vtiger_profile2tab` VALUES('2', '22', '0');
INSERT INTO `vtiger_profile2tab` VALUES('2', '23', '0');
INSERT INTO `vtiger_profile2tab` VALUES('2', '24', '1');
INSERT INTO `vtiger_profile2tab` VALUES('2', '25', '0');
INSERT INTO `vtiger_profile2tab` VALUES('2', '26', '1');
INSERT INTO `vtiger_profile2tab` VALUES('2', '27', '1');
INSERT INTO `vtiger_profile2tab` VALUES('3', '1', '1');
INSERT INTO `vtiger_profile2tab` VALUES('3', '2', '1');
INSERT INTO `vtiger_profile2tab` VALUES('3', '3', '0');
INSERT INTO `vtiger_profile2tab` VALUES('3', '4', '1');
INSERT INTO `vtiger_profile2tab` VALUES('3', '6', '1');
INSERT INTO `vtiger_profile2tab` VALUES('3', '7', '1');
INSERT INTO `vtiger_profile2tab` VALUES('3', '8', '1');
INSERT INTO `vtiger_profile2tab` VALUES('3', '9', '1');
INSERT INTO `vtiger_profile2tab` VALUES('3', '10', '1');
INSERT INTO `vtiger_profile2tab` VALUES('3', '13', '1');
INSERT INTO `vtiger_profile2tab` VALUES('3', '14', '1');
INSERT INTO `vtiger_profile2tab` VALUES('3', '15', '1');
INSERT INTO `vtiger_profile2tab` VALUES('3', '16', '1');
INSERT INTO `vtiger_profile2tab` VALUES('3', '18', '1');
INSERT INTO `vtiger_profile2tab` VALUES('3', '19', '1');
INSERT INTO `vtiger_profile2tab` VALUES('3', '20', '1');
INSERT INTO `vtiger_profile2tab` VALUES('3', '21', '1');
INSERT INTO `vtiger_profile2tab` VALUES('3', '22', '1');
INSERT INTO `vtiger_profile2tab` VALUES('3', '23', '1');
INSERT INTO `vtiger_profile2tab` VALUES('3', '24', '1');
INSERT INTO `vtiger_profile2tab` VALUES('3', '25', '1');
INSERT INTO `vtiger_profile2tab` VALUES('3', '26', '1');
INSERT INTO `vtiger_profile2tab` VALUES('3', '27', '1');
INSERT INTO `vtiger_profile2tab` VALUES('4', '1', '1');
INSERT INTO `vtiger_profile2tab` VALUES('4', '2', '1');
INSERT INTO `vtiger_profile2tab` VALUES('4', '3', '0');
INSERT INTO `vtiger_profile2tab` VALUES('4', '4', '1');
INSERT INTO `vtiger_profile2tab` VALUES('4', '6', '1');
INSERT INTO `vtiger_profile2tab` VALUES('4', '7', '1');
INSERT INTO `vtiger_profile2tab` VALUES('4', '8', '1');
INSERT INTO `vtiger_profile2tab` VALUES('4', '9', '1');
INSERT INTO `vtiger_profile2tab` VALUES('4', '10', '1');
INSERT INTO `vtiger_profile2tab` VALUES('4', '13', '1');
INSERT INTO `vtiger_profile2tab` VALUES('4', '14', '1');
INSERT INTO `vtiger_profile2tab` VALUES('4', '15', '1');
INSERT INTO `vtiger_profile2tab` VALUES('4', '16', '1');
INSERT INTO `vtiger_profile2tab` VALUES('4', '18', '1');
INSERT INTO `vtiger_profile2tab` VALUES('4', '19', '1');
INSERT INTO `vtiger_profile2tab` VALUES('4', '20', '1');
INSERT INTO `vtiger_profile2tab` VALUES('4', '21', '1');
INSERT INTO `vtiger_profile2tab` VALUES('4', '22', '1');
INSERT INTO `vtiger_profile2tab` VALUES('4', '23', '1');
INSERT INTO `vtiger_profile2tab` VALUES('4', '24', '1');
INSERT INTO `vtiger_profile2tab` VALUES('4', '25', '1');
INSERT INTO `vtiger_profile2tab` VALUES('4', '26', '1');
INSERT INTO `vtiger_profile2tab` VALUES('4', '27', '1');
INSERT INTO `vtiger_profile2tab` VALUES('5', '1', '1');
INSERT INTO `vtiger_profile2tab` VALUES('5', '2', '1');
INSERT INTO `vtiger_profile2tab` VALUES('5', '4', '0');
INSERT INTO `vtiger_profile2tab` VALUES('5', '6', '0');
INSERT INTO `vtiger_profile2tab` VALUES('5', '7', '1');
INSERT INTO `vtiger_profile2tab` VALUES('5', '8', '1');
INSERT INTO `vtiger_profile2tab` VALUES('5', '9', '0');
INSERT INTO `vtiger_profile2tab` VALUES('5', '16', '0');
INSERT INTO `vtiger_profile2tab` VALUES('5', '10', '0');
INSERT INTO `vtiger_profile2tab` VALUES('5', '13', '1');
INSERT INTO `vtiger_profile2tab` VALUES('5', '14', '1');
INSERT INTO `vtiger_profile2tab` VALUES('5', '15', '1');
INSERT INTO `vtiger_profile2tab` VALUES('5', '18', '1');
INSERT INTO `vtiger_profile2tab` VALUES('5', '19', '1');
INSERT INTO `vtiger_profile2tab` VALUES('5', '20', '1');
INSERT INTO `vtiger_profile2tab` VALUES('5', '21', '1');
INSERT INTO `vtiger_profile2tab` VALUES('5', '22', '1');
INSERT INTO `vtiger_profile2tab` VALUES('5', '23', '1');
INSERT INTO `vtiger_profile2tab` VALUES('5', '24', '1');
INSERT INTO `vtiger_profile2tab` VALUES('5', '25', '0');
INSERT INTO `vtiger_profile2tab` VALUES('5', '26', '0');
INSERT INTO `vtiger_profile2tab` VALUES('5', '27', '1');
INSERT INTO `vtiger_profile2tab` VALUES('6', '1', '0');
INSERT INTO `vtiger_profile2tab` VALUES('6', '2', '1');
INSERT INTO `vtiger_profile2tab` VALUES('6', '4', '0');
INSERT INTO `vtiger_profile2tab` VALUES('6', '6', '0');
INSERT INTO `vtiger_profile2tab` VALUES('6', '7', '1');
INSERT INTO `vtiger_profile2tab` VALUES('6', '8', '1');
INSERT INTO `vtiger_profile2tab` VALUES('6', '9', '0');
INSERT INTO `vtiger_profile2tab` VALUES('6', '16', '0');
INSERT INTO `vtiger_profile2tab` VALUES('6', '10', '0');
INSERT INTO `vtiger_profile2tab` VALUES('6', '13', '1');
INSERT INTO `vtiger_profile2tab` VALUES('6', '14', '1');
INSERT INTO `vtiger_profile2tab` VALUES('6', '15', '1');
INSERT INTO `vtiger_profile2tab` VALUES('6', '18', '1');
INSERT INTO `vtiger_profile2tab` VALUES('6', '19', '1');
INSERT INTO `vtiger_profile2tab` VALUES('6', '20', '1');
INSERT INTO `vtiger_profile2tab` VALUES('6', '21', '1');
INSERT INTO `vtiger_profile2tab` VALUES('6', '22', '1');
INSERT INTO `vtiger_profile2tab` VALUES('6', '23', '1');
INSERT INTO `vtiger_profile2tab` VALUES('6', '24', '1');
INSERT INTO `vtiger_profile2tab` VALUES('6', '25', '0');
INSERT INTO `vtiger_profile2tab` VALUES('6', '26', '1');
INSERT INTO `vtiger_profile2tab` VALUES('6', '27', '1');
INSERT INTO `vtiger_profile2tab` VALUES('7', '1', '0');
INSERT INTO `vtiger_profile2tab` VALUES('7', '2', '1');
INSERT INTO `vtiger_profile2tab` VALUES('7', '4', '0');
INSERT INTO `vtiger_profile2tab` VALUES('7', '6', '0');
INSERT INTO `vtiger_profile2tab` VALUES('7', '7', '1');
INSERT INTO `vtiger_profile2tab` VALUES('7', '8', '1');
INSERT INTO `vtiger_profile2tab` VALUES('7', '9', '0');
INSERT INTO `vtiger_profile2tab` VALUES('7', '16', '0');
INSERT INTO `vtiger_profile2tab` VALUES('7', '10', '0');
INSERT INTO `vtiger_profile2tab` VALUES('7', '13', '1');
INSERT INTO `vtiger_profile2tab` VALUES('7', '14', '1');
INSERT INTO `vtiger_profile2tab` VALUES('7', '15', '1');
INSERT INTO `vtiger_profile2tab` VALUES('7', '18', '1');
INSERT INTO `vtiger_profile2tab` VALUES('7', '19', '1');
INSERT INTO `vtiger_profile2tab` VALUES('7', '20', '1');
INSERT INTO `vtiger_profile2tab` VALUES('7', '21', '1');
INSERT INTO `vtiger_profile2tab` VALUES('7', '22', '1');
INSERT INTO `vtiger_profile2tab` VALUES('7', '23', '1');
INSERT INTO `vtiger_profile2tab` VALUES('7', '24', '1');
INSERT INTO `vtiger_profile2tab` VALUES('7', '25', '0');
INSERT INTO `vtiger_profile2tab` VALUES('7', '26', '0');
INSERT INTO `vtiger_profile2tab` VALUES('7', '27', '1');
INSERT INTO `vtiger_profile2tab` VALUES('8', '1', '1');
INSERT INTO `vtiger_profile2tab` VALUES('8', '2', '1');
INSERT INTO `vtiger_profile2tab` VALUES('8', '4', '0');
INSERT INTO `vtiger_profile2tab` VALUES('8', '6', '0');
INSERT INTO `vtiger_profile2tab` VALUES('8', '7', '1');
INSERT INTO `vtiger_profile2tab` VALUES('8', '8', '0');
INSERT INTO `vtiger_profile2tab` VALUES('8', '9', '1');
INSERT INTO `vtiger_profile2tab` VALUES('8', '16', '1');
INSERT INTO `vtiger_profile2tab` VALUES('8', '10', '0');
INSERT INTO `vtiger_profile2tab` VALUES('8', '13', '1');
INSERT INTO `vtiger_profile2tab` VALUES('8', '14', '0');
INSERT INTO `vtiger_profile2tab` VALUES('8', '15', '1');
INSERT INTO `vtiger_profile2tab` VALUES('8', '18', '1');
INSERT INTO `vtiger_profile2tab` VALUES('8', '19', '1');
INSERT INTO `vtiger_profile2tab` VALUES('8', '20', '0');
INSERT INTO `vtiger_profile2tab` VALUES('8', '21', '1');
INSERT INTO `vtiger_profile2tab` VALUES('8', '22', '0');
INSERT INTO `vtiger_profile2tab` VALUES('8', '23', '1');
INSERT INTO `vtiger_profile2tab` VALUES('8', '24', '1');
INSERT INTO `vtiger_profile2tab` VALUES('8', '25', '1');
INSERT INTO `vtiger_profile2tab` VALUES('8', '26', '0');
INSERT INTO `vtiger_profile2tab` VALUES('8', '27', '1');

--
-- Table structure for table `vtiger_profile2utility` 
--

CREATE TABLE `vtiger_profile2utility` (
  `profileid` int(11) NOT NULL,
  `tabid` int(11) NOT NULL,
  `activityid` int(11) NOT NULL,
  `permission` int(1) default NULL,
  PRIMARY KEY  (`profileid`,`tabid`,`activityid`),
  KEY `profile2utility_profileid_tabid_activityid_idx` (`profileid`,`tabid`,`activityid`)
) ENGINE=InnoDB DEFAULT CHARSET=latin1;

--
-- Dumping data for table `vtiger_profile2utility` 
--

INSERT INTO `vtiger_profile2utility` VALUES('1', '2', '5', '0');
INSERT INTO `vtiger_profile2utility` VALUES('1', '2', '6', '0');
INSERT INTO `vtiger_profile2utility` VALUES('1', '4', '5', '0');
INSERT INTO `vtiger_profile2utility` VALUES('1', '4', '6', '0');
INSERT INTO `vtiger_profile2utility` VALUES('1', '4', '8', '0');
INSERT INTO `vtiger_profile2utility` VALUES('1', '6', '5', '0');
INSERT INTO `vtiger_profile2utility` VALUES('1', '6', '6', '0');
INSERT INTO `vtiger_profile2utility` VALUES('1', '6', '8', '0');
INSERT INTO `vtiger_profile2utility` VALUES('1', '7', '5', '0');
INSERT INTO `vtiger_profile2utility` VALUES('1', '7', '6', '0');
INSERT INTO `vtiger_profile2utility` VALUES('1', '7', '8', '0');
INSERT INTO `vtiger_profile2utility` VALUES('1', '7', '9', '0');
INSERT INTO `vtiger_profile2utility` VALUES('1', '8', '6', '0');
INSERT INTO `vtiger_profile2utility` VALUES('1', '13', '5', '0');
INSERT INTO `vtiger_profile2utility` VALUES('1', '13', '6', '0');
INSERT INTO `vtiger_profile2utility` VALUES('1', '13', '8', '0');
INSERT INTO `vtiger_profile2utility` VALUES('1', '14', '5', '0');
INSERT INTO `vtiger_profile2utility` VALUES('1', '14', '6', '0');
INSERT INTO `vtiger_profile2utility` VALUES('1', '18', '5', '0');
INSERT INTO `vtiger_profile2utility` VALUES('1', '18', '6', '0');
INSERT INTO `vtiger_profile2utility` VALUES('2', '2', '5', '0');
INSERT INTO `vtiger_profile2utility` VALUES('2', '2', '6', '0');
INSERT INTO `vtiger_profile2utility` VALUES('2', '4', '5', '1');
INSERT INTO `vtiger_profile2utility` VALUES('2', '4', '6', '1');
INSERT INTO `vtiger_profile2utility` VALUES('2', '4', '8', '0');
INSERT INTO `vtiger_profile2utility` VALUES('2', '6', '5', '1');
INSERT INTO `vtiger_profile2utility` VALUES('2', '6', '6', '1');
INSERT INTO `vtiger_profile2utility` VALUES('2', '6', '8', '0');
INSERT INTO `vtiger_profile2utility` VALUES('2', '7', '5', '0');
INSERT INTO `vtiger_profile2utility` VALUES('2', '7', '6', '0');
INSERT INTO `vtiger_profile2utility` VALUES('2', '7', '8', '0');
INSERT INTO `vtiger_profile2utility` VALUES('2', '7', '9', '0');
INSERT INTO `vtiger_profile2utility` VALUES('2', '8', '6', '0');
INSERT INTO `vtiger_profile2utility` VALUES('2', '13', '5', '1');
INSERT INTO `vtiger_profile2utility` VALUES('2', '13', '6', '1');
INSERT INTO `vtiger_profile2utility` VALUES('2', '13', '8', '0');
INSERT INTO `vtiger_profile2utility` VALUES('2', '14', '5', '1');
INSERT INTO `vtiger_profile2utility` VALUES('2', '14', '6', '1');
INSERT INTO `vtiger_profile2utility` VALUES('2', '18', '5', '0');
INSERT INTO `vtiger_profile2utility` VALUES('2', '18', '6', '0');
INSERT INTO `vtiger_profile2utility` VALUES('3', '2', '5', '1');
INSERT INTO `vtiger_profile2utility` VALUES('3', '2', '6', '1');
INSERT INTO `vtiger_profile2utility` VALUES('3', '4', '5', '1');
INSERT INTO `vtiger_profile2utility` VALUES('3', '4', '6', '1');
INSERT INTO `vtiger_profile2utility` VALUES('3', '4', '8', '0');
INSERT INTO `vtiger_profile2utility` VALUES('3', '6', '5', '1');
INSERT INTO `vtiger_profile2utility` VALUES('3', '6', '6', '1');
INSERT INTO `vtiger_profile2utility` VALUES('3', '6', '8', '0');
INSERT INTO `vtiger_profile2utility` VALUES('3', '7', '5', '1');
INSERT INTO `vtiger_profile2utility` VALUES('3', '7', '6', '1');
INSERT INTO `vtiger_profile2utility` VALUES('3', '7', '8', '0');
INSERT INTO `vtiger_profile2utility` VALUES('3', '7', '9', '0');
INSERT INTO `vtiger_profile2utility` VALUES('3', '8', '6', '1');
INSERT INTO `vtiger_profile2utility` VALUES('3', '13', '5', '1');
INSERT INTO `vtiger_profile2utility` VALUES('3', '13', '6', '1');
INSERT INTO `vtiger_profile2utility` VALUES('3', '13', '8', '0');
INSERT INTO `vtiger_profile2utility` VALUES('3', '14', '5', '1');
INSERT INTO `vtiger_profile2utility` VALUES('3', '14', '6', '1');
INSERT INTO `vtiger_profile2utility` VALUES('3', '18', '5', '1');
INSERT INTO `vtiger_profile2utility` VALUES('3', '18', '6', '1');
INSERT INTO `vtiger_profile2utility` VALUES('4', '2', '5', '0');
INSERT INTO `vtiger_profile2utility` VALUES('4', '2', '6', '0');
INSERT INTO `vtiger_profile2utility` VALUES('4', '4', '5', '0');
INSERT INTO `vtiger_profile2utility` VALUES('4', '4', '6', '0');
INSERT INTO `vtiger_profile2utility` VALUES('4', '4', '8', '0');
INSERT INTO `vtiger_profile2utility` VALUES('4', '6', '5', '0');
INSERT INTO `vtiger_profile2utility` VALUES('4', '6', '6', '0');
INSERT INTO `vtiger_profile2utility` VALUES('4', '6', '8', '0');
INSERT INTO `vtiger_profile2utility` VALUES('4', '7', '5', '0');
INSERT INTO `vtiger_profile2utility` VALUES('4', '7', '6', '0');
INSERT INTO `vtiger_profile2utility` VALUES('4', '7', '8', '0');
INSERT INTO `vtiger_profile2utility` VALUES('4', '7', '9', '0');
INSERT INTO `vtiger_profile2utility` VALUES('4', '8', '6', '0');
INSERT INTO `vtiger_profile2utility` VALUES('4', '13', '5', '0');
INSERT INTO `vtiger_profile2utility` VALUES('4', '13', '6', '0');
INSERT INTO `vtiger_profile2utility` VALUES('4', '13', '8', '0');
INSERT INTO `vtiger_profile2utility` VALUES('4', '14', '5', '0');
INSERT INTO `vtiger_profile2utility` VALUES('4', '14', '6', '0');
INSERT INTO `vtiger_profile2utility` VALUES('4', '18', '5', '0');
INSERT INTO `vtiger_profile2utility` VALUES('4', '18', '6', '0');
INSERT INTO `vtiger_profile2utility` VALUES('5', '2', '5', '0');
INSERT INTO `vtiger_profile2utility` VALUES('5', '2', '6', '0');
INSERT INTO `vtiger_profile2utility` VALUES('5', '4', '5', '0');
INSERT INTO `vtiger_profile2utility` VALUES('5', '4', '6', '0');
INSERT INTO `vtiger_profile2utility` VALUES('5', '4', '8', '0');
INSERT INTO `vtiger_profile2utility` VALUES('5', '6', '5', '0');
INSERT INTO `vtiger_profile2utility` VALUES('5', '6', '6', '0');
INSERT INTO `vtiger_profile2utility` VALUES('5', '6', '8', '0');
INSERT INTO `vtiger_profile2utility` VALUES('5', '7', '5', '0');
INSERT INTO `vtiger_profile2utility` VALUES('5', '7', '6', '0');
INSERT INTO `vtiger_profile2utility` VALUES('5', '7', '8', '0');
INSERT INTO `vtiger_profile2utility` VALUES('5', '7', '9', '0');
INSERT INTO `vtiger_profile2utility` VALUES('5', '8', '6', '0');
INSERT INTO `vtiger_profile2utility` VALUES('5', '13', '5', '0');
INSERT INTO `vtiger_profile2utility` VALUES('5', '13', '6', '0');
INSERT INTO `vtiger_profile2utility` VALUES('5', '13', '8', '0');
INSERT INTO `vtiger_profile2utility` VALUES('5', '14', '5', '0');
INSERT INTO `vtiger_profile2utility` VALUES('5', '14', '6', '0');
INSERT INTO `vtiger_profile2utility` VALUES('5', '18', '5', '0');
INSERT INTO `vtiger_profile2utility` VALUES('5', '18', '6', '0');
INSERT INTO `vtiger_profile2utility` VALUES('6', '2', '5', '0');
INSERT INTO `vtiger_profile2utility` VALUES('6', '2', '6', '0');
INSERT INTO `vtiger_profile2utility` VALUES('6', '4', '5', '0');
INSERT INTO `vtiger_profile2utility` VALUES('6', '4', '6', '0');
INSERT INTO `vtiger_profile2utility` VALUES('6', '4', '8', '0');
INSERT INTO `vtiger_profile2utility` VALUES('6', '6', '5', '0');
INSERT INTO `vtiger_profile2utility` VALUES('6', '6', '6', '0');
INSERT INTO `vtiger_profile2utility` VALUES('6', '6', '8', '0');
INSERT INTO `vtiger_profile2utility` VALUES('6', '7', '5', '0');
INSERT INTO `vtiger_profile2utility` VALUES('6', '7', '6', '0');
INSERT INTO `vtiger_profile2utility` VALUES('6', '7', '8', '0');
INSERT INTO `vtiger_profile2utility` VALUES('6', '7', '9', '0');
INSERT INTO `vtiger_profile2utility` VALUES('6', '8', '6', '0');
INSERT INTO `vtiger_profile2utility` VALUES('6', '13', '5', '0');
INSERT INTO `vtiger_profile2utility` VALUES('6', '13', '6', '0');
INSERT INTO `vtiger_profile2utility` VALUES('6', '13', '8', '0');
INSERT INTO `vtiger_profile2utility` VALUES('6', '14', '5', '0');
INSERT INTO `vtiger_profile2utility` VALUES('6', '14', '6', '0');
INSERT INTO `vtiger_profile2utility` VALUES('6', '18', '5', '0');
INSERT INTO `vtiger_profile2utility` VALUES('6', '18', '6', '0');
INSERT INTO `vtiger_profile2utility` VALUES('7', '2', '5', '0');
INSERT INTO `vtiger_profile2utility` VALUES('7', '2', '6', '0');
INSERT INTO `vtiger_profile2utility` VALUES('7', '4', '5', '0');
INSERT INTO `vtiger_profile2utility` VALUES('7', '4', '6', '0');
INSERT INTO `vtiger_profile2utility` VALUES('7', '4', '8', '0');
INSERT INTO `vtiger_profile2utility` VALUES('7', '6', '5', '0');
INSERT INTO `vtiger_profile2utility` VALUES('7', '6', '6', '0');
INSERT INTO `vtiger_profile2utility` VALUES('7', '6', '8', '0');
INSERT INTO `vtiger_profile2utility` VALUES('7', '7', '5', '0');
INSERT INTO `vtiger_profile2utility` VALUES('7', '7', '6', '0');
INSERT INTO `vtiger_profile2utility` VALUES('7', '7', '8', '0');
INSERT INTO `vtiger_profile2utility` VALUES('7', '7', '9', '0');
INSERT INTO `vtiger_profile2utility` VALUES('7', '8', '6', '0');
INSERT INTO `vtiger_profile2utility` VALUES('7', '13', '5', '0');
INSERT INTO `vtiger_profile2utility` VALUES('7', '13', '6', '0');
INSERT INTO `vtiger_profile2utility` VALUES('7', '13', '8', '0');
INSERT INTO `vtiger_profile2utility` VALUES('7', '14', '5', '0');
INSERT INTO `vtiger_profile2utility` VALUES('7', '14', '6', '0');
INSERT INTO `vtiger_profile2utility` VALUES('7', '18', '5', '0');
INSERT INTO `vtiger_profile2utility` VALUES('7', '18', '6', '0');
INSERT INTO `vtiger_profile2utility` VALUES('8', '2', '5', '0');
INSERT INTO `vtiger_profile2utility` VALUES('8', '2', '6', '0');
INSERT INTO `vtiger_profile2utility` VALUES('8', '4', '5', '1');
INSERT INTO `vtiger_profile2utility` VALUES('8', '4', '6', '1');
INSERT INTO `vtiger_profile2utility` VALUES('8', '4', '8', '1');
INSERT INTO `vtiger_profile2utility` VALUES('8', '6', '5', '1');
INSERT INTO `vtiger_profile2utility` VALUES('8', '6', '6', '1');
INSERT INTO `vtiger_profile2utility` VALUES('8', '6', '8', '1');
INSERT INTO `vtiger_profile2utility` VALUES('8', '7', '5', '0');
INSERT INTO `vtiger_profile2utility` VALUES('8', '7', '6', '0');
INSERT INTO `vtiger_profile2utility` VALUES('8', '7', '8', '0');
INSERT INTO `vtiger_profile2utility` VALUES('8', '7', '9', '0');
INSERT INTO `vtiger_profile2utility` VALUES('8', '8', '6', '1');
INSERT INTO `vtiger_profile2utility` VALUES('8', '13', '5', '0');
INSERT INTO `vtiger_profile2utility` VALUES('8', '13', '6', '0');
INSERT INTO `vtiger_profile2utility` VALUES('8', '13', '8', '0');
INSERT INTO `vtiger_profile2utility` VALUES('8', '14', '5', '1');
INSERT INTO `vtiger_profile2utility` VALUES('8', '14', '6', '1');
INSERT INTO `vtiger_profile2utility` VALUES('8', '18', '5', '0');
INSERT INTO `vtiger_profile2utility` VALUES('8', '18', '6', '0');

--
-- Table structure for table `vtiger_profile_seq` 
--

CREATE TABLE `vtiger_profile_seq` (
  `id` int(11) NOT NULL
) ENGINE=InnoDB DEFAULT CHARSET=latin1;

--
-- Dumping data for table `vtiger_profile_seq` 
--

INSERT INTO `vtiger_profile_seq` VALUES('4');

--
-- Table structure for table `vtiger_purchaseorder` 
--

CREATE TABLE `vtiger_purchaseorder` (
  `purchaseorderid` int(19) NOT NULL default '0',
  `subject` varchar(100) default NULL,
  `quoteid` int(19) default NULL,
  `vendorid` int(19) default NULL,
  `requisition_no` varchar(100) default NULL,
  `tracking_no` varchar(100) default NULL,
  `contactid` int(19) default NULL,
  `duedate` date default NULL,
  `carrier` varchar(200) default NULL,
  `type` varchar(100) default NULL,
  `adjustment` decimal(25,3) default NULL,
  `salescommission` decimal(25,3) default NULL,
  `exciseduty` decimal(25,3) default NULL,
  `total` decimal(25,3) default NULL,
  `subtotal` decimal(25,3) default NULL,
  `taxtype` varchar(25) default NULL,
  `discount_percent` decimal(25,3) default NULL,
  `discount_amount` decimal(25,3) default NULL,
  `s_h_amount` decimal(25,3) default NULL,
  `terms_conditions` text,
  `postatus` varchar(200) default NULL,
  PRIMARY KEY  (`purchaseorderid`),
  KEY `purchaseorder_vendorid_idx` (`vendorid`),
  KEY `purchaseorder_quoteid_idx` (`quoteid`),
  KEY `purchaseorder_contactid_idx` (`contactid`),
  CONSTRAINT `fk_4_vtiger_purchaseorder` FOREIGN KEY (`vendorid`) REFERENCES `vtiger_vendor` (`vendorid`) ON DELETE CASCADE
) ENGINE=InnoDB DEFAULT CHARSET=latin1;

--
-- Dumping data for table `vtiger_purchaseorder` 
--


--
-- Table structure for table `vtiger_purchaseordercf` 
--

CREATE TABLE `vtiger_purchaseordercf` (
  `purchaseorderid` int(19) NOT NULL default '0',
  PRIMARY KEY  (`purchaseorderid`),
  CONSTRAINT `fk_1_vtiger_purchaseordercf` FOREIGN KEY (`purchaseorderid`) REFERENCES `vtiger_purchaseorder` (`purchaseorderid`) ON DELETE CASCADE
) ENGINE=InnoDB DEFAULT CHARSET=latin1;

--
-- Dumping data for table `vtiger_purchaseordercf` 
--


--
-- Table structure for table `vtiger_quotegrouprelation` 
--

CREATE TABLE `vtiger_quotegrouprelation` (
  `quoteid` int(19) NOT NULL,
  `groupname` varchar(100) default NULL,
  PRIMARY KEY  (`quoteid`),
  KEY `quotegrouprelation_groupname_idx` (`groupname`),
  CONSTRAINT `fk_1_vtiger_quotegrouprelation` FOREIGN KEY (`groupname`) REFERENCES `vtiger_groups` (`groupname`) ON UPDATE CASCADE,
  CONSTRAINT `fk_2_vtiger_quotegrouprelation` FOREIGN KEY (`quoteid`) REFERENCES `vtiger_quotes` (`quoteid`) ON DELETE CASCADE
) ENGINE=InnoDB DEFAULT CHARSET=latin1;

--
-- Dumping data for table `vtiger_quotegrouprelation` 
--


--
-- Table structure for table `vtiger_quotes` 
--

CREATE TABLE `vtiger_quotes` (
  `quoteid` int(19) NOT NULL default '0',
  `subject` varchar(100) default NULL,
  `potentialid` int(19) default NULL,
  `quotestage` varchar(200) default NULL,
  `validtill` date default NULL,
  `contactid` int(19) default NULL,
  `currency` varchar(100) default NULL,
  `subtotal` decimal(25,3) default NULL,
  `carrier` varchar(200) default NULL,
  `shipping` varchar(100) default NULL,
  `inventorymanager` int(19) default NULL,
  `type` varchar(100) default NULL,
  `adjustment` decimal(25,3) default NULL,
  `total` decimal(25,3) default NULL,
  `taxtype` varchar(25) default NULL,
  `discount_percent` decimal(25,3) default NULL,
  `discount_amount` decimal(25,3) default NULL,
  `s_h_amount` decimal(25,3) default NULL,
  `accountid` int(19) default NULL,
  `terms_conditions` text,
  PRIMARY KEY  (`quoteid`),
  KEY `quote_quotestage_idx` (`quotestage`),
  KEY `quotes_potentialid_idx` (`potentialid`),
  KEY `quotes_contactid_idx` (`contactid`),
  CONSTRAINT `fk_3_vtiger_quotes` FOREIGN KEY (`potentialid`) REFERENCES `vtiger_potential` (`potentialid`) ON DELETE CASCADE
) ENGINE=InnoDB DEFAULT CHARSET=latin1;

--
-- Dumping data for table `vtiger_quotes` 
--

INSERT INTO `vtiger_quotes` VALUES('22', 'Devis pour la soirée du Jeudi soir', '', 'Accepted', '', '', '', '6817.200', 'BlueDart', '', '0', '', '0.000', '6817.200', 'individual', '0.000', '0.000', '0.000', '10', '- Unless otherwise agreed in writing by the supplier all invoices are payable within thirty (30) days of the date of invoice, in the currency of the invoice, drawn on a bank based in India or by such other method as is agreed in advance by the Supplier.\r\n\r\n - All prices are not inclusive of VAT which shall be payable in addition by the Customer at the applicable rate.');

--
-- Table structure for table `vtiger_quotesbillads` 
--

CREATE TABLE `vtiger_quotesbillads` (
  `quotebilladdressid` int(19) NOT NULL default '0',
  `bill_city` varchar(30) default NULL,
  `bill_code` varchar(30) default NULL,
  `bill_country` varchar(30) default NULL,
  `bill_state` varchar(30) default NULL,
  `bill_street` varchar(250) default NULL,
  `bill_pobox` varchar(30) default NULL,
  PRIMARY KEY  (`quotebilladdressid`),
  CONSTRAINT `fk_1_vtiger_quotesbillads` FOREIGN KEY (`quotebilladdressid`) REFERENCES `vtiger_quotes` (`quoteid`) ON DELETE CASCADE
) ENGINE=InnoDB DEFAULT CHARSET=latin1;

--
-- Dumping data for table `vtiger_quotesbillads` 
--

INSERT INTO `vtiger_quotesbillads` VALUES('22', 'PARIS', '75009', 'FRANCE', 'PARIS', '12 rue d\'Amsterdam', '');

--
-- Table structure for table `vtiger_quotescf` 
--

CREATE TABLE `vtiger_quotescf` (
  `quoteid` int(19) NOT NULL default '0',
  PRIMARY KEY  (`quoteid`),
  CONSTRAINT `fk_1_vtiger_quotescf` FOREIGN KEY (`quoteid`) REFERENCES `vtiger_quotes` (`quoteid`) ON DELETE CASCADE
) ENGINE=InnoDB DEFAULT CHARSET=latin1;

--
-- Dumping data for table `vtiger_quotescf` 
--

INSERT INTO `vtiger_quotescf` VALUES('22');

--
-- Table structure for table `vtiger_quotesshipads` 
--

CREATE TABLE `vtiger_quotesshipads` (
  `quoteshipaddressid` int(19) NOT NULL default '0',
  `ship_city` varchar(30) default NULL,
  `ship_code` varchar(30) default NULL,
  `ship_country` varchar(30) default NULL,
  `ship_state` varchar(30) default NULL,
  `ship_street` varchar(250) default NULL,
  `ship_pobox` varchar(30) default NULL,
  PRIMARY KEY  (`quoteshipaddressid`),
  CONSTRAINT `fk_1_vtiger_quotesshipads` FOREIGN KEY (`quoteshipaddressid`) REFERENCES `vtiger_quotes` (`quoteid`) ON DELETE CASCADE
) ENGINE=InnoDB DEFAULT CHARSET=latin1;

--
-- Dumping data for table `vtiger_quotesshipads` 
--

INSERT INTO `vtiger_quotesshipads` VALUES('22', 'PARIS', '75009', 'FRANCE', 'PARIS', '12 rue d\'Amsterdam', '');

--
-- Table structure for table `vtiger_quotestage` 
--

CREATE TABLE `vtiger_quotestage` (
  `quotestageid` int(19) NOT NULL auto_increment,
  `quotestage` varchar(200) NOT NULL,
  `presence` int(1) NOT NULL default '1',
  `picklist_valueid` int(19) NOT NULL default '0',
  PRIMARY KEY  (`quotestageid`),
  UNIQUE KEY `quotestage_quotestage_idx` (`quotestage`)
) ENGINE=InnoDB DEFAULT CHARSET=latin1;

--
-- Dumping data for table `vtiger_quotestage` 
--

INSERT INTO `vtiger_quotestage` VALUES('1', 'Created', '0', '156');
INSERT INTO `vtiger_quotestage` VALUES('2', 'Delivered', '0', '157');
INSERT INTO `vtiger_quotestage` VALUES('3', 'Reviewed', '0', '158');
INSERT INTO `vtiger_quotestage` VALUES('4', 'Accepted', '0', '159');
INSERT INTO `vtiger_quotestage` VALUES('5', 'Rejected', '0', '160');

--
-- Table structure for table `vtiger_quotestage_seq` 
--

CREATE TABLE `vtiger_quotestage_seq` (
  `id` int(11) NOT NULL
) ENGINE=InnoDB DEFAULT CHARSET=latin1;

--
-- Dumping data for table `vtiger_quotestage_seq` 
--

INSERT INTO `vtiger_quotestage_seq` VALUES('5');

--
-- Table structure for table `vtiger_quotestagehistory` 
--

CREATE TABLE `vtiger_quotestagehistory` (
  `historyid` int(19) NOT NULL auto_increment,
  `quoteid` int(19) NOT NULL,
  `accountname` varchar(100) default NULL,
  `total` decimal(10,0) default NULL,
  `quotestage` varchar(200) default NULL,
  `lastmodified` datetime default NULL,
  PRIMARY KEY  (`historyid`),
  KEY `quotestagehistory_quoteid_idx` (`quoteid`),
  CONSTRAINT `fk_1_vtiger_quotestagehistory` FOREIGN KEY (`quoteid`) REFERENCES `vtiger_quotes` (`quoteid`) ON DELETE CASCADE
) ENGINE=InnoDB DEFAULT CHARSET=latin1;

--
-- Dumping data for table `vtiger_quotestagehistory` 
--


--
-- Table structure for table `vtiger_rating` 
--

CREATE TABLE `vtiger_rating` (
  `rating_id` int(19) NOT NULL auto_increment,
  `rating` varchar(200) default NULL,
  `PRESENCE` int(1) NOT NULL default '1',
  `picklist_valueid` int(19) NOT NULL default '0',
  PRIMARY KEY  (`rating_id`)
) ENGINE=InnoDB DEFAULT CHARSET=latin1;

--
-- Dumping data for table `vtiger_rating` 
--

INSERT INTO `vtiger_rating` VALUES('1', '--None--', '1', '70');
INSERT INTO `vtiger_rating` VALUES('2', 'Acquired', '1', '71');
INSERT INTO `vtiger_rating` VALUES('3', 'Active', '1', '72');
INSERT INTO `vtiger_rating` VALUES('4', 'Market Failed', '1', '73');
INSERT INTO `vtiger_rating` VALUES('5', 'Project Cancelled', '1', '74');
INSERT INTO `vtiger_rating` VALUES('6', 'Shutdown', '1', '75');

--
-- Table structure for table `vtiger_rating_seq` 
--

CREATE TABLE `vtiger_rating_seq` (
  `id` int(11) NOT NULL
) ENGINE=InnoDB DEFAULT CHARSET=latin1;

--
-- Dumping data for table `vtiger_rating_seq` 
--

INSERT INTO `vtiger_rating_seq` VALUES('6');

--
-- Table structure for table `vtiger_recurringevents` 
--

CREATE TABLE `vtiger_recurringevents` (
  `recurringid` int(19) NOT NULL auto_increment,
  `activityid` int(19) NOT NULL,
  `recurringdate` date default NULL,
  `recurringtype` varchar(30) default NULL,
  `recurringfreq` int(19) default NULL,
  `recurringinfo` varchar(50) default NULL,
  PRIMARY KEY  (`recurringid`),
  KEY `fk_1_vtiger_recurringevents` (`activityid`),
  CONSTRAINT `fk_1_vtiger_recurringevents` FOREIGN KEY (`activityid`) REFERENCES `vtiger_activity` (`activityid`) ON DELETE CASCADE
) ENGINE=InnoDB DEFAULT CHARSET=latin1;

--
-- Dumping data for table `vtiger_recurringevents` 
--

INSERT INTO `vtiger_recurringevents` VALUES('1', '15', '2009-03-15', 'Daily', '1', 'Daily');

--
-- Table structure for table `vtiger_recurringtype` 
--

CREATE TABLE `vtiger_recurringtype` (
  `recurringeventid` int(19) NOT NULL auto_increment,
  `recurringtype` varchar(200) NOT NULL,
  `sortorderid` int(19) NOT NULL default '0',
  `presence` int(1) NOT NULL default '1',
  PRIMARY KEY  (`recurringeventid`),
  UNIQUE KEY `recurringtype_status_idx` (`recurringtype`)
) ENGINE=InnoDB DEFAULT CHARSET=latin1;

--
-- Dumping data for table `vtiger_recurringtype` 
--

INSERT INTO `vtiger_recurringtype` VALUES('1', '--None--', '0', '1');
INSERT INTO `vtiger_recurringtype` VALUES('2', 'Daily', '1', '1');
INSERT INTO `vtiger_recurringtype` VALUES('3', 'Weekly', '2', '1');
INSERT INTO `vtiger_recurringtype` VALUES('4', 'Monthly', '3', '1');
INSERT INTO `vtiger_recurringtype` VALUES('5', 'Yearly', '4', '1');

--
-- Table structure for table `vtiger_recurringtype_seq` 
--

CREATE TABLE `vtiger_recurringtype_seq` (
  `id` int(11) NOT NULL
) ENGINE=InnoDB DEFAULT CHARSET=latin1;

--
-- Dumping data for table `vtiger_recurringtype_seq` 
--

INSERT INTO `vtiger_recurringtype_seq` VALUES('5');

--
-- Table structure for table `vtiger_relatedlists` 
--

CREATE TABLE `vtiger_relatedlists` (
  `relation_id` int(19) NOT NULL,
  `tabid` int(10) default NULL,
  `related_tabid` int(10) default NULL,
  `name` varchar(100) default NULL,
  `sequence` int(10) default NULL,
  `label` varchar(100) default NULL,
  `presence` int(10) NOT NULL default '0',
  PRIMARY KEY  (`relation_id`),
  KEY `relatedlists_relation_id_idx` (`relation_id`)
) ENGINE=InnoDB DEFAULT CHARSET=latin1;

--
-- Dumping data for table `vtiger_relatedlists` 
--

INSERT INTO `vtiger_relatedlists` VALUES('1', '6', '4', 'get_contacts', '1', 'Contacts', '0');
INSERT INTO `vtiger_relatedlists` VALUES('2', '6', '2', 'get_opportunities', '2', 'Potentials', '0');
INSERT INTO `vtiger_relatedlists` VALUES('3', '6', '20', 'get_quotes', '3', 'Quotes', '0');
INSERT INTO `vtiger_relatedlists` VALUES('4', '6', '22', 'get_salesorder', '4', 'Sales Order', '0');
INSERT INTO `vtiger_relatedlists` VALUES('5', '6', '23', 'get_invoices', '5', 'Invoice', '0');
INSERT INTO `vtiger_relatedlists` VALUES('6', '6', '9', 'get_activities', '6', 'Activities', '0');
INSERT INTO `vtiger_relatedlists` VALUES('7', '6', '10', 'get_emails', '7', 'Emails', '0');
INSERT INTO `vtiger_relatedlists` VALUES('8', '6', '9', 'get_history', '8', 'Activity History', '0');
INSERT INTO `vtiger_relatedlists` VALUES('9', '6', '0', 'get_attachments', '9', 'Attachments', '0');
INSERT INTO `vtiger_relatedlists` VALUES('10', '6', '13', 'get_tickets', '10', 'HelpDesk', '0');
INSERT INTO `vtiger_relatedlists` VALUES('11', '6', '14', 'get_products', '11', 'Products', '0');
INSERT INTO `vtiger_relatedlists` VALUES('12', '7', '9', 'get_activities', '1', 'Activities', '0');
INSERT INTO `vtiger_relatedlists` VALUES('13', '7', '10', 'get_emails', '2', 'Emails', '0');
INSERT INTO `vtiger_relatedlists` VALUES('14', '7', '9', 'get_history', '3', 'Activity History', '0');
INSERT INTO `vtiger_relatedlists` VALUES('15', '7', '0', 'get_attachments', '4', 'Attachments', '0');
INSERT INTO `vtiger_relatedlists` VALUES('16', '7', '14', 'get_products', '5', 'Products', '0');
INSERT INTO `vtiger_relatedlists` VALUES('17', '7', '26', 'get_campaigns', '6', 'Campaigns', '0');
INSERT INTO `vtiger_relatedlists` VALUES('18', '4', '2', 'get_opportunities', '1', 'Potentials', '0');
INSERT INTO `vtiger_relatedlists` VALUES('19', '4', '9', 'get_activities', '2', 'Activities', '0');
INSERT INTO `vtiger_relatedlists` VALUES('20', '4', '10', 'get_emails', '3', 'Emails', '0');
INSERT INTO `vtiger_relatedlists` VALUES('21', '4', '13', 'get_tickets', '4', 'HelpDesk', '0');
INSERT INTO `vtiger_relatedlists` VALUES('22', '4', '20', 'get_quotes', '5', 'Quotes', '0');
INSERT INTO `vtiger_relatedlists` VALUES('23', '4', '21', 'get_purchase_orders', '6', 'Purchase Order', '0');
INSERT INTO `vtiger_relatedlists` VALUES('24', '4', '22', 'get_salesorder', '7', 'Sales Order', '0');
INSERT INTO `vtiger_relatedlists` VALUES('25', '4', '14', 'get_products', '8', 'Products', '0');
INSERT INTO `vtiger_relatedlists` VALUES('26', '4', '9', 'get_history', '9', 'Activity History', '0');
INSERT INTO `vtiger_relatedlists` VALUES('27', '4', '0', 'get_attachments', '10', 'Attachments', '0');
INSERT INTO `vtiger_relatedlists` VALUES('28', '4', '26', 'get_campaigns', '11', 'Campaigns', '0');
INSERT INTO `vtiger_relatedlists` VALUES('29', '2', '9', 'get_activities', '1', 'Activities', '0');
INSERT INTO `vtiger_relatedlists` VALUES('30', '2', '4', 'get_contacts', '2', 'Contacts', '0');
INSERT INTO `vtiger_relatedlists` VALUES('31', '2', '14', 'get_products', '3', 'Products', '0');
INSERT INTO `vtiger_relatedlists` VALUES('32', '2', '0', 'get_stage_history', '4', 'Sales Stage History', '0');
INSERT INTO `vtiger_relatedlists` VALUES('33', '2', '0', 'get_attachments', '5', 'Attachments', '0');
INSERT INTO `vtiger_relatedlists` VALUES('34', '2', '20', 'get_Quotes', '6', 'Quotes', '0');
INSERT INTO `vtiger_relatedlists` VALUES('35', '2', '22', 'get_salesorder', '7', 'Sales Order', '0');
INSERT INTO `vtiger_relatedlists` VALUES('36', '2', '9', 'get_history', '8', 'Activity History', '0');
INSERT INTO `vtiger_relatedlists` VALUES('37', '14', '13', 'get_tickets', '1', 'HelpDesk', '0');
INSERT INTO `vtiger_relatedlists` VALUES('38', '14', '0', 'get_attachments', '3', 'Attachments', '0');
INSERT INTO `vtiger_relatedlists` VALUES('39', '14', '20', 'get_quotes', '4', 'Quotes', '0');
INSERT INTO `vtiger_relatedlists` VALUES('40', '14', '21', 'get_purchase_orders', '5', 'Purchase Order', '0');
INSERT INTO `vtiger_relatedlists` VALUES('41', '14', '22', 'get_salesorder', '6', 'Sales Order', '0');
INSERT INTO `vtiger_relatedlists` VALUES('42', '14', '23', 'get_invoices', '7', 'Invoice', '0');
INSERT INTO `vtiger_relatedlists` VALUES('43', '14', '19', 'get_product_pricebooks', '8', 'PriceBooks', '0');
INSERT INTO `vtiger_relatedlists` VALUES('44', '14', '7', 'get_leads', '9', 'Leads', '0');
INSERT INTO `vtiger_relatedlists` VALUES('45', '14', '6', 'get_accounts', '10', 'Accounts', '0');
INSERT INTO `vtiger_relatedlists` VALUES('46', '14', '4', 'get_contacts', '11', 'Contacts', '0');
INSERT INTO `vtiger_relatedlists` VALUES('47', '14', '2', 'get_opportunities', '12', 'Potentials', '0');
INSERT INTO `vtiger_relatedlists` VALUES('48', '10', '4', 'get_contacts', '1', 'Contacts', '0');
INSERT INTO `vtiger_relatedlists` VALUES('49', '10', '0', 'get_users', '2', 'Users', '0');
INSERT INTO `vtiger_relatedlists` VALUES('50', '10', '0', 'get_attachments', '3', 'Attachments', '0');
INSERT INTO `vtiger_relatedlists` VALUES('51', '13', '9', 'get_activities', '1', 'Activities', '0');
INSERT INTO `vtiger_relatedlists` VALUES('52', '13', '0', 'get_attachments', '2', 'Attachments', '0');
INSERT INTO `vtiger_relatedlists` VALUES('53', '13', '0', 'get_ticket_history', '3', 'Ticket History', '0');
INSERT INTO `vtiger_relatedlists` VALUES('54', '13', '9', 'get_history', '4', 'Activity History', '0');
INSERT INTO `vtiger_relatedlists` VALUES('55', '19', '14', 'get_pricebook_products', '2', 'Products', '0');
INSERT INTO `vtiger_relatedlists` VALUES('56', '18', '14', 'get_products', '1', 'Products', '0');
INSERT INTO `vtiger_relatedlists` VALUES('57', '18', '21', 'get_purchase_orders', '2', 'Purchase Order', '0');
INSERT INTO `vtiger_relatedlists` VALUES('58', '18', '4', 'get_contacts', '3', 'Contacts', '0');
INSERT INTO `vtiger_relatedlists` VALUES('59', '20', '23', 'get_salesorder', '1', 'Sales Order', '0');
INSERT INTO `vtiger_relatedlists` VALUES('60', '20', '9', 'get_activities', '2', 'Activities', '0');
INSERT INTO `vtiger_relatedlists` VALUES('61', '20', '0', 'get_attachments', '3', 'Attachments', '0');
INSERT INTO `vtiger_relatedlists` VALUES('62', '20', '9', 'get_history', '4', 'Activity History', '0');
INSERT INTO `vtiger_relatedlists` VALUES('63', '20', '0', 'get_quotestagehistory', '5', 'Quote Stage History', '0');
INSERT INTO `vtiger_relatedlists` VALUES('64', '21', '9', 'get_activities', '1', 'Activities', '0');
INSERT INTO `vtiger_relatedlists` VALUES('65', '21', '0', 'get_attachments', '2', 'Attachments', '0');
INSERT INTO `vtiger_relatedlists` VALUES('66', '21', '9', 'get_history', '3', 'Activity History', '0');
INSERT INTO `vtiger_relatedlists` VALUES('67', '21', '0', 'get_postatushistory', '4', 'PurchaseOrder Status History', '0');
INSERT INTO `vtiger_relatedlists` VALUES('68', '22', '9', 'get_activities', '1', 'Activities', '0');
INSERT INTO `vtiger_relatedlists` VALUES('69', '22', '0', 'get_attachments', '2', 'Attachments', '0');
INSERT INTO `vtiger_relatedlists` VALUES('70', '22', '23', 'get_invoices', '3', 'Invoice', '0');
INSERT INTO `vtiger_relatedlists` VALUES('71', '22', '9', 'get_history', '4', 'Activity History', '0');
INSERT INTO `vtiger_relatedlists` VALUES('72', '22', '0', 'get_sostatushistory', '5', 'SalesOrder Status History', '0');
INSERT INTO `vtiger_relatedlists` VALUES('73', '23', '9', 'get_activities', '1', 'Activities', '0');
INSERT INTO `vtiger_relatedlists` VALUES('74', '23', '0', 'get_attachments', '2', 'Attachments', '0');
INSERT INTO `vtiger_relatedlists` VALUES('75', '23', '9', 'get_history', '3', 'Activity History', '0');
INSERT INTO `vtiger_relatedlists` VALUES('76', '23', '0', 'get_invoicestatushistory', '4', 'Invoice Status History', '0');
INSERT INTO `vtiger_relatedlists` VALUES('77', '9', '0', 'get_users', '1', 'Users', '0');
INSERT INTO `vtiger_relatedlists` VALUES('78', '9', '4', 'get_contacts', '2', 'Contacts', '0');
INSERT INTO `vtiger_relatedlists` VALUES('79', '26', '4', 'get_contacts', '1', 'Contacts', '0');
INSERT INTO `vtiger_relatedlists` VALUES('80', '26', '7', 'get_leads', '2', 'Leads', '0');
INSERT INTO `vtiger_relatedlists` VALUES('81', '26', '2', 'get_opportunities', '3', 'Potentials', '0');
INSERT INTO `vtiger_relatedlists` VALUES('82', '26', '9', 'get_activities', '4', 'Activities', '0');

--
-- Table structure for table `vtiger_relatedlists_seq` 
--

CREATE TABLE `vtiger_relatedlists_seq` (
  `id` int(11) NOT NULL
) ENGINE=InnoDB DEFAULT CHARSET=latin1;

--
-- Dumping data for table `vtiger_relatedlists_seq` 
--

INSERT INTO `vtiger_relatedlists_seq` VALUES('82');

--
-- Table structure for table `vtiger_relcriteria` 
--

CREATE TABLE `vtiger_relcriteria` (
  `queryid` int(19) NOT NULL,
  `columnindex` int(11) NOT NULL,
  `columnname` varchar(250) default '',
  `comparator` varchar(10) default '',
  `value` varchar(200) default '',
  PRIMARY KEY  (`queryid`,`columnindex`),
  KEY `relcriteria_queryid_idx` (`queryid`),
  CONSTRAINT `fk_1_vtiger_relcriteria` FOREIGN KEY (`queryid`) REFERENCES `vtiger_selectquery` (`queryid`) ON DELETE CASCADE
) ENGINE=InnoDB DEFAULT CHARSET=latin1;

--
-- Dumping data for table `vtiger_relcriteria` 
--

INSERT INTO `vtiger_relcriteria` VALUES('1', '0', 'vtiger_accountContacts:accountname:Contacts_Account_Name:account_id:V', 'n', '');
INSERT INTO `vtiger_relcriteria` VALUES('2', '0', 'vtiger_accountContacts:accountname:Contacts_Account_Name:account_id:V', 'e', '');
INSERT INTO `vtiger_relcriteria` VALUES('3', '0', 'vtiger_potential:potentialname:Potentials_Potential_Name:potentialname:V', 'n', '');
INSERT INTO `vtiger_relcriteria` VALUES('7', '0', 'vtiger_potential:sales_stage:Potentials_Sales_Stage:sales_stage:V', 'e', 'Closed Won');
INSERT INTO `vtiger_relcriteria` VALUES('12', '0', 'vtiger_troubletickets:status:HelpDesk_Status:ticketstatus:V', 'n', 'Closed');
INSERT INTO `vtiger_relcriteria` VALUES('15', '0', 'vtiger_quotes:quotestage:Quotes_Quote_Stage:quotestage:V', 'n', 'Accepted');
INSERT INTO `vtiger_relcriteria` VALUES('15', '1', 'vtiger_quotes:quotestage:Quotes_Quote_Stage:quotestage:V', 'n', 'Rejected');

--
-- Table structure for table `vtiger_report` 
--

CREATE TABLE `vtiger_report` (
  `reportid` int(19) NOT NULL,
  `folderid` int(19) NOT NULL,
  `reportname` varchar(100) default '',
  `description` varchar(250) default '',
  `reporttype` varchar(50) default '',
  `queryid` int(19) NOT NULL default '0',
  `state` varchar(50) default 'SAVED',
  `customizable` int(1) default '1',
  `category` int(11) default '1',
  PRIMARY KEY  (`reportid`),
  KEY `report_queryid_idx` (`queryid`),
  KEY `report_folderid_idx` (`folderid`),
  CONSTRAINT `fk_2_vtiger_report` FOREIGN KEY (`queryid`) REFERENCES `vtiger_selectquery` (`queryid`) ON DELETE CASCADE
) ENGINE=InnoDB DEFAULT CHARSET=latin1;

--
-- Dumping data for table `vtiger_report` 
--

INSERT INTO `vtiger_report` VALUES('1', '1', 'Contacts by Accounts', 'Contacts related to Accounts', 'tabular', '1', 'SAVED', '1', '1');
INSERT INTO `vtiger_report` VALUES('2', '1', 'Contacts without Accounts', 'Contacts not related to Accounts', 'tabular', '2', 'SAVED', '1', '1');
INSERT INTO `vtiger_report` VALUES('3', '1', 'Contacts by Potentials', 'Contacts related to Potentials', 'tabular', '3', 'SAVED', '1', '1');
INSERT INTO `vtiger_report` VALUES('4', '2', 'Lead by Source', 'Lead by Source', 'summary', '4', 'SAVED', '1', '1');
INSERT INTO `vtiger_report` VALUES('5', '2', 'Lead Status Report', 'Lead Status Report', 'summary', '5', 'SAVED', '1', '1');
INSERT INTO `vtiger_report` VALUES('6', '3', 'Potential Pipeline', 'Potential Pipeline', 'summary', '6', 'SAVED', '1', '1');
INSERT INTO `vtiger_report` VALUES('7', '3', 'Closed Potentials', 'Potential that have Won', 'tabular', '7', 'SAVED', '1', '1');
INSERT INTO `vtiger_report` VALUES('8', '4', 'Last Month Activities', 'Last Month Activities', 'tabular', '8', 'SAVED', '1', '1');
INSERT INTO `vtiger_report` VALUES('9', '4', 'This Month Activities', 'This Month Activities', 'tabular', '9', 'SAVED', '1', '1');
INSERT INTO `vtiger_report` VALUES('10', '5', 'Tickets by Products', 'Tickets related to Products', 'tabular', '10', 'SAVED', '1', '1');
INSERT INTO `vtiger_report` VALUES('11', '5', 'Tickets by Priority', 'Tickets by Priority', 'summary', '11', 'SAVED', '1', '1');
INSERT INTO `vtiger_report` VALUES('12', '5', 'Open Tickets', 'Tickets that are Open', 'tabular', '12', 'SAVED', '1', '1');
INSERT INTO `vtiger_report` VALUES('13', '6', 'Product Details', 'Product Detailed Report', 'tabular', '13', 'SAVED', '1', '1');
INSERT INTO `vtiger_report` VALUES('14', '6', 'Products by Contacts', 'Products related to Contacts', 'tabular', '14', 'SAVED', '1', '1');
INSERT INTO `vtiger_report` VALUES('15', '7', 'Open Quotes', 'Quotes that are Open', 'tabular', '15', 'SAVED', '1', '1');
INSERT INTO `vtiger_report` VALUES('16', '7', 'Quotes Detailed Report', 'Quotes Detailed Report', 'tabular', '16', 'SAVED', '1', '1');
INSERT INTO `vtiger_report` VALUES('17', '8', 'PurchaseOrder by Contacts', 'PurchaseOrder related to Contacts', 'tabular', '17', 'SAVED', '1', '1');
INSERT INTO `vtiger_report` VALUES('18', '8', 'PurchaseOrder Detailed Report', 'PurchaseOrder Detailed Report', 'tabular', '18', 'SAVED', '1', '1');
INSERT INTO `vtiger_report` VALUES('19', '9', 'Invoice Detailed Report', 'Invoice Detailed Report', 'tabular', '19', 'SAVED', '1', '1');
INSERT INTO `vtiger_report` VALUES('20', '10', 'SalesOrder Detailed Report', 'SalesOrder Detailed Report', 'tabular', '20', 'SAVED', '1', '1');
INSERT INTO `vtiger_report` VALUES('21', '11', 'Campaign Expectations and Actuals', 'Campaign Expectations and Actuals', 'tabular', '21', 'SAVED', '1', '1');

--
-- Table structure for table `vtiger_reportdatefilter` 
--

CREATE TABLE `vtiger_reportdatefilter` (
  `datefilterid` int(19) NOT NULL,
  `datecolumnname` varchar(250) default '',
  `datefilter` varchar(250) default '',
  `startdate` date default NULL,
  `enddate` date default NULL,
  PRIMARY KEY  (`datefilterid`),
  KEY `reportdatefilter_datefilterid_idx` (`datefilterid`),
  CONSTRAINT `fk_1_vtiger_reportdatefilter` FOREIGN KEY (`datefilterid`) REFERENCES `vtiger_report` (`reportid`) ON DELETE CASCADE
) ENGINE=InnoDB DEFAULT CHARSET=latin1;

--
-- Dumping data for table `vtiger_reportdatefilter` 
--

INSERT INTO `vtiger_reportdatefilter` VALUES('8', 'vtiger_crmentity:modifiedtime:modifiedtime:Calendar_Modified_Time', 'lastmonth', '2005-05-01', '2005-05-31');
INSERT INTO `vtiger_reportdatefilter` VALUES('9', 'vtiger_crmentity:modifiedtime:modifiedtime:Calendar_Modified_Time', 'thismonth', '2005-06-01', '2005-06-30');

--
-- Table structure for table `vtiger_reportfolder` 
--

CREATE TABLE `vtiger_reportfolder` (
  `folderid` int(19) NOT NULL auto_increment,
  `foldername` varchar(100) NOT NULL default '',
  `description` varchar(250) default '',
  `state` varchar(50) default 'SAVED',
  PRIMARY KEY  (`folderid`)
) ENGINE=InnoDB DEFAULT CHARSET=latin1;

--
-- Dumping data for table `vtiger_reportfolder` 
--

INSERT INTO `vtiger_reportfolder` VALUES('1', 'Account and Contact Reports', 'Account and Contact Reports', 'SAVED');
INSERT INTO `vtiger_reportfolder` VALUES('2', 'Lead Reports', 'Lead Reports', 'SAVED');
INSERT INTO `vtiger_reportfolder` VALUES('3', 'Potential Reports', 'Potential Reports', 'SAVED');
INSERT INTO `vtiger_reportfolder` VALUES('4', 'Activity Reports', 'Activity Reports', 'SAVED');
INSERT INTO `vtiger_reportfolder` VALUES('5', 'HelpDesk Reports', 'HelpDesk Reports', 'SAVED');
INSERT INTO `vtiger_reportfolder` VALUES('6', 'Product Reports', 'Product Reports', 'SAVED');
INSERT INTO `vtiger_reportfolder` VALUES('7', 'Quote Reports', 'Quote Reports', 'SAVED');
INSERT INTO `vtiger_reportfolder` VALUES('8', 'PurchaseOrder Reports', 'PurchaseOrder Reports', 'SAVED');
INSERT INTO `vtiger_reportfolder` VALUES('9', 'Invoice Reports', 'Invoice Reports', 'SAVED');
INSERT INTO `vtiger_reportfolder` VALUES('10', 'SalesOrder Reports', 'SalesOrder Reports', 'SAVED');
INSERT INTO `vtiger_reportfolder` VALUES('11', 'Campaign Reports', 'Campaign Reports', 'SAVED');

--
-- Table structure for table `vtiger_reportmodules` 
--

CREATE TABLE `vtiger_reportmodules` (
  `reportmodulesid` int(19) NOT NULL,
  `primarymodule` varchar(50) NOT NULL default '',
  `secondarymodules` varchar(250) default '',
  PRIMARY KEY  (`reportmodulesid`),
  CONSTRAINT `fk_1_vtiger_reportmodules` FOREIGN KEY (`reportmodulesid`) REFERENCES `vtiger_report` (`reportid`) ON DELETE CASCADE
) ENGINE=InnoDB DEFAULT CHARSET=latin1;

--
-- Dumping data for table `vtiger_reportmodules` 
--

INSERT INTO `vtiger_reportmodules` VALUES('1', 'Contacts', 'Accounts');
INSERT INTO `vtiger_reportmodules` VALUES('2', 'Contacts', 'Accounts');
INSERT INTO `vtiger_reportmodules` VALUES('3', 'Contacts', 'Potentials');
INSERT INTO `vtiger_reportmodules` VALUES('4', 'Leads', '');
INSERT INTO `vtiger_reportmodules` VALUES('5', 'Leads', '');
INSERT INTO `vtiger_reportmodules` VALUES('6', 'Potentials', '');
INSERT INTO `vtiger_reportmodules` VALUES('7', 'Potentials', '');
INSERT INTO `vtiger_reportmodules` VALUES('8', 'Calendar', '');
INSERT INTO `vtiger_reportmodules` VALUES('9', 'Calendar', '');
INSERT INTO `vtiger_reportmodules` VALUES('10', 'HelpDesk', 'Products');
INSERT INTO `vtiger_reportmodules` VALUES('11', 'HelpDesk', '');
INSERT INTO `vtiger_reportmodules` VALUES('12', 'HelpDesk', '');
INSERT INTO `vtiger_reportmodules` VALUES('13', 'Products', '');
INSERT INTO `vtiger_reportmodules` VALUES('14', 'Products', 'Contacts');
INSERT INTO `vtiger_reportmodules` VALUES('15', 'Quotes', '');
INSERT INTO `vtiger_reportmodules` VALUES('16', 'Quotes', '');
INSERT INTO `vtiger_reportmodules` VALUES('17', 'PurchaseOrder', 'Contacts');
INSERT INTO `vtiger_reportmodules` VALUES('18', 'PurchaseOrder', '');
INSERT INTO `vtiger_reportmodules` VALUES('19', 'Invoice', '');
INSERT INTO `vtiger_reportmodules` VALUES('20', 'SalesOrder', '');
INSERT INTO `vtiger_reportmodules` VALUES('21', 'Campaigns', '');

--
-- Table structure for table `vtiger_reportsortcol` 
--

CREATE TABLE `vtiger_reportsortcol` (
  `sortcolid` int(19) NOT NULL,
  `reportid` int(19) NOT NULL,
  `columnname` varchar(250) default '',
  `sortorder` varchar(250) default 'Asc',
  PRIMARY KEY  (`sortcolid`,`reportid`),
  KEY `fk_1_vtiger_reportsortcol` (`reportid`),
  CONSTRAINT `fk_1_vtiger_reportsortcol` FOREIGN KEY (`reportid`) REFERENCES `vtiger_report` (`reportid`) ON DELETE CASCADE
) ENGINE=InnoDB DEFAULT CHARSET=latin1;

--
-- Dumping data for table `vtiger_reportsortcol` 
--

INSERT INTO `vtiger_reportsortcol` VALUES('1', '4', 'vtiger_leaddetails:leadsource:Leads_Lead_Source:leadsource:V', 'Ascending');
INSERT INTO `vtiger_reportsortcol` VALUES('1', '5', 'vtiger_leaddetails:leadstatus:Leads_Lead_Status:leadstatus:V', 'Ascending');
INSERT INTO `vtiger_reportsortcol` VALUES('1', '6', 'vtiger_potential:sales_stage:Potentials_Sales_Stage:sales_stage:V', 'Ascending');
INSERT INTO `vtiger_reportsortcol` VALUES('1', '11', 'vtiger_troubletickets:priority:HelpDesk_Priority:ticketpriorities:V', 'Ascending');

--
-- Table structure for table `vtiger_reportsummary` 
--

CREATE TABLE `vtiger_reportsummary` (
  `reportsummaryid` int(19) NOT NULL,
  `summarytype` int(19) NOT NULL,
  `columnname` varchar(250) NOT NULL default '',
  PRIMARY KEY  (`reportsummaryid`,`summarytype`,`columnname`),
  KEY `reportsummary_reportsummaryid_idx` (`reportsummaryid`),
  CONSTRAINT `fk_1_vtiger_reportsummary` FOREIGN KEY (`reportsummaryid`) REFERENCES `vtiger_report` (`reportid`) ON DELETE CASCADE
) ENGINE=InnoDB DEFAULT CHARSET=latin1;

--
-- Dumping data for table `vtiger_reportsummary` 
--


--
-- Table structure for table `vtiger_revenuetype` 
--

CREATE TABLE `vtiger_revenuetype` (
  `revenuetypeid` int(19) NOT NULL auto_increment,
  `revenuetype` varchar(200) NOT NULL,
  `sortorderid` int(19) NOT NULL default '0',
  `presence` int(1) NOT NULL default '1',
  PRIMARY KEY  (`revenuetypeid`),
  UNIQUE KEY `revenuetype_revenuetype_idx` (`revenuetype`)
) ENGINE=InnoDB DEFAULT CHARSET=latin1;

--
-- Dumping data for table `vtiger_revenuetype` 
--


--
-- Table structure for table `vtiger_role` 
--

CREATE TABLE `vtiger_role` (
  `roleid` varchar(255) NOT NULL,
  `rolename` varchar(200) default NULL,
  `parentrole` varchar(255) default NULL,
  `depth` int(19) default NULL,
  PRIMARY KEY  (`roleid`)
) ENGINE=InnoDB DEFAULT CHARSET=latin1;

--
-- Dumping data for table `vtiger_role` 
--

INSERT INTO `vtiger_role` VALUES('H1', 'Organisation', 'H1', '0');
INSERT INTO `vtiger_role` VALUES('H2', 'CEO', 'H1::H2', '1');
INSERT INTO `vtiger_role` VALUES('H3', 'Vice President', 'H1::H2::H3', '2');
INSERT INTO `vtiger_role` VALUES('H4', 'Sales Manager', 'H1::H2::H4', '2');
INSERT INTO `vtiger_role` VALUES('H5', 'Service Partenaires et Mécènes', 'H1::H2::H5', '2');
INSERT INTO `vtiger_role` VALUES('H6', 'Service Régie Technique', 'H1::H2::H6', '2');
INSERT INTO `vtiger_role` VALUES('H7', 'Service Presse / Communication', 'H1::H2::H7', '2');
INSERT INTO `vtiger_role` VALUES('H8', 'Service Bénévoles', 'H1::H2::H8', '2');
INSERT INTO `vtiger_role` VALUES('H9', 'Visualisation', 'H1::H2::H9', '2');

--
-- Table structure for table `vtiger_role2picklist` 
--

CREATE TABLE `vtiger_role2picklist` (
  `roleid` varchar(255) NOT NULL,
  `picklistvalueid` int(11) NOT NULL,
  `picklistid` int(11) NOT NULL,
  `sortid` int(11) default NULL,
  PRIMARY KEY  (`roleid`,`picklistvalueid`,`picklistid`),
  KEY `role2picklist_roleid_picklistid_idx` (`roleid`,`picklistid`,`picklistvalueid`),
  KEY `fk_2_vtiger_role2picklist` (`picklistid`),
  CONSTRAINT `fk_1_vtiger_role2picklist` FOREIGN KEY (`roleid`) REFERENCES `vtiger_role` (`roleid`) ON DELETE CASCADE,
  CONSTRAINT `fk_2_vtiger_role2picklist` FOREIGN KEY (`picklistid`) REFERENCES `vtiger_picklist` (`picklistid`) ON DELETE CASCADE
) ENGINE=InnoDB DEFAULT CHARSET=latin1;

--
-- Dumping data for table `vtiger_role2picklist` 
--

INSERT INTO `vtiger_role2picklist` VALUES('H1', '2', '1', '0');
INSERT INTO `vtiger_role2picklist` VALUES('H1', '3', '1', '1');
INSERT INTO `vtiger_role2picklist` VALUES('H1', '4', '1', '2');
INSERT INTO `vtiger_role2picklist` VALUES('H1', '5', '1', '3');
INSERT INTO `vtiger_role2picklist` VALUES('H1', '6', '1', '4');
INSERT INTO `vtiger_role2picklist` VALUES('H1', '7', '1', '5');
INSERT INTO `vtiger_role2picklist` VALUES('H1', '8', '1', '6');
INSERT INTO `vtiger_role2picklist` VALUES('H1', '9', '1', '7');
INSERT INTO `vtiger_role2picklist` VALUES('H1', '10', '1', '8');
INSERT INTO `vtiger_role2picklist` VALUES('H1', '11', '1', '9');
INSERT INTO `vtiger_role2picklist` VALUES('H1', '12', '1', '10');
INSERT INTO `vtiger_role2picklist` VALUES('H1', '13', '1', '11');
INSERT INTO `vtiger_role2picklist` VALUES('H1', '14', '1', '12');
INSERT INTO `vtiger_role2picklist` VALUES('H1', '15', '2', '0');
INSERT INTO `vtiger_role2picklist` VALUES('H1', '16', '2', '1');
INSERT INTO `vtiger_role2picklist` VALUES('H1', '17', '2', '2');
INSERT INTO `vtiger_role2picklist` VALUES('H1', '18', '2', '3');
INSERT INTO `vtiger_role2picklist` VALUES('H1', '19', '2', '4');
INSERT INTO `vtiger_role2picklist` VALUES('H1', '20', '2', '5');
INSERT INTO `vtiger_role2picklist` VALUES('H1', '21', '2', '6');
INSERT INTO `vtiger_role2picklist` VALUES('H1', '22', '2', '7');
INSERT INTO `vtiger_role2picklist` VALUES('H1', '23', '2', '8');
INSERT INTO `vtiger_role2picklist` VALUES('H1', '24', '2', '9');
INSERT INTO `vtiger_role2picklist` VALUES('H1', '25', '2', '10');
INSERT INTO `vtiger_role2picklist` VALUES('H1', '26', '3', '0');
INSERT INTO `vtiger_role2picklist` VALUES('H1', '27', '3', '1');
INSERT INTO `vtiger_role2picklist` VALUES('H1', '28', '3', '2');
INSERT INTO `vtiger_role2picklist` VALUES('H1', '29', '3', '3');
INSERT INTO `vtiger_role2picklist` VALUES('H1', '30', '3', '4');
INSERT INTO `vtiger_role2picklist` VALUES('H1', '31', '3', '5');
INSERT INTO `vtiger_role2picklist` VALUES('H1', '32', '3', '6');
INSERT INTO `vtiger_role2picklist` VALUES('H1', '33', '3', '7');
INSERT INTO `vtiger_role2picklist` VALUES('H1', '34', '3', '8');
INSERT INTO `vtiger_role2picklist` VALUES('H1', '35', '3', '9');
INSERT INTO `vtiger_role2picklist` VALUES('H1', '36', '3', '10');
INSERT INTO `vtiger_role2picklist` VALUES('H1', '37', '3', '11');
INSERT INTO `vtiger_role2picklist` VALUES('H1', '38', '3', '12');
INSERT INTO `vtiger_role2picklist` VALUES('H1', '39', '3', '13');
INSERT INTO `vtiger_role2picklist` VALUES('H1', '40', '3', '14');
INSERT INTO `vtiger_role2picklist` VALUES('H1', '41', '3', '15');
INSERT INTO `vtiger_role2picklist` VALUES('H1', '42', '3', '16');
INSERT INTO `vtiger_role2picklist` VALUES('H1', '43', '3', '17');
INSERT INTO `vtiger_role2picklist` VALUES('H1', '44', '3', '18');
INSERT INTO `vtiger_role2picklist` VALUES('H1', '45', '3', '19');
INSERT INTO `vtiger_role2picklist` VALUES('H1', '46', '3', '20');
INSERT INTO `vtiger_role2picklist` VALUES('H1', '47', '3', '21');
INSERT INTO `vtiger_role2picklist` VALUES('H1', '48', '3', '22');
INSERT INTO `vtiger_role2picklist` VALUES('H1', '49', '3', '23');
INSERT INTO `vtiger_role2picklist` VALUES('H1', '50', '3', '24');
INSERT INTO `vtiger_role2picklist` VALUES('H1', '51', '3', '25');
INSERT INTO `vtiger_role2picklist` VALUES('H1', '52', '3', '26');
INSERT INTO `vtiger_role2picklist` VALUES('H1', '53', '3', '27');
INSERT INTO `vtiger_role2picklist` VALUES('H1', '54', '3', '28');
INSERT INTO `vtiger_role2picklist` VALUES('H1', '55', '3', '29');
INSERT INTO `vtiger_role2picklist` VALUES('H1', '56', '3', '30');
INSERT INTO `vtiger_role2picklist` VALUES('H1', '57', '3', '31');
INSERT INTO `vtiger_role2picklist` VALUES('H1', '58', '4', '0');
INSERT INTO `vtiger_role2picklist` VALUES('H1', '59', '4', '1');
INSERT INTO `vtiger_role2picklist` VALUES('H1', '60', '4', '2');
INSERT INTO `vtiger_role2picklist` VALUES('H1', '61', '4', '3');
INSERT INTO `vtiger_role2picklist` VALUES('H1', '62', '4', '4');
INSERT INTO `vtiger_role2picklist` VALUES('H1', '63', '4', '5');
INSERT INTO `vtiger_role2picklist` VALUES('H1', '64', '4', '6');
INSERT INTO `vtiger_role2picklist` VALUES('H1', '65', '4', '7');
INSERT INTO `vtiger_role2picklist` VALUES('H1', '66', '4', '8');
INSERT INTO `vtiger_role2picklist` VALUES('H1', '67', '4', '9');
INSERT INTO `vtiger_role2picklist` VALUES('H1', '68', '4', '10');
INSERT INTO `vtiger_role2picklist` VALUES('H1', '69', '4', '11');
INSERT INTO `vtiger_role2picklist` VALUES('H1', '70', '5', '0');
INSERT INTO `vtiger_role2picklist` VALUES('H1', '71', '5', '1');
INSERT INTO `vtiger_role2picklist` VALUES('H1', '72', '5', '2');
INSERT INTO `vtiger_role2picklist` VALUES('H1', '73', '5', '3');
INSERT INTO `vtiger_role2picklist` VALUES('H1', '74', '5', '4');
INSERT INTO `vtiger_role2picklist` VALUES('H1', '75', '5', '5');
INSERT INTO `vtiger_role2picklist` VALUES('H1', '76', '6', '0');
INSERT INTO `vtiger_role2picklist` VALUES('H1', '77', '6', '1');
INSERT INTO `vtiger_role2picklist` VALUES('H1', '78', '6', '2');
INSERT INTO `vtiger_role2picklist` VALUES('H1', '79', '7', '0');
INSERT INTO `vtiger_role2picklist` VALUES('H1', '80', '7', '1');
INSERT INTO `vtiger_role2picklist` VALUES('H1', '81', '7', '2');
INSERT INTO `vtiger_role2picklist` VALUES('H1', '82', '7', '3');
INSERT INTO `vtiger_role2picklist` VALUES('H1', '83', '7', '4');
INSERT INTO `vtiger_role2picklist` VALUES('H1', '84', '7', '5');
INSERT INTO `vtiger_role2picklist` VALUES('H1', '85', '8', '0');
INSERT INTO `vtiger_role2picklist` VALUES('H1', '86', '8', '1');
INSERT INTO `vtiger_role2picklist` VALUES('H1', '87', '8', '2');
INSERT INTO `vtiger_role2picklist` VALUES('H1', '88', '8', '3');
INSERT INTO `vtiger_role2picklist` VALUES('H1', '89', '8', '4');
INSERT INTO `vtiger_role2picklist` VALUES('H1', '90', '8', '5');
INSERT INTO `vtiger_role2picklist` VALUES('H1', '91', '8', '6');
INSERT INTO `vtiger_role2picklist` VALUES('H1', '92', '8', '7');
INSERT INTO `vtiger_role2picklist` VALUES('H1', '93', '8', '8');
INSERT INTO `vtiger_role2picklist` VALUES('H1', '94', '8', '9');
INSERT INTO `vtiger_role2picklist` VALUES('H1', '95', '9', '0');
INSERT INTO `vtiger_role2picklist` VALUES('H1', '96', '9', '1');
INSERT INTO `vtiger_role2picklist` VALUES('H1', '97', '9', '2');
INSERT INTO `vtiger_role2picklist` VALUES('H1', '98', '9', '3');
INSERT INTO `vtiger_role2picklist` VALUES('H1', '99', '10', '0');
INSERT INTO `vtiger_role2picklist` VALUES('H1', '100', '10', '1');
INSERT INTO `vtiger_role2picklist` VALUES('H1', '101', '10', '2');
INSERT INTO `vtiger_role2picklist` VALUES('H1', '102', '10', '3');
INSERT INTO `vtiger_role2picklist` VALUES('H1', '103', '11', '0');
INSERT INTO `vtiger_role2picklist` VALUES('H1', '104', '11', '1');
INSERT INTO `vtiger_role2picklist` VALUES('H1', '105', '11', '2');
INSERT INTO `vtiger_role2picklist` VALUES('H1', '106', '11', '3');
INSERT INTO `vtiger_role2picklist` VALUES('H1', '107', '12', '0');
INSERT INTO `vtiger_role2picklist` VALUES('H1', '108', '12', '1');
INSERT INTO `vtiger_role2picklist` VALUES('H1', '109', '12', '2');
INSERT INTO `vtiger_role2picklist` VALUES('H1', '110', '13', '0');
INSERT INTO `vtiger_role2picklist` VALUES('H1', '111', '13', '1');
INSERT INTO `vtiger_role2picklist` VALUES('H1', '112', '13', '2');
INSERT INTO `vtiger_role2picklist` VALUES('H1', '113', '14', '0');
INSERT INTO `vtiger_role2picklist` VALUES('H1', '114', '14', '1');
INSERT INTO `vtiger_role2picklist` VALUES('H1', '115', '14', '2');
INSERT INTO `vtiger_role2picklist` VALUES('H1', '116', '14', '3');
INSERT INTO `vtiger_role2picklist` VALUES('H1', '117', '14', '4');
INSERT INTO `vtiger_role2picklist` VALUES('H1', '118', '14', '5');
INSERT INTO `vtiger_role2picklist` VALUES('H1', '119', '15', '0');
INSERT INTO `vtiger_role2picklist` VALUES('H1', '120', '15', '1');
INSERT INTO `vtiger_role2picklist` VALUES('H1', '121', '15', '2');
INSERT INTO `vtiger_role2picklist` VALUES('H1', '122', '16', '0');
INSERT INTO `vtiger_role2picklist` VALUES('H1', '123', '16', '1');
INSERT INTO `vtiger_role2picklist` VALUES('H1', '124', '16', '2');
INSERT INTO `vtiger_role2picklist` VALUES('H1', '125', '16', '3');
INSERT INTO `vtiger_role2picklist` VALUES('H1', '126', '17', '0');
INSERT INTO `vtiger_role2picklist` VALUES('H1', '127', '17', '1');
INSERT INTO `vtiger_role2picklist` VALUES('H1', '128', '17', '2');
INSERT INTO `vtiger_role2picklist` VALUES('H1', '129', '17', '3');
INSERT INTO `vtiger_role2picklist` VALUES('H1', '130', '18', '0');
INSERT INTO `vtiger_role2picklist` VALUES('H1', '131', '19', '0');
INSERT INTO `vtiger_role2picklist` VALUES('H1', '132', '19', '1');
INSERT INTO `vtiger_role2picklist` VALUES('H1', '133', '19', '2');
INSERT INTO `vtiger_role2picklist` VALUES('H1', '134', '19', '3');
INSERT INTO `vtiger_role2picklist` VALUES('H1', '135', '19', '4');
INSERT INTO `vtiger_role2picklist` VALUES('H1', '136', '19', '5');
INSERT INTO `vtiger_role2picklist` VALUES('H1', '137', '19', '6');
INSERT INTO `vtiger_role2picklist` VALUES('H1', '138', '19', '7');
INSERT INTO `vtiger_role2picklist` VALUES('H1', '139', '19', '8');
INSERT INTO `vtiger_role2picklist` VALUES('H1', '140', '19', '9');
INSERT INTO `vtiger_role2picklist` VALUES('H1', '141', '19', '10');
INSERT INTO `vtiger_role2picklist` VALUES('H1', '142', '19', '11');
INSERT INTO `vtiger_role2picklist` VALUES('H1', '143', '19', '12');
INSERT INTO `vtiger_role2picklist` VALUES('H1', '144', '19', '13');
INSERT INTO `vtiger_role2picklist` VALUES('H1', '145', '19', '14');
INSERT INTO `vtiger_role2picklist` VALUES('H1', '146', '19', '15');
INSERT INTO `vtiger_role2picklist` VALUES('H1', '147', '20', '0');
INSERT INTO `vtiger_role2picklist` VALUES('H1', '148', '20', '1');
INSERT INTO `vtiger_role2picklist` VALUES('H1', '149', '20', '2');
INSERT INTO `vtiger_role2picklist` VALUES('H1', '150', '20', '3');
INSERT INTO `vtiger_role2picklist` VALUES('H1', '151', '20', '4');
INSERT INTO `vtiger_role2picklist` VALUES('H1', '152', '20', '5');
INSERT INTO `vtiger_role2picklist` VALUES('H1', '153', '20', '6');
INSERT INTO `vtiger_role2picklist` VALUES('H1', '154', '20', '7');
INSERT INTO `vtiger_role2picklist` VALUES('H1', '155', '20', '8');
INSERT INTO `vtiger_role2picklist` VALUES('H1', '156', '21', '0');
INSERT INTO `vtiger_role2picklist` VALUES('H1', '157', '21', '1');
INSERT INTO `vtiger_role2picklist` VALUES('H1', '158', '21', '2');
INSERT INTO `vtiger_role2picklist` VALUES('H1', '159', '21', '3');
INSERT INTO `vtiger_role2picklist` VALUES('H1', '160', '21', '4');
INSERT INTO `vtiger_role2picklist` VALUES('H1', '161', '22', '0');
INSERT INTO `vtiger_role2picklist` VALUES('H1', '162', '22', '1');
INSERT INTO `vtiger_role2picklist` VALUES('H1', '163', '22', '2');
INSERT INTO `vtiger_role2picklist` VALUES('H1', '164', '22', '3');
INSERT INTO `vtiger_role2picklist` VALUES('H1', '165', '22', '4');
INSERT INTO `vtiger_role2picklist` VALUES('H1', '166', '23', '0');
INSERT INTO `vtiger_role2picklist` VALUES('H1', '167', '23', '1');
INSERT INTO `vtiger_role2picklist` VALUES('H1', '168', '23', '2');
INSERT INTO `vtiger_role2picklist` VALUES('H1', '169', '23', '3');
INSERT INTO `vtiger_role2picklist` VALUES('H1', '170', '24', '0');
INSERT INTO `vtiger_role2picklist` VALUES('H1', '171', '24', '1');
INSERT INTO `vtiger_role2picklist` VALUES('H1', '172', '24', '2');
INSERT INTO `vtiger_role2picklist` VALUES('H1', '173', '24', '3');
INSERT INTO `vtiger_role2picklist` VALUES('H1', '174', '24', '4');
INSERT INTO `vtiger_role2picklist` VALUES('H1', '175', '25', '0');
INSERT INTO `vtiger_role2picklist` VALUES('H1', '176', '25', '1');
INSERT INTO `vtiger_role2picklist` VALUES('H1', '177', '25', '2');
INSERT INTO `vtiger_role2picklist` VALUES('H1', '178', '25', '3');
INSERT INTO `vtiger_role2picklist` VALUES('H1', '179', '25', '4');
INSERT INTO `vtiger_role2picklist` VALUES('H1', '180', '26', '0');
INSERT INTO `vtiger_role2picklist` VALUES('H1', '181', '26', '1');
INSERT INTO `vtiger_role2picklist` VALUES('H1', '182', '26', '2');
INSERT INTO `vtiger_role2picklist` VALUES('H1', '183', '26', '3');
INSERT INTO `vtiger_role2picklist` VALUES('H1', '184', '27', '0');
INSERT INTO `vtiger_role2picklist` VALUES('H1', '185', '27', '1');
INSERT INTO `vtiger_role2picklist` VALUES('H1', '186', '27', '2');
INSERT INTO `vtiger_role2picklist` VALUES('H1', '187', '27', '3');
INSERT INTO `vtiger_role2picklist` VALUES('H1', '188', '27', '4');
INSERT INTO `vtiger_role2picklist` VALUES('H1', '189', '27', '5');
INSERT INTO `vtiger_role2picklist` VALUES('H1', '190', '27', '6');
INSERT INTO `vtiger_role2picklist` VALUES('H1', '191', '27', '7');
INSERT INTO `vtiger_role2picklist` VALUES('H1', '192', '27', '8');
INSERT INTO `vtiger_role2picklist` VALUES('H1', '193', '27', '9');
INSERT INTO `vtiger_role2picklist` VALUES('H1', '194', '27', '10');
INSERT INTO `vtiger_role2picklist` VALUES('H1', '195', '27', '11');
INSERT INTO `vtiger_role2picklist` VALUES('H1', '196', '27', '12');
INSERT INTO `vtiger_role2picklist` VALUES('H1', '197', '28', '0');
INSERT INTO `vtiger_role2picklist` VALUES('H1', '198', '28', '1');
INSERT INTO `vtiger_role2picklist` VALUES('H1', '199', '28', '2');
INSERT INTO `vtiger_role2picklist` VALUES('H1', '200', '28', '3');
INSERT INTO `vtiger_role2picklist` VALUES('H1', '201', '28', '4');
INSERT INTO `vtiger_role2picklist` VALUES('H1', '202', '28', '5');
INSERT INTO `vtiger_role2picklist` VALUES('H1', '203', '29', '0');
INSERT INTO `vtiger_role2picklist` VALUES('H1', '204', '29', '1');
INSERT INTO `vtiger_role2picklist` VALUES('H1', '205', '29', '2');
INSERT INTO `vtiger_role2picklist` VALUES('H1', '206', '29', '3');
INSERT INTO `vtiger_role2picklist` VALUES('H1', '207', '29', '4');
INSERT INTO `vtiger_role2picklist` VALUES('H2', '2', '1', '0');
INSERT INTO `vtiger_role2picklist` VALUES('H2', '3', '1', '1');
INSERT INTO `vtiger_role2picklist` VALUES('H2', '4', '1', '2');
INSERT INTO `vtiger_role2picklist` VALUES('H2', '7', '1', '5');
INSERT INTO `vtiger_role2picklist` VALUES('H2', '9', '1', '6');
INSERT INTO `vtiger_role2picklist` VALUES('H2', '14', '1', '7');
INSERT INTO `vtiger_role2picklist` VALUES('H2', '15', '2', '0');
INSERT INTO `vtiger_role2picklist` VALUES('H2', '21', '2', '3');
INSERT INTO `vtiger_role2picklist` VALUES('H2', '22', '2', '4');
INSERT INTO `vtiger_role2picklist` VALUES('H2', '23', '2', '5');
INSERT INTO `vtiger_role2picklist` VALUES('H2', '25', '2', '7');
INSERT INTO `vtiger_role2picklist` VALUES('H2', '26', '3', '0');
INSERT INTO `vtiger_role2picklist` VALUES('H2', '27', '3', '1');
INSERT INTO `vtiger_role2picklist` VALUES('H2', '28', '3', '2');
INSERT INTO `vtiger_role2picklist` VALUES('H2', '29', '3', '3');
INSERT INTO `vtiger_role2picklist` VALUES('H2', '30', '3', '4');
INSERT INTO `vtiger_role2picklist` VALUES('H2', '31', '3', '5');
INSERT INTO `vtiger_role2picklist` VALUES('H2', '32', '3', '6');
INSERT INTO `vtiger_role2picklist` VALUES('H2', '33', '3', '7');
INSERT INTO `vtiger_role2picklist` VALUES('H2', '34', '3', '8');
INSERT INTO `vtiger_role2picklist` VALUES('H2', '35', '3', '9');
INSERT INTO `vtiger_role2picklist` VALUES('H2', '36', '3', '10');
INSERT INTO `vtiger_role2picklist` VALUES('H2', '37', '3', '11');
INSERT INTO `vtiger_role2picklist` VALUES('H2', '38', '3', '12');
INSERT INTO `vtiger_role2picklist` VALUES('H2', '39', '3', '13');
INSERT INTO `vtiger_role2picklist` VALUES('H2', '40', '3', '14');
INSERT INTO `vtiger_role2picklist` VALUES('H2', '41', '3', '15');
INSERT INTO `vtiger_role2picklist` VALUES('H2', '42', '3', '16');
INSERT INTO `vtiger_role2picklist` VALUES('H2', '43', '3', '17');
INSERT INTO `vtiger_role2picklist` VALUES('H2', '44', '3', '18');
INSERT INTO `vtiger_role2picklist` VALUES('H2', '45', '3', '19');
INSERT INTO `vtiger_role2picklist` VALUES('H2', '46', '3', '20');
INSERT INTO `vtiger_role2picklist` VALUES('H2', '47', '3', '21');
INSERT INTO `vtiger_role2picklist` VALUES('H2', '48', '3', '22');
INSERT INTO `vtiger_role2picklist` VALUES('H2', '49', '3', '23');
INSERT INTO `vtiger_role2picklist` VALUES('H2', '50', '3', '24');
INSERT INTO `vtiger_role2picklist` VALUES('H2', '51', '3', '25');
INSERT INTO `vtiger_role2picklist` VALUES('H2', '52', '3', '26');
INSERT INTO `vtiger_role2picklist` VALUES('H2', '53', '3', '27');
INSERT INTO `vtiger_role2picklist` VALUES('H2', '54', '3', '28');
INSERT INTO `vtiger_role2picklist` VALUES('H2', '55', '3', '29');
INSERT INTO `vtiger_role2picklist` VALUES('H2', '56', '3', '30');
INSERT INTO `vtiger_role2picklist` VALUES('H2', '57', '3', '31');
INSERT INTO `vtiger_role2picklist` VALUES('H2', '58', '4', '0');
INSERT INTO `vtiger_role2picklist` VALUES('H2', '59', '4', '1');
INSERT INTO `vtiger_role2picklist` VALUES('H2', '60', '4', '2');
INSERT INTO `vtiger_role2picklist` VALUES('H2', '61', '4', '3');
INSERT INTO `vtiger_role2picklist` VALUES('H2', '62', '4', '4');
INSERT INTO `vtiger_role2picklist` VALUES('H2', '63', '4', '5');
INSERT INTO `vtiger_role2picklist` VALUES('H2', '64', '4', '6');
INSERT INTO `vtiger_role2picklist` VALUES('H2', '65', '4', '7');
INSERT INTO `vtiger_role2picklist` VALUES('H2', '66', '4', '8');
INSERT INTO `vtiger_role2picklist` VALUES('H2', '67', '4', '9');
INSERT INTO `vtiger_role2picklist` VALUES('H2', '68', '4', '10');
INSERT INTO `vtiger_role2picklist` VALUES('H2', '69', '4', '11');
INSERT INTO `vtiger_role2picklist` VALUES('H2', '70', '5', '0');
INSERT INTO `vtiger_role2picklist` VALUES('H2', '71', '5', '1');
INSERT INTO `vtiger_role2picklist` VALUES('H2', '72', '5', '2');
INSERT INTO `vtiger_role2picklist` VALUES('H2', '73', '5', '3');
INSERT INTO `vtiger_role2picklist` VALUES('H2', '74', '5', '4');
INSERT INTO `vtiger_role2picklist` VALUES('H2', '75', '5', '5');
INSERT INTO `vtiger_role2picklist` VALUES('H2', '76', '6', '0');
INSERT INTO `vtiger_role2picklist` VALUES('H2', '77', '6', '1');
INSERT INTO `vtiger_role2picklist` VALUES('H2', '78', '6', '2');
INSERT INTO `vtiger_role2picklist` VALUES('H2', '79', '7', '0');
INSERT INTO `vtiger_role2picklist` VALUES('H2', '80', '7', '1');
INSERT INTO `vtiger_role2picklist` VALUES('H2', '81', '7', '2');
INSERT INTO `vtiger_role2picklist` VALUES('H2', '82', '7', '3');
INSERT INTO `vtiger_role2picklist` VALUES('H2', '85', '8', '0');
INSERT INTO `vtiger_role2picklist` VALUES('H2', '86', '8', '1');
INSERT INTO `vtiger_role2picklist` VALUES('H2', '87', '8', '2');
INSERT INTO `vtiger_role2picklist` VALUES('H2', '88', '8', '3');
INSERT INTO `vtiger_role2picklist` VALUES('H2', '89', '8', '4');
INSERT INTO `vtiger_role2picklist` VALUES('H2', '90', '8', '5');
INSERT INTO `vtiger_role2picklist` VALUES('H2', '91', '8', '6');
INSERT INTO `vtiger_role2picklist` VALUES('H2', '92', '8', '7');
INSERT INTO `vtiger_role2picklist` VALUES('H2', '93', '8', '8');
INSERT INTO `vtiger_role2picklist` VALUES('H2', '94', '8', '9');
INSERT INTO `vtiger_role2picklist` VALUES('H2', '95', '9', '0');
INSERT INTO `vtiger_role2picklist` VALUES('H2', '96', '9', '1');
INSERT INTO `vtiger_role2picklist` VALUES('H2', '97', '9', '2');
INSERT INTO `vtiger_role2picklist` VALUES('H2', '98', '9', '3');
INSERT INTO `vtiger_role2picklist` VALUES('H2', '99', '10', '0');
INSERT INTO `vtiger_role2picklist` VALUES('H2', '100', '10', '1');
INSERT INTO `vtiger_role2picklist` VALUES('H2', '101', '10', '2');
INSERT INTO `vtiger_role2picklist` VALUES('H2', '102', '10', '3');
INSERT INTO `vtiger_role2picklist` VALUES('H2', '103', '11', '0');
INSERT INTO `vtiger_role2picklist` VALUES('H2', '104', '11', '1');
INSERT INTO `vtiger_role2picklist` VALUES('H2', '105', '11', '2');
INSERT INTO `vtiger_role2picklist` VALUES('H2', '106', '11', '3');
INSERT INTO `vtiger_role2picklist` VALUES('H2', '107', '12', '0');
INSERT INTO `vtiger_role2picklist` VALUES('H2', '108', '12', '1');
INSERT INTO `vtiger_role2picklist` VALUES('H2', '109', '12', '2');
INSERT INTO `vtiger_role2picklist` VALUES('H2', '110', '13', '0');
INSERT INTO `vtiger_role2picklist` VALUES('H2', '111', '13', '1');
INSERT INTO `vtiger_role2picklist` VALUES('H2', '112', '13', '2');
INSERT INTO `vtiger_role2picklist` VALUES('H2', '113', '14', '0');
INSERT INTO `vtiger_role2picklist` VALUES('H2', '114', '14', '1');
INSERT INTO `vtiger_role2picklist` VALUES('H2', '115', '14', '2');
INSERT INTO `vtiger_role2picklist` VALUES('H2', '116', '14', '3');
INSERT INTO `vtiger_role2picklist` VALUES('H2', '117', '14', '4');
INSERT INTO `vtiger_role2picklist` VALUES('H2', '118', '14', '5');
INSERT INTO `vtiger_role2picklist` VALUES('H2', '119', '15', '0');
INSERT INTO `vtiger_role2picklist` VALUES('H2', '120', '15', '1');
INSERT INTO `vtiger_role2picklist` VALUES('H2', '121', '15', '2');
INSERT INTO `vtiger_role2picklist` VALUES('H2', '122', '16', '0');
INSERT INTO `vtiger_role2picklist` VALUES('H2', '126', '17', '0');
INSERT INTO `vtiger_role2picklist` VALUES('H2', '130', '18', '0');
INSERT INTO `vtiger_role2picklist` VALUES('H2', '142', '19', '0');
INSERT INTO `vtiger_role2picklist` VALUES('H2', '156', '21', '0');
INSERT INTO `vtiger_role2picklist` VALUES('H2', '157', '21', '1');
INSERT INTO `vtiger_role2picklist` VALUES('H2', '158', '21', '2');
INSERT INTO `vtiger_role2picklist` VALUES('H2', '159', '21', '3');
INSERT INTO `vtiger_role2picklist` VALUES('H2', '160', '21', '4');
INSERT INTO `vtiger_role2picklist` VALUES('H2', '161', '22', '0');
INSERT INTO `vtiger_role2picklist` VALUES('H2', '162', '22', '1');
INSERT INTO `vtiger_role2picklist` VALUES('H2', '163', '22', '2');
INSERT INTO `vtiger_role2picklist` VALUES('H2', '164', '22', '3');
INSERT INTO `vtiger_role2picklist` VALUES('H2', '165', '22', '4');
INSERT INTO `vtiger_role2picklist` VALUES('H2', '166', '23', '0');
INSERT INTO `vtiger_role2picklist` VALUES('H2', '167', '23', '1');
INSERT INTO `vtiger_role2picklist` VALUES('H2', '168', '23', '2');
INSERT INTO `vtiger_role2picklist` VALUES('H2', '169', '23', '3');
INSERT INTO `vtiger_role2picklist` VALUES('H2', '170', '24', '0');
INSERT INTO `vtiger_role2picklist` VALUES('H2', '171', '24', '1');
INSERT INTO `vtiger_role2picklist` VALUES('H2', '172', '24', '2');
INSERT INTO `vtiger_role2picklist` VALUES('H2', '173', '24', '3');
INSERT INTO `vtiger_role2picklist` VALUES('H2', '174', '24', '4');
INSERT INTO `vtiger_role2picklist` VALUES('H2', '175', '25', '0');
INSERT INTO `vtiger_role2picklist` VALUES('H2', '176', '25', '1');
INSERT INTO `vtiger_role2picklist` VALUES('H2', '177', '25', '2');
INSERT INTO `vtiger_role2picklist` VALUES('H2', '178', '25', '3');
INSERT INTO `vtiger_role2picklist` VALUES('H2', '179', '25', '4');
INSERT INTO `vtiger_role2picklist` VALUES('H2', '180', '26', '0');
INSERT INTO `vtiger_role2picklist` VALUES('H2', '181', '26', '1');
INSERT INTO `vtiger_role2picklist` VALUES('H2', '182', '26', '2');
INSERT INTO `vtiger_role2picklist` VALUES('H2', '183', '26', '3');
INSERT INTO `vtiger_role2picklist` VALUES('H2', '184', '27', '0');
INSERT INTO `vtiger_role2picklist` VALUES('H2', '196', '27', '4');
INSERT INTO `vtiger_role2picklist` VALUES('H2', '197', '28', '0');
INSERT INTO `vtiger_role2picklist` VALUES('H2', '198', '28', '1');
INSERT INTO `vtiger_role2picklist` VALUES('H2', '199', '28', '2');
INSERT INTO `vtiger_role2picklist` VALUES('H2', '200', '28', '3');
INSERT INTO `vtiger_role2picklist` VALUES('H2', '201', '28', '4');
INSERT INTO `vtiger_role2picklist` VALUES('H2', '202', '28', '5');
INSERT INTO `vtiger_role2picklist` VALUES('H2', '203', '29', '0');
INSERT INTO `vtiger_role2picklist` VALUES('H2', '204', '29', '1');
INSERT INTO `vtiger_role2picklist` VALUES('H2', '205', '29', '2');
INSERT INTO `vtiger_role2picklist` VALUES('H2', '206', '29', '3');
INSERT INTO `vtiger_role2picklist` VALUES('H2', '207', '29', '4');
INSERT INTO `vtiger_role2picklist` VALUES('H2', '208', '17', '1');
INSERT INTO `vtiger_role2picklist` VALUES('H2', '209', '17', '2');
INSERT INTO `vtiger_role2picklist` VALUES('H2', '212', '1', '3');
INSERT INTO `vtiger_role2picklist` VALUES('H2', '213', '1', '4');
INSERT INTO `vtiger_role2picklist` VALUES('H2', '214', '2', '1');
INSERT INTO `vtiger_role2picklist` VALUES('H2', '215', '2', '2');
INSERT INTO `vtiger_role2picklist` VALUES('H2', '216', '2', '6');
INSERT INTO `vtiger_role2picklist` VALUES('H2', '222', '27', '1');
INSERT INTO `vtiger_role2picklist` VALUES('H2', '223', '27', '2');
INSERT INTO `vtiger_role2picklist` VALUES('H2', '224', '27', '3');
INSERT INTO `vtiger_role2picklist` VALUES('H2', '225', '20', '0');
INSERT INTO `vtiger_role2picklist` VALUES('H2', '226', '2', '8');
INSERT INTO `vtiger_role2picklist` VALUES('H2', '227', '2', '9');
INSERT INTO `vtiger_role2picklist` VALUES('H3', '2', '1', '0');
INSERT INTO `vtiger_role2picklist` VALUES('H3', '3', '1', '1');
INSERT INTO `vtiger_role2picklist` VALUES('H3', '4', '1', '2');
INSERT INTO `vtiger_role2picklist` VALUES('H3', '7', '1', '5');
INSERT INTO `vtiger_role2picklist` VALUES('H3', '9', '1', '6');
INSERT INTO `vtiger_role2picklist` VALUES('H3', '14', '1', '7');
INSERT INTO `vtiger_role2picklist` VALUES('H3', '15', '2', '0');
INSERT INTO `vtiger_role2picklist` VALUES('H3', '21', '2', '3');
INSERT INTO `vtiger_role2picklist` VALUES('H3', '22', '2', '4');
INSERT INTO `vtiger_role2picklist` VALUES('H3', '23', '2', '5');
INSERT INTO `vtiger_role2picklist` VALUES('H3', '25', '2', '7');
INSERT INTO `vtiger_role2picklist` VALUES('H3', '26', '3', '0');
INSERT INTO `vtiger_role2picklist` VALUES('H3', '27', '3', '1');
INSERT INTO `vtiger_role2picklist` VALUES('H3', '28', '3', '2');
INSERT INTO `vtiger_role2picklist` VALUES('H3', '29', '3', '3');
INSERT INTO `vtiger_role2picklist` VALUES('H3', '30', '3', '4');
INSERT INTO `vtiger_role2picklist` VALUES('H3', '31', '3', '5');
INSERT INTO `vtiger_role2picklist` VALUES('H3', '32', '3', '6');
INSERT INTO `vtiger_role2picklist` VALUES('H3', '33', '3', '7');
INSERT INTO `vtiger_role2picklist` VALUES('H3', '34', '3', '8');
INSERT INTO `vtiger_role2picklist` VALUES('H3', '35', '3', '9');
INSERT INTO `vtiger_role2picklist` VALUES('H3', '36', '3', '10');
INSERT INTO `vtiger_role2picklist` VALUES('H3', '37', '3', '11');
INSERT INTO `vtiger_role2picklist` VALUES('H3', '38', '3', '12');
INSERT INTO `vtiger_role2picklist` VALUES('H3', '39', '3', '13');
INSERT INTO `vtiger_role2picklist` VALUES('H3', '40', '3', '14');
INSERT INTO `vtiger_role2picklist` VALUES('H3', '41', '3', '15');
INSERT INTO `vtiger_role2picklist` VALUES('H3', '42', '3', '16');
INSERT INTO `vtiger_role2picklist` VALUES('H3', '43', '3', '17');
INSERT INTO `vtiger_role2picklist` VALUES('H3', '44', '3', '18');
INSERT INTO `vtiger_role2picklist` VALUES('H3', '45', '3', '19');
INSERT INTO `vtiger_role2picklist` VALUES('H3', '46', '3', '20');
INSERT INTO `vtiger_role2picklist` VALUES('H3', '47', '3', '21');
INSERT INTO `vtiger_role2picklist` VALUES('H3', '48', '3', '22');
INSERT INTO `vtiger_role2picklist` VALUES('H3', '49', '3', '23');
INSERT INTO `vtiger_role2picklist` VALUES('H3', '50', '3', '24');
INSERT INTO `vtiger_role2picklist` VALUES('H3', '51', '3', '25');
INSERT INTO `vtiger_role2picklist` VALUES('H3', '52', '3', '26');
INSERT INTO `vtiger_role2picklist` VALUES('H3', '53', '3', '27');
INSERT INTO `vtiger_role2picklist` VALUES('H3', '54', '3', '28');
INSERT INTO `vtiger_role2picklist` VALUES('H3', '55', '3', '29');
INSERT INTO `vtiger_role2picklist` VALUES('H3', '56', '3', '30');
INSERT INTO `vtiger_role2picklist` VALUES('H3', '57', '3', '31');
INSERT INTO `vtiger_role2picklist` VALUES('H3', '58', '4', '0');
INSERT INTO `vtiger_role2picklist` VALUES('H3', '59', '4', '1');
INSERT INTO `vtiger_role2picklist` VALUES('H3', '60', '4', '2');
INSERT INTO `vtiger_role2picklist` VALUES('H3', '61', '4', '3');
INSERT INTO `vtiger_role2picklist` VALUES('H3', '62', '4', '4');
INSERT INTO `vtiger_role2picklist` VALUES('H3', '63', '4', '5');
INSERT INTO `vtiger_role2picklist` VALUES('H3', '64', '4', '6');
INSERT INTO `vtiger_role2picklist` VALUES('H3', '65', '4', '7');
INSERT INTO `vtiger_role2picklist` VALUES('H3', '66', '4', '8');
INSERT INTO `vtiger_role2picklist` VALUES('H3', '67', '4', '9');
INSERT INTO `vtiger_role2picklist` VALUES('H3', '68', '4', '10');
INSERT INTO `vtiger_role2picklist` VALUES('H3', '69', '4', '11');
INSERT INTO `vtiger_role2picklist` VALUES('H3', '70', '5', '0');
INSERT INTO `vtiger_role2picklist` VALUES('H3', '71', '5', '1');
INSERT INTO `vtiger_role2picklist` VALUES('H3', '72', '5', '2');
INSERT INTO `vtiger_role2picklist` VALUES('H3', '73', '5', '3');
INSERT INTO `vtiger_role2picklist` VALUES('H3', '74', '5', '4');
INSERT INTO `vtiger_role2picklist` VALUES('H3', '75', '5', '5');
INSERT INTO `vtiger_role2picklist` VALUES('H3', '76', '6', '0');
INSERT INTO `vtiger_role2picklist` VALUES('H3', '77', '6', '1');
INSERT INTO `vtiger_role2picklist` VALUES('H3', '78', '6', '2');
INSERT INTO `vtiger_role2picklist` VALUES('H3', '79', '7', '0');
INSERT INTO `vtiger_role2picklist` VALUES('H3', '80', '7', '1');
INSERT INTO `vtiger_role2picklist` VALUES('H3', '81', '7', '2');
INSERT INTO `vtiger_role2picklist` VALUES('H3', '82', '7', '3');
INSERT INTO `vtiger_role2picklist` VALUES('H3', '85', '8', '0');
INSERT INTO `vtiger_role2picklist` VALUES('H3', '86', '8', '1');
INSERT INTO `vtiger_role2picklist` VALUES('H3', '87', '8', '2');
INSERT INTO `vtiger_role2picklist` VALUES('H3', '88', '8', '3');
INSERT INTO `vtiger_role2picklist` VALUES('H3', '89', '8', '4');
INSERT INTO `vtiger_role2picklist` VALUES('H3', '90', '8', '5');
INSERT INTO `vtiger_role2picklist` VALUES('H3', '91', '8', '6');
INSERT INTO `vtiger_role2picklist` VALUES('H3', '92', '8', '7');
INSERT INTO `vtiger_role2picklist` VALUES('H3', '93', '8', '8');
INSERT INTO `vtiger_role2picklist` VALUES('H3', '94', '8', '9');
INSERT INTO `vtiger_role2picklist` VALUES('H3', '95', '9', '0');
INSERT INTO `vtiger_role2picklist` VALUES('H3', '96', '9', '1');
INSERT INTO `vtiger_role2picklist` VALUES('H3', '97', '9', '2');
INSERT INTO `vtiger_role2picklist` VALUES('H3', '98', '9', '3');
INSERT INTO `vtiger_role2picklist` VALUES('H3', '99', '10', '0');
INSERT INTO `vtiger_role2picklist` VALUES('H3', '100', '10', '1');
INSERT INTO `vtiger_role2picklist` VALUES('H3', '101', '10', '2');
INSERT INTO `vtiger_role2picklist` VALUES('H3', '102', '10', '3');
INSERT INTO `vtiger_role2picklist` VALUES('H3', '103', '11', '0');
INSERT INTO `vtiger_role2picklist` VALUES('H3', '104', '11', '1');
INSERT INTO `vtiger_role2picklist` VALUES('H3', '105', '11', '2');
INSERT INTO `vtiger_role2picklist` VALUES('H3', '106', '11', '3');
INSERT INTO `vtiger_role2picklist` VALUES('H3', '107', '12', '0');
INSERT INTO `vtiger_role2picklist` VALUES('H3', '108', '12', '1');
INSERT INTO `vtiger_role2picklist` VALUES('H3', '109', '12', '2');
INSERT INTO `vtiger_role2picklist` VALUES('H3', '110', '13', '0');
INSERT INTO `vtiger_role2picklist` VALUES('H3', '111', '13', '1');
INSERT INTO `vtiger_role2picklist` VALUES('H3', '112', '13', '2');
INSERT INTO `vtiger_role2picklist` VALUES('H3', '113', '14', '0');
INSERT INTO `vtiger_role2picklist` VALUES('H3', '114', '14', '1');
INSERT INTO `vtiger_role2picklist` VALUES('H3', '115', '14', '2');
INSERT INTO `vtiger_role2picklist` VALUES('H3', '116', '14', '3');
INSERT INTO `vtiger_role2picklist` VALUES('H3', '117', '14', '4');
INSERT INTO `vtiger_role2picklist` VALUES('H3', '118', '14', '5');
INSERT INTO `vtiger_role2picklist` VALUES('H3', '119', '15', '0');
INSERT INTO `vtiger_role2picklist` VALUES('H3', '120', '15', '1');
INSERT INTO `vtiger_role2picklist` VALUES('H3', '121', '15', '2');
INSERT INTO `vtiger_role2picklist` VALUES('H3', '122', '16', '0');
INSERT INTO `vtiger_role2picklist` VALUES('H3', '126', '17', '0');
INSERT INTO `vtiger_role2picklist` VALUES('H3', '130', '18', '0');
INSERT INTO `vtiger_role2picklist` VALUES('H3', '142', '19', '0');
INSERT INTO `vtiger_role2picklist` VALUES('H3', '156', '21', '0');
INSERT INTO `vtiger_role2picklist` VALUES('H3', '157', '21', '1');
INSERT INTO `vtiger_role2picklist` VALUES('H3', '158', '21', '2');
INSERT INTO `vtiger_role2picklist` VALUES('H3', '159', '21', '3');
INSERT INTO `vtiger_role2picklist` VALUES('H3', '160', '21', '4');
INSERT INTO `vtiger_role2picklist` VALUES('H3', '161', '22', '0');
INSERT INTO `vtiger_role2picklist` VALUES('H3', '162', '22', '1');
INSERT INTO `vtiger_role2picklist` VALUES('H3', '163', '22', '2');
INSERT INTO `vtiger_role2picklist` VALUES('H3', '164', '22', '3');
INSERT INTO `vtiger_role2picklist` VALUES('H3', '165', '22', '4');
INSERT INTO `vtiger_role2picklist` VALUES('H3', '166', '23', '0');
INSERT INTO `vtiger_role2picklist` VALUES('H3', '167', '23', '1');
INSERT INTO `vtiger_role2picklist` VALUES('H3', '168', '23', '2');
INSERT INTO `vtiger_role2picklist` VALUES('H3', '169', '23', '3');
INSERT INTO `vtiger_role2picklist` VALUES('H3', '170', '24', '0');
INSERT INTO `vtiger_role2picklist` VALUES('H3', '171', '24', '1');
INSERT INTO `vtiger_role2picklist` VALUES('H3', '172', '24', '2');
INSERT INTO `vtiger_role2picklist` VALUES('H3', '173', '24', '3');
INSERT INTO `vtiger_role2picklist` VALUES('H3', '174', '24', '4');
INSERT INTO `vtiger_role2picklist` VALUES('H3', '175', '25', '0');
INSERT INTO `vtiger_role2picklist` VALUES('H3', '176', '25', '1');
INSERT INTO `vtiger_role2picklist` VALUES('H3', '177', '25', '2');
INSERT INTO `vtiger_role2picklist` VALUES('H3', '178', '25', '3');
INSERT INTO `vtiger_role2picklist` VALUES('H3', '179', '25', '4');
INSERT INTO `vtiger_role2picklist` VALUES('H3', '180', '26', '0');
INSERT INTO `vtiger_role2picklist` VALUES('H3', '181', '26', '1');
INSERT INTO `vtiger_role2picklist` VALUES('H3', '182', '26', '2');
INSERT INTO `vtiger_role2picklist` VALUES('H3', '183', '26', '3');
INSERT INTO `vtiger_role2picklist` VALUES('H3', '184', '27', '0');
INSERT INTO `vtiger_role2picklist` VALUES('H3', '196', '27', '4');
INSERT INTO `vtiger_role2picklist` VALUES('H3', '197', '28', '0');
INSERT INTO `vtiger_role2picklist` VALUES('H3', '198', '28', '1');
INSERT INTO `vtiger_role2picklist` VALUES('H3', '199', '28', '2');
INSERT INTO `vtiger_role2picklist` VALUES('H3', '200', '28', '3');
INSERT INTO `vtiger_role2picklist` VALUES('H3', '201', '28', '4');
INSERT INTO `vtiger_role2picklist` VALUES('H3', '202', '28', '5');
INSERT INTO `vtiger_role2picklist` VALUES('H3', '203', '29', '0');
INSERT INTO `vtiger_role2picklist` VALUES('H3', '204', '29', '1');
INSERT INTO `vtiger_role2picklist` VALUES('H3', '205', '29', '2');
INSERT INTO `vtiger_role2picklist` VALUES('H3', '206', '29', '3');
INSERT INTO `vtiger_role2picklist` VALUES('H3', '207', '29', '4');
INSERT INTO `vtiger_role2picklist` VALUES('H3', '208', '17', '1');
INSERT INTO `vtiger_role2picklist` VALUES('H3', '209', '17', '2');
INSERT INTO `vtiger_role2picklist` VALUES('H3', '212', '1', '3');
INSERT INTO `vtiger_role2picklist` VALUES('H3', '213', '1', '4');
INSERT INTO `vtiger_role2picklist` VALUES('H3', '214', '2', '1');
INSERT INTO `vtiger_role2picklist` VALUES('H3', '215', '2', '2');
INSERT INTO `vtiger_role2picklist` VALUES('H3', '216', '2', '6');
INSERT INTO `vtiger_role2picklist` VALUES('H3', '222', '27', '1');
INSERT INTO `vtiger_role2picklist` VALUES('H3', '223', '27', '2');
INSERT INTO `vtiger_role2picklist` VALUES('H3', '224', '27', '3');
INSERT INTO `vtiger_role2picklist` VALUES('H3', '225', '20', '0');
INSERT INTO `vtiger_role2picklist` VALUES('H4', '2', '1', '0');
INSERT INTO `vtiger_role2picklist` VALUES('H4', '3', '1', '1');
INSERT INTO `vtiger_role2picklist` VALUES('H4', '4', '1', '2');
INSERT INTO `vtiger_role2picklist` VALUES('H4', '7', '1', '5');
INSERT INTO `vtiger_role2picklist` VALUES('H4', '9', '1', '6');
INSERT INTO `vtiger_role2picklist` VALUES('H4', '14', '1', '7');
INSERT INTO `vtiger_role2picklist` VALUES('H4', '15', '2', '0');
INSERT INTO `vtiger_role2picklist` VALUES('H4', '21', '2', '3');
INSERT INTO `vtiger_role2picklist` VALUES('H4', '22', '2', '4');
INSERT INTO `vtiger_role2picklist` VALUES('H4', '23', '2', '5');
INSERT INTO `vtiger_role2picklist` VALUES('H4', '25', '2', '7');
INSERT INTO `vtiger_role2picklist` VALUES('H4', '26', '3', '0');
INSERT INTO `vtiger_role2picklist` VALUES('H4', '27', '3', '1');
INSERT INTO `vtiger_role2picklist` VALUES('H4', '28', '3', '2');
INSERT INTO `vtiger_role2picklist` VALUES('H4', '29', '3', '3');
INSERT INTO `vtiger_role2picklist` VALUES('H4', '30', '3', '4');
INSERT INTO `vtiger_role2picklist` VALUES('H4', '31', '3', '5');
INSERT INTO `vtiger_role2picklist` VALUES('H4', '32', '3', '6');
INSERT INTO `vtiger_role2picklist` VALUES('H4', '33', '3', '7');
INSERT INTO `vtiger_role2picklist` VALUES('H4', '34', '3', '8');
INSERT INTO `vtiger_role2picklist` VALUES('H4', '35', '3', '9');
INSERT INTO `vtiger_role2picklist` VALUES('H4', '36', '3', '10');
INSERT INTO `vtiger_role2picklist` VALUES('H4', '37', '3', '11');
INSERT INTO `vtiger_role2picklist` VALUES('H4', '38', '3', '12');
INSERT INTO `vtiger_role2picklist` VALUES('H4', '39', '3', '13');
INSERT INTO `vtiger_role2picklist` VALUES('H4', '40', '3', '14');
INSERT INTO `vtiger_role2picklist` VALUES('H4', '41', '3', '15');
INSERT INTO `vtiger_role2picklist` VALUES('H4', '42', '3', '16');
INSERT INTO `vtiger_role2picklist` VALUES('H4', '43', '3', '17');
INSERT INTO `vtiger_role2picklist` VALUES('H4', '44', '3', '18');
INSERT INTO `vtiger_role2picklist` VALUES('H4', '45', '3', '19');
INSERT INTO `vtiger_role2picklist` VALUES('H4', '46', '3', '20');
INSERT INTO `vtiger_role2picklist` VALUES('H4', '47', '3', '21');
INSERT INTO `vtiger_role2picklist` VALUES('H4', '48', '3', '22');
INSERT INTO `vtiger_role2picklist` VALUES('H4', '49', '3', '23');
INSERT INTO `vtiger_role2picklist` VALUES('H4', '50', '3', '24');
INSERT INTO `vtiger_role2picklist` VALUES('H4', '51', '3', '25');
INSERT INTO `vtiger_role2picklist` VALUES('H4', '52', '3', '26');
INSERT INTO `vtiger_role2picklist` VALUES('H4', '53', '3', '27');
INSERT INTO `vtiger_role2picklist` VALUES('H4', '54', '3', '28');
INSERT INTO `vtiger_role2picklist` VALUES('H4', '55', '3', '29');
INSERT INTO `vtiger_role2picklist` VALUES('H4', '56', '3', '30');
INSERT INTO `vtiger_role2picklist` VALUES('H4', '57', '3', '31');
INSERT INTO `vtiger_role2picklist` VALUES('H4', '58', '4', '0');
INSERT INTO `vtiger_role2picklist` VALUES('H4', '59', '4', '1');
INSERT INTO `vtiger_role2picklist` VALUES('H4', '60', '4', '2');
INSERT INTO `vtiger_role2picklist` VALUES('H4', '61', '4', '3');
INSERT INTO `vtiger_role2picklist` VALUES('H4', '62', '4', '4');
INSERT INTO `vtiger_role2picklist` VALUES('H4', '63', '4', '5');
INSERT INTO `vtiger_role2picklist` VALUES('H4', '64', '4', '6');
INSERT INTO `vtiger_role2picklist` VALUES('H4', '65', '4', '7');
INSERT INTO `vtiger_role2picklist` VALUES('H4', '66', '4', '8');
INSERT INTO `vtiger_role2picklist` VALUES('H4', '67', '4', '9');
INSERT INTO `vtiger_role2picklist` VALUES('H4', '68', '4', '10');
INSERT INTO `vtiger_role2picklist` VALUES('H4', '69', '4', '11');
INSERT INTO `vtiger_role2picklist` VALUES('H4', '70', '5', '0');
INSERT INTO `vtiger_role2picklist` VALUES('H4', '71', '5', '1');
INSERT INTO `vtiger_role2picklist` VALUES('H4', '72', '5', '2');
INSERT INTO `vtiger_role2picklist` VALUES('H4', '73', '5', '3');
INSERT INTO `vtiger_role2picklist` VALUES('H4', '74', '5', '4');
INSERT INTO `vtiger_role2picklist` VALUES('H4', '75', '5', '5');
INSERT INTO `vtiger_role2picklist` VALUES('H4', '76', '6', '0');
INSERT INTO `vtiger_role2picklist` VALUES('H4', '77', '6', '1');
INSERT INTO `vtiger_role2picklist` VALUES('H4', '78', '6', '2');
INSERT INTO `vtiger_role2picklist` VALUES('H4', '79', '7', '0');
INSERT INTO `vtiger_role2picklist` VALUES('H4', '80', '7', '1');
INSERT INTO `vtiger_role2picklist` VALUES('H4', '81', '7', '2');
INSERT INTO `vtiger_role2picklist` VALUES('H4', '82', '7', '3');
INSERT INTO `vtiger_role2picklist` VALUES('H4', '85', '8', '0');
INSERT INTO `vtiger_role2picklist` VALUES('H4', '86', '8', '1');
INSERT INTO `vtiger_role2picklist` VALUES('H4', '87', '8', '2');
INSERT INTO `vtiger_role2picklist` VALUES('H4', '88', '8', '3');
INSERT INTO `vtiger_role2picklist` VALUES('H4', '89', '8', '4');
INSERT INTO `vtiger_role2picklist` VALUES('H4', '90', '8', '5');
INSERT INTO `vtiger_role2picklist` VALUES('H4', '91', '8', '6');
INSERT INTO `vtiger_role2picklist` VALUES('H4', '92', '8', '7');
INSERT INTO `vtiger_role2picklist` VALUES('H4', '93', '8', '8');
INSERT INTO `vtiger_role2picklist` VALUES('H4', '94', '8', '9');
INSERT INTO `vtiger_role2picklist` VALUES('H4', '95', '9', '0');
INSERT INTO `vtiger_role2picklist` VALUES('H4', '96', '9', '1');
INSERT INTO `vtiger_role2picklist` VALUES('H4', '97', '9', '2');
INSERT INTO `vtiger_role2picklist` VALUES('H4', '98', '9', '3');
INSERT INTO `vtiger_role2picklist` VALUES('H4', '99', '10', '0');
INSERT INTO `vtiger_role2picklist` VALUES('H4', '100', '10', '1');
INSERT INTO `vtiger_role2picklist` VALUES('H4', '101', '10', '2');
INSERT INTO `vtiger_role2picklist` VALUES('H4', '102', '10', '3');
INSERT INTO `vtiger_role2picklist` VALUES('H4', '103', '11', '0');
INSERT INTO `vtiger_role2picklist` VALUES('H4', '104', '11', '1');
INSERT INTO `vtiger_role2picklist` VALUES('H4', '105', '11', '2');
INSERT INTO `vtiger_role2picklist` VALUES('H4', '106', '11', '3');
INSERT INTO `vtiger_role2picklist` VALUES('H4', '107', '12', '0');
INSERT INTO `vtiger_role2picklist` VALUES('H4', '108', '12', '1');
INSERT INTO `vtiger_role2picklist` VALUES('H4', '109', '12', '2');
INSERT INTO `vtiger_role2picklist` VALUES('H4', '110', '13', '0');
INSERT INTO `vtiger_role2picklist` VALUES('H4', '111', '13', '1');
INSERT INTO `vtiger_role2picklist` VALUES('H4', '112', '13', '2');
INSERT INTO `vtiger_role2picklist` VALUES('H4', '113', '14', '0');
INSERT INTO `vtiger_role2picklist` VALUES('H4', '114', '14', '1');
INSERT INTO `vtiger_role2picklist` VALUES('H4', '115', '14', '2');
INSERT INTO `vtiger_role2picklist` VALUES('H4', '116', '14', '3');
INSERT INTO `vtiger_role2picklist` VALUES('H4', '117', '14', '4');
INSERT INTO `vtiger_role2picklist` VALUES('H4', '118', '14', '5');
INSERT INTO `vtiger_role2picklist` VALUES('H4', '119', '15', '0');
INSERT INTO `vtiger_role2picklist` VALUES('H4', '120', '15', '1');
INSERT INTO `vtiger_role2picklist` VALUES('H4', '121', '15', '2');
INSERT INTO `vtiger_role2picklist` VALUES('H4', '122', '16', '0');
INSERT INTO `vtiger_role2picklist` VALUES('H4', '126', '17', '0');
INSERT INTO `vtiger_role2picklist` VALUES('H4', '130', '18', '0');
INSERT INTO `vtiger_role2picklist` VALUES('H4', '142', '19', '0');
INSERT INTO `vtiger_role2picklist` VALUES('H4', '156', '21', '0');
INSERT INTO `vtiger_role2picklist` VALUES('H4', '157', '21', '1');
INSERT INTO `vtiger_role2picklist` VALUES('H4', '158', '21', '2');
INSERT INTO `vtiger_role2picklist` VALUES('H4', '159', '21', '3');
INSERT INTO `vtiger_role2picklist` VALUES('H4', '160', '21', '4');
INSERT INTO `vtiger_role2picklist` VALUES('H4', '161', '22', '0');
INSERT INTO `vtiger_role2picklist` VALUES('H4', '162', '22', '1');
INSERT INTO `vtiger_role2picklist` VALUES('H4', '163', '22', '2');
INSERT INTO `vtiger_role2picklist` VALUES('H4', '164', '22', '3');
INSERT INTO `vtiger_role2picklist` VALUES('H4', '165', '22', '4');
INSERT INTO `vtiger_role2picklist` VALUES('H4', '166', '23', '0');
INSERT INTO `vtiger_role2picklist` VALUES('H4', '167', '23', '1');
INSERT INTO `vtiger_role2picklist` VALUES('H4', '168', '23', '2');
INSERT INTO `vtiger_role2picklist` VALUES('H4', '169', '23', '3');
INSERT INTO `vtiger_role2picklist` VALUES('H4', '170', '24', '0');
INSERT INTO `vtiger_role2picklist` VALUES('H4', '171', '24', '1');
INSERT INTO `vtiger_role2picklist` VALUES('H4', '172', '24', '2');
INSERT INTO `vtiger_role2picklist` VALUES('H4', '173', '24', '3');
INSERT INTO `vtiger_role2picklist` VALUES('H4', '174', '24', '4');
INSERT INTO `vtiger_role2picklist` VALUES('H4', '175', '25', '0');
INSERT INTO `vtiger_role2picklist` VALUES('H4', '176', '25', '1');
INSERT INTO `vtiger_role2picklist` VALUES('H4', '177', '25', '2');
INSERT INTO `vtiger_role2picklist` VALUES('H4', '178', '25', '3');
INSERT INTO `vtiger_role2picklist` VALUES('H4', '179', '25', '4');
INSERT INTO `vtiger_role2picklist` VALUES('H4', '180', '26', '0');
INSERT INTO `vtiger_role2picklist` VALUES('H4', '181', '26', '1');
INSERT INTO `vtiger_role2picklist` VALUES('H4', '182', '26', '2');
INSERT INTO `vtiger_role2picklist` VALUES('H4', '183', '26', '3');
INSERT INTO `vtiger_role2picklist` VALUES('H4', '184', '27', '0');
INSERT INTO `vtiger_role2picklist` VALUES('H4', '196', '27', '4');
INSERT INTO `vtiger_role2picklist` VALUES('H4', '197', '28', '0');
INSERT INTO `vtiger_role2picklist` VALUES('H4', '198', '28', '1');
INSERT INTO `vtiger_role2picklist` VALUES('H4', '199', '28', '2');
INSERT INTO `vtiger_role2picklist` VALUES('H4', '200', '28', '3');
INSERT INTO `vtiger_role2picklist` VALUES('H4', '201', '28', '4');
INSERT INTO `vtiger_role2picklist` VALUES('H4', '202', '28', '5');
INSERT INTO `vtiger_role2picklist` VALUES('H4', '203', '29', '0');
INSERT INTO `vtiger_role2picklist` VALUES('H4', '204', '29', '1');
INSERT INTO `vtiger_role2picklist` VALUES('H4', '205', '29', '2');
INSERT INTO `vtiger_role2picklist` VALUES('H4', '206', '29', '3');
INSERT INTO `vtiger_role2picklist` VALUES('H4', '207', '29', '4');
INSERT INTO `vtiger_role2picklist` VALUES('H4', '208', '17', '1');
INSERT INTO `vtiger_role2picklist` VALUES('H4', '209', '17', '2');
INSERT INTO `vtiger_role2picklist` VALUES('H4', '212', '1', '3');
INSERT INTO `vtiger_role2picklist` VALUES('H4', '213', '1', '4');
INSERT INTO `vtiger_role2picklist` VALUES('H4', '214', '2', '1');
INSERT INTO `vtiger_role2picklist` VALUES('H4', '215', '2', '2');
INSERT INTO `vtiger_role2picklist` VALUES('H4', '216', '2', '6');
INSERT INTO `vtiger_role2picklist` VALUES('H4', '222', '27', '1');
INSERT INTO `vtiger_role2picklist` VALUES('H4', '223', '27', '2');
INSERT INTO `vtiger_role2picklist` VALUES('H4', '224', '27', '3');
INSERT INTO `vtiger_role2picklist` VALUES('H4', '225', '20', '0');
INSERT INTO `vtiger_role2picklist` VALUES('H5', '2', '1', '0');
INSERT INTO `vtiger_role2picklist` VALUES('H5', '3', '1', '1');
INSERT INTO `vtiger_role2picklist` VALUES('H5', '4', '1', '2');
INSERT INTO `vtiger_role2picklist` VALUES('H5', '7', '1', '5');
INSERT INTO `vtiger_role2picklist` VALUES('H5', '9', '1', '6');
INSERT INTO `vtiger_role2picklist` VALUES('H5', '14', '1', '7');
INSERT INTO `vtiger_role2picklist` VALUES('H5', '15', '2', '0');
INSERT INTO `vtiger_role2picklist` VALUES('H5', '21', '2', '3');
INSERT INTO `vtiger_role2picklist` VALUES('H5', '22', '2', '4');
INSERT INTO `vtiger_role2picklist` VALUES('H5', '23', '2', '5');
INSERT INTO `vtiger_role2picklist` VALUES('H5', '25', '2', '7');
INSERT INTO `vtiger_role2picklist` VALUES('H5', '26', '3', '0');
INSERT INTO `vtiger_role2picklist` VALUES('H5', '27', '3', '1');
INSERT INTO `vtiger_role2picklist` VALUES('H5', '28', '3', '2');
INSERT INTO `vtiger_role2picklist` VALUES('H5', '29', '3', '3');
INSERT INTO `vtiger_role2picklist` VALUES('H5', '30', '3', '4');
INSERT INTO `vtiger_role2picklist` VALUES('H5', '31', '3', '5');
INSERT INTO `vtiger_role2picklist` VALUES('H5', '32', '3', '6');
INSERT INTO `vtiger_role2picklist` VALUES('H5', '33', '3', '7');
INSERT INTO `vtiger_role2picklist` VALUES('H5', '34', '3', '8');
INSERT INTO `vtiger_role2picklist` VALUES('H5', '35', '3', '9');
INSERT INTO `vtiger_role2picklist` VALUES('H5', '36', '3', '10');
INSERT INTO `vtiger_role2picklist` VALUES('H5', '37', '3', '11');
INSERT INTO `vtiger_role2picklist` VALUES('H5', '38', '3', '12');
INSERT INTO `vtiger_role2picklist` VALUES('H5', '39', '3', '13');
INSERT INTO `vtiger_role2picklist` VALUES('H5', '40', '3', '14');
INSERT INTO `vtiger_role2picklist` VALUES('H5', '41', '3', '15');
INSERT INTO `vtiger_role2picklist` VALUES('H5', '42', '3', '16');
INSERT INTO `vtiger_role2picklist` VALUES('H5', '43', '3', '17');
INSERT INTO `vtiger_role2picklist` VALUES('H5', '44', '3', '18');
INSERT INTO `vtiger_role2picklist` VALUES('H5', '45', '3', '19');
INSERT INTO `vtiger_role2picklist` VALUES('H5', '46', '3', '20');
INSERT INTO `vtiger_role2picklist` VALUES('H5', '47', '3', '21');
INSERT INTO `vtiger_role2picklist` VALUES('H5', '48', '3', '22');
INSERT INTO `vtiger_role2picklist` VALUES('H5', '49', '3', '23');
INSERT INTO `vtiger_role2picklist` VALUES('H5', '50', '3', '24');
INSERT INTO `vtiger_role2picklist` VALUES('H5', '51', '3', '25');
INSERT INTO `vtiger_role2picklist` VALUES('H5', '52', '3', '26');
INSERT INTO `vtiger_role2picklist` VALUES('H5', '53', '3', '27');
INSERT INTO `vtiger_role2picklist` VALUES('H5', '54', '3', '28');
INSERT INTO `vtiger_role2picklist` VALUES('H5', '55', '3', '29');
INSERT INTO `vtiger_role2picklist` VALUES('H5', '56', '3', '30');
INSERT INTO `vtiger_role2picklist` VALUES('H5', '57', '3', '31');
INSERT INTO `vtiger_role2picklist` VALUES('H5', '58', '4', '0');
INSERT INTO `vtiger_role2picklist` VALUES('H5', '59', '4', '1');
INSERT INTO `vtiger_role2picklist` VALUES('H5', '60', '4', '2');
INSERT INTO `vtiger_role2picklist` VALUES('H5', '61', '4', '3');
INSERT INTO `vtiger_role2picklist` VALUES('H5', '62', '4', '4');
INSERT INTO `vtiger_role2picklist` VALUES('H5', '63', '4', '5');
INSERT INTO `vtiger_role2picklist` VALUES('H5', '64', '4', '6');
INSERT INTO `vtiger_role2picklist` VALUES('H5', '65', '4', '7');
INSERT INTO `vtiger_role2picklist` VALUES('H5', '66', '4', '8');
INSERT INTO `vtiger_role2picklist` VALUES('H5', '67', '4', '9');
INSERT INTO `vtiger_role2picklist` VALUES('H5', '68', '4', '10');
INSERT INTO `vtiger_role2picklist` VALUES('H5', '69', '4', '11');
INSERT INTO `vtiger_role2picklist` VALUES('H5', '70', '5', '0');
INSERT INTO `vtiger_role2picklist` VALUES('H5', '71', '5', '1');
INSERT INTO `vtiger_role2picklist` VALUES('H5', '72', '5', '2');
INSERT INTO `vtiger_role2picklist` VALUES('H5', '73', '5', '3');
INSERT INTO `vtiger_role2picklist` VALUES('H5', '74', '5', '4');
INSERT INTO `vtiger_role2picklist` VALUES('H5', '75', '5', '5');
INSERT INTO `vtiger_role2picklist` VALUES('H5', '76', '6', '0');
INSERT INTO `vtiger_role2picklist` VALUES('H5', '77', '6', '1');
INSERT INTO `vtiger_role2picklist` VALUES('H5', '78', '6', '2');
INSERT INTO `vtiger_role2picklist` VALUES('H5', '79', '7', '0');
INSERT INTO `vtiger_role2picklist` VALUES('H5', '80', '7', '1');
INSERT INTO `vtiger_role2picklist` VALUES('H5', '81', '7', '2');
INSERT INTO `vtiger_role2picklist` VALUES('H5', '82', '7', '3');
INSERT INTO `vtiger_role2picklist` VALUES('H5', '85', '8', '0');
INSERT INTO `vtiger_role2picklist` VALUES('H5', '86', '8', '1');
INSERT INTO `vtiger_role2picklist` VALUES('H5', '87', '8', '2');
INSERT INTO `vtiger_role2picklist` VALUES('H5', '88', '8', '3');
INSERT INTO `vtiger_role2picklist` VALUES('H5', '89', '8', '4');
INSERT INTO `vtiger_role2picklist` VALUES('H5', '90', '8', '5');
INSERT INTO `vtiger_role2picklist` VALUES('H5', '91', '8', '6');
INSERT INTO `vtiger_role2picklist` VALUES('H5', '92', '8', '7');
INSERT INTO `vtiger_role2picklist` VALUES('H5', '93', '8', '8');
INSERT INTO `vtiger_role2picklist` VALUES('H5', '94', '8', '9');
INSERT INTO `vtiger_role2picklist` VALUES('H5', '95', '9', '0');
INSERT INTO `vtiger_role2picklist` VALUES('H5', '96', '9', '1');
INSERT INTO `vtiger_role2picklist` VALUES('H5', '97', '9', '2');
INSERT INTO `vtiger_role2picklist` VALUES('H5', '98', '9', '3');
INSERT INTO `vtiger_role2picklist` VALUES('H5', '99', '10', '0');
INSERT INTO `vtiger_role2picklist` VALUES('H5', '100', '10', '1');
INSERT INTO `vtiger_role2picklist` VALUES('H5', '101', '10', '2');
INSERT INTO `vtiger_role2picklist` VALUES('H5', '102', '10', '3');
INSERT INTO `vtiger_role2picklist` VALUES('H5', '103', '11', '0');
INSERT INTO `vtiger_role2picklist` VALUES('H5', '104', '11', '1');
INSERT INTO `vtiger_role2picklist` VALUES('H5', '105', '11', '2');
INSERT INTO `vtiger_role2picklist` VALUES('H5', '106', '11', '3');
INSERT INTO `vtiger_role2picklist` VALUES('H5', '107', '12', '0');
INSERT INTO `vtiger_role2picklist` VALUES('H5', '108', '12', '1');
INSERT INTO `vtiger_role2picklist` VALUES('H5', '109', '12', '2');
INSERT INTO `vtiger_role2picklist` VALUES('H5', '110', '13', '0');
INSERT INTO `vtiger_role2picklist` VALUES('H5', '111', '13', '1');
INSERT INTO `vtiger_role2picklist` VALUES('H5', '112', '13', '2');
INSERT INTO `vtiger_role2picklist` VALUES('H5', '113', '14', '0');
INSERT INTO `vtiger_role2picklist` VALUES('H5', '114', '14', '1');
INSERT INTO `vtiger_role2picklist` VALUES('H5', '115', '14', '2');
INSERT INTO `vtiger_role2picklist` VALUES('H5', '116', '14', '3');
INSERT INTO `vtiger_role2picklist` VALUES('H5', '117', '14', '4');
INSERT INTO `vtiger_role2picklist` VALUES('H5', '118', '14', '5');
INSERT INTO `vtiger_role2picklist` VALUES('H5', '119', '15', '0');
INSERT INTO `vtiger_role2picklist` VALUES('H5', '120', '15', '1');
INSERT INTO `vtiger_role2picklist` VALUES('H5', '121', '15', '2');
INSERT INTO `vtiger_role2picklist` VALUES('H5', '122', '16', '0');
INSERT INTO `vtiger_role2picklist` VALUES('H5', '126', '17', '0');
INSERT INTO `vtiger_role2picklist` VALUES('H5', '130', '18', '0');
INSERT INTO `vtiger_role2picklist` VALUES('H5', '142', '19', '0');
INSERT INTO `vtiger_role2picklist` VALUES('H5', '156', '21', '0');
INSERT INTO `vtiger_role2picklist` VALUES('H5', '157', '21', '1');
INSERT INTO `vtiger_role2picklist` VALUES('H5', '158', '21', '2');
INSERT INTO `vtiger_role2picklist` VALUES('H5', '159', '21', '3');
INSERT INTO `vtiger_role2picklist` VALUES('H5', '160', '21', '4');
INSERT INTO `vtiger_role2picklist` VALUES('H5', '161', '22', '0');
INSERT INTO `vtiger_role2picklist` VALUES('H5', '162', '22', '1');
INSERT INTO `vtiger_role2picklist` VALUES('H5', '163', '22', '2');
INSERT INTO `vtiger_role2picklist` VALUES('H5', '164', '22', '3');
INSERT INTO `vtiger_role2picklist` VALUES('H5', '165', '22', '4');
INSERT INTO `vtiger_role2picklist` VALUES('H5', '166', '23', '0');
INSERT INTO `vtiger_role2picklist` VALUES('H5', '167', '23', '1');
INSERT INTO `vtiger_role2picklist` VALUES('H5', '168', '23', '2');
INSERT INTO `vtiger_role2picklist` VALUES('H5', '169', '23', '3');
INSERT INTO `vtiger_role2picklist` VALUES('H5', '170', '24', '0');
INSERT INTO `vtiger_role2picklist` VALUES('H5', '171', '24', '1');
INSERT INTO `vtiger_role2picklist` VALUES('H5', '172', '24', '2');
INSERT INTO `vtiger_role2picklist` VALUES('H5', '173', '24', '3');
INSERT INTO `vtiger_role2picklist` VALUES('H5', '174', '24', '4');
INSERT INTO `vtiger_role2picklist` VALUES('H5', '175', '25', '0');
INSERT INTO `vtiger_role2picklist` VALUES('H5', '176', '25', '1');
INSERT INTO `vtiger_role2picklist` VALUES('H5', '177', '25', '2');
INSERT INTO `vtiger_role2picklist` VALUES('H5', '178', '25', '3');
INSERT INTO `vtiger_role2picklist` VALUES('H5', '179', '25', '4');
INSERT INTO `vtiger_role2picklist` VALUES('H5', '180', '26', '0');
INSERT INTO `vtiger_role2picklist` VALUES('H5', '181', '26', '1');
INSERT INTO `vtiger_role2picklist` VALUES('H5', '182', '26', '2');
INSERT INTO `vtiger_role2picklist` VALUES('H5', '183', '26', '3');
INSERT INTO `vtiger_role2picklist` VALUES('H5', '184', '27', '0');
INSERT INTO `vtiger_role2picklist` VALUES('H5', '196', '27', '4');
INSERT INTO `vtiger_role2picklist` VALUES('H5', '197', '28', '0');
INSERT INTO `vtiger_role2picklist` VALUES('H5', '198', '28', '1');
INSERT INTO `vtiger_role2picklist` VALUES('H5', '199', '28', '2');
INSERT INTO `vtiger_role2picklist` VALUES('H5', '200', '28', '3');
INSERT INTO `vtiger_role2picklist` VALUES('H5', '201', '28', '4');
INSERT INTO `vtiger_role2picklist` VALUES('H5', '202', '28', '5');
INSERT INTO `vtiger_role2picklist` VALUES('H5', '203', '29', '0');
INSERT INTO `vtiger_role2picklist` VALUES('H5', '204', '29', '1');
INSERT INTO `vtiger_role2picklist` VALUES('H5', '205', '29', '2');
INSERT INTO `vtiger_role2picklist` VALUES('H5', '206', '29', '3');
INSERT INTO `vtiger_role2picklist` VALUES('H5', '207', '29', '4');
INSERT INTO `vtiger_role2picklist` VALUES('H5', '208', '17', '1');
INSERT INTO `vtiger_role2picklist` VALUES('H5', '209', '17', '2');
INSERT INTO `vtiger_role2picklist` VALUES('H5', '212', '1', '3');
INSERT INTO `vtiger_role2picklist` VALUES('H5', '213', '1', '4');
INSERT INTO `vtiger_role2picklist` VALUES('H5', '214', '2', '1');
INSERT INTO `vtiger_role2picklist` VALUES('H5', '215', '2', '2');
INSERT INTO `vtiger_role2picklist` VALUES('H5', '216', '2', '6');
INSERT INTO `vtiger_role2picklist` VALUES('H5', '222', '27', '1');
INSERT INTO `vtiger_role2picklist` VALUES('H5', '223', '27', '2');
INSERT INTO `vtiger_role2picklist` VALUES('H5', '224', '27', '3');
INSERT INTO `vtiger_role2picklist` VALUES('H5', '225', '20', '0');
INSERT INTO `vtiger_role2picklist` VALUES('H6', '2', '1', '0');
INSERT INTO `vtiger_role2picklist` VALUES('H6', '3', '1', '1');
INSERT INTO `vtiger_role2picklist` VALUES('H6', '4', '1', '2');
INSERT INTO `vtiger_role2picklist` VALUES('H6', '7', '1', '5');
INSERT INTO `vtiger_role2picklist` VALUES('H6', '9', '1', '6');
INSERT INTO `vtiger_role2picklist` VALUES('H6', '14', '1', '7');
INSERT INTO `vtiger_role2picklist` VALUES('H6', '15', '2', '0');
INSERT INTO `vtiger_role2picklist` VALUES('H6', '21', '2', '3');
INSERT INTO `vtiger_role2picklist` VALUES('H6', '22', '2', '4');
INSERT INTO `vtiger_role2picklist` VALUES('H6', '23', '2', '5');
INSERT INTO `vtiger_role2picklist` VALUES('H6', '25', '2', '7');
INSERT INTO `vtiger_role2picklist` VALUES('H6', '26', '3', '0');
INSERT INTO `vtiger_role2picklist` VALUES('H6', '27', '3', '1');
INSERT INTO `vtiger_role2picklist` VALUES('H6', '28', '3', '2');
INSERT INTO `vtiger_role2picklist` VALUES('H6', '29', '3', '3');
INSERT INTO `vtiger_role2picklist` VALUES('H6', '30', '3', '4');
INSERT INTO `vtiger_role2picklist` VALUES('H6', '31', '3', '5');
INSERT INTO `vtiger_role2picklist` VALUES('H6', '32', '3', '6');
INSERT INTO `vtiger_role2picklist` VALUES('H6', '33', '3', '7');
INSERT INTO `vtiger_role2picklist` VALUES('H6', '34', '3', '8');
INSERT INTO `vtiger_role2picklist` VALUES('H6', '35', '3', '9');
INSERT INTO `vtiger_role2picklist` VALUES('H6', '36', '3', '10');
INSERT INTO `vtiger_role2picklist` VALUES('H6', '37', '3', '11');
INSERT INTO `vtiger_role2picklist` VALUES('H6', '38', '3', '12');
INSERT INTO `vtiger_role2picklist` VALUES('H6', '39', '3', '13');
INSERT INTO `vtiger_role2picklist` VALUES('H6', '40', '3', '14');
INSERT INTO `vtiger_role2picklist` VALUES('H6', '41', '3', '15');
INSERT INTO `vtiger_role2picklist` VALUES('H6', '42', '3', '16');
INSERT INTO `vtiger_role2picklist` VALUES('H6', '43', '3', '17');
INSERT INTO `vtiger_role2picklist` VALUES('H6', '44', '3', '18');
INSERT INTO `vtiger_role2picklist` VALUES('H6', '45', '3', '19');
INSERT INTO `vtiger_role2picklist` VALUES('H6', '46', '3', '20');
INSERT INTO `vtiger_role2picklist` VALUES('H6', '47', '3', '21');
INSERT INTO `vtiger_role2picklist` VALUES('H6', '48', '3', '22');
INSERT INTO `vtiger_role2picklist` VALUES('H6', '49', '3', '23');
INSERT INTO `vtiger_role2picklist` VALUES('H6', '50', '3', '24');
INSERT INTO `vtiger_role2picklist` VALUES('H6', '51', '3', '25');
INSERT INTO `vtiger_role2picklist` VALUES('H6', '52', '3', '26');
INSERT INTO `vtiger_role2picklist` VALUES('H6', '53', '3', '27');
INSERT INTO `vtiger_role2picklist` VALUES('H6', '54', '3', '28');
INSERT INTO `vtiger_role2picklist` VALUES('H6', '55', '3', '29');
INSERT INTO `vtiger_role2picklist` VALUES('H6', '56', '3', '30');
INSERT INTO `vtiger_role2picklist` VALUES('H6', '57', '3', '31');
INSERT INTO `vtiger_role2picklist` VALUES('H6', '58', '4', '0');
INSERT INTO `vtiger_role2picklist` VALUES('H6', '59', '4', '1');
INSERT INTO `vtiger_role2picklist` VALUES('H6', '60', '4', '2');
INSERT INTO `vtiger_role2picklist` VALUES('H6', '61', '4', '3');
INSERT INTO `vtiger_role2picklist` VALUES('H6', '62', '4', '4');
INSERT INTO `vtiger_role2picklist` VALUES('H6', '63', '4', '5');
INSERT INTO `vtiger_role2picklist` VALUES('H6', '64', '4', '6');
INSERT INTO `vtiger_role2picklist` VALUES('H6', '65', '4', '7');
INSERT INTO `vtiger_role2picklist` VALUES('H6', '66', '4', '8');
INSERT INTO `vtiger_role2picklist` VALUES('H6', '67', '4', '9');
INSERT INTO `vtiger_role2picklist` VALUES('H6', '68', '4', '10');
INSERT INTO `vtiger_role2picklist` VALUES('H6', '69', '4', '11');
INSERT INTO `vtiger_role2picklist` VALUES('H6', '70', '5', '0');
INSERT INTO `vtiger_role2picklist` VALUES('H6', '71', '5', '1');
INSERT INTO `vtiger_role2picklist` VALUES('H6', '72', '5', '2');
INSERT INTO `vtiger_role2picklist` VALUES('H6', '73', '5', '3');
INSERT INTO `vtiger_role2picklist` VALUES('H6', '74', '5', '4');
INSERT INTO `vtiger_role2picklist` VALUES('H6', '75', '5', '5');
INSERT INTO `vtiger_role2picklist` VALUES('H6', '76', '6', '0');
INSERT INTO `vtiger_role2picklist` VALUES('H6', '77', '6', '1');
INSERT INTO `vtiger_role2picklist` VALUES('H6', '78', '6', '2');
INSERT INTO `vtiger_role2picklist` VALUES('H6', '79', '7', '0');
INSERT INTO `vtiger_role2picklist` VALUES('H6', '80', '7', '1');
INSERT INTO `vtiger_role2picklist` VALUES('H6', '81', '7', '2');
INSERT INTO `vtiger_role2picklist` VALUES('H6', '82', '7', '3');
INSERT INTO `vtiger_role2picklist` VALUES('H6', '85', '8', '0');
INSERT INTO `vtiger_role2picklist` VALUES('H6', '86', '8', '1');
INSERT INTO `vtiger_role2picklist` VALUES('H6', '87', '8', '2');
INSERT INTO `vtiger_role2picklist` VALUES('H6', '88', '8', '3');
INSERT INTO `vtiger_role2picklist` VALUES('H6', '89', '8', '4');
INSERT INTO `vtiger_role2picklist` VALUES('H6', '90', '8', '5');
INSERT INTO `vtiger_role2picklist` VALUES('H6', '91', '8', '6');
INSERT INTO `vtiger_role2picklist` VALUES('H6', '92', '8', '7');
INSERT INTO `vtiger_role2picklist` VALUES('H6', '93', '8', '8');
INSERT INTO `vtiger_role2picklist` VALUES('H6', '94', '8', '9');
INSERT INTO `vtiger_role2picklist` VALUES('H6', '95', '9', '0');
INSERT INTO `vtiger_role2picklist` VALUES('H6', '96', '9', '1');
INSERT INTO `vtiger_role2picklist` VALUES('H6', '97', '9', '2');
INSERT INTO `vtiger_role2picklist` VALUES('H6', '98', '9', '3');
INSERT INTO `vtiger_role2picklist` VALUES('H6', '99', '10', '0');
INSERT INTO `vtiger_role2picklist` VALUES('H6', '100', '10', '1');
INSERT INTO `vtiger_role2picklist` VALUES('H6', '101', '10', '2');
INSERT INTO `vtiger_role2picklist` VALUES('H6', '102', '10', '3');
INSERT INTO `vtiger_role2picklist` VALUES('H6', '103', '11', '0');
INSERT INTO `vtiger_role2picklist` VALUES('H6', '104', '11', '1');
INSERT INTO `vtiger_role2picklist` VALUES('H6', '105', '11', '2');
INSERT INTO `vtiger_role2picklist` VALUES('H6', '106', '11', '3');
INSERT INTO `vtiger_role2picklist` VALUES('H6', '107', '12', '0');
INSERT INTO `vtiger_role2picklist` VALUES('H6', '108', '12', '1');
INSERT INTO `vtiger_role2picklist` VALUES('H6', '109', '12', '2');
INSERT INTO `vtiger_role2picklist` VALUES('H6', '110', '13', '0');
INSERT INTO `vtiger_role2picklist` VALUES('H6', '111', '13', '1');
INSERT INTO `vtiger_role2picklist` VALUES('H6', '112', '13', '2');
INSERT INTO `vtiger_role2picklist` VALUES('H6', '113', '14', '0');
INSERT INTO `vtiger_role2picklist` VALUES('H6', '114', '14', '1');
INSERT INTO `vtiger_role2picklist` VALUES('H6', '115', '14', '2');
INSERT INTO `vtiger_role2picklist` VALUES('H6', '116', '14', '3');
INSERT INTO `vtiger_role2picklist` VALUES('H6', '117', '14', '4');
INSERT INTO `vtiger_role2picklist` VALUES('H6', '118', '14', '5');
INSERT INTO `vtiger_role2picklist` VALUES('H6', '119', '15', '0');
INSERT INTO `vtiger_role2picklist` VALUES('H6', '120', '15', '1');
INSERT INTO `vtiger_role2picklist` VALUES('H6', '121', '15', '2');
INSERT INTO `vtiger_role2picklist` VALUES('H6', '122', '16', '0');
INSERT INTO `vtiger_role2picklist` VALUES('H6', '126', '17', '0');
INSERT INTO `vtiger_role2picklist` VALUES('H6', '130', '18', '0');
INSERT INTO `vtiger_role2picklist` VALUES('H6', '142', '19', '0');
INSERT INTO `vtiger_role2picklist` VALUES('H6', '156', '21', '0');
INSERT INTO `vtiger_role2picklist` VALUES('H6', '157', '21', '1');
INSERT INTO `vtiger_role2picklist` VALUES('H6', '158', '21', '2');
INSERT INTO `vtiger_role2picklist` VALUES('H6', '159', '21', '3');
INSERT INTO `vtiger_role2picklist` VALUES('H6', '160', '21', '4');
INSERT INTO `vtiger_role2picklist` VALUES('H6', '161', '22', '0');
INSERT INTO `vtiger_role2picklist` VALUES('H6', '162', '22', '1');
INSERT INTO `vtiger_role2picklist` VALUES('H6', '163', '22', '2');
INSERT INTO `vtiger_role2picklist` VALUES('H6', '164', '22', '3');
INSERT INTO `vtiger_role2picklist` VALUES('H6', '165', '22', '4');
INSERT INTO `vtiger_role2picklist` VALUES('H6', '166', '23', '0');
INSERT INTO `vtiger_role2picklist` VALUES('H6', '167', '23', '1');
INSERT INTO `vtiger_role2picklist` VALUES('H6', '168', '23', '2');
INSERT INTO `vtiger_role2picklist` VALUES('H6', '169', '23', '3');
INSERT INTO `vtiger_role2picklist` VALUES('H6', '170', '24', '0');
INSERT INTO `vtiger_role2picklist` VALUES('H6', '171', '24', '1');
INSERT INTO `vtiger_role2picklist` VALUES('H6', '172', '24', '2');
INSERT INTO `vtiger_role2picklist` VALUES('H6', '173', '24', '3');
INSERT INTO `vtiger_role2picklist` VALUES('H6', '174', '24', '4');
INSERT INTO `vtiger_role2picklist` VALUES('H6', '175', '25', '0');
INSERT INTO `vtiger_role2picklist` VALUES('H6', '176', '25', '1');
INSERT INTO `vtiger_role2picklist` VALUES('H6', '177', '25', '2');
INSERT INTO `vtiger_role2picklist` VALUES('H6', '178', '25', '3');
INSERT INTO `vtiger_role2picklist` VALUES('H6', '179', '25', '4');
INSERT INTO `vtiger_role2picklist` VALUES('H6', '180', '26', '0');
INSERT INTO `vtiger_role2picklist` VALUES('H6', '181', '26', '1');
INSERT INTO `vtiger_role2picklist` VALUES('H6', '182', '26', '2');
INSERT INTO `vtiger_role2picklist` VALUES('H6', '183', '26', '3');
INSERT INTO `vtiger_role2picklist` VALUES('H6', '184', '27', '0');
INSERT INTO `vtiger_role2picklist` VALUES('H6', '196', '27', '4');
INSERT INTO `vtiger_role2picklist` VALUES('H6', '197', '28', '0');
INSERT INTO `vtiger_role2picklist` VALUES('H6', '198', '28', '1');
INSERT INTO `vtiger_role2picklist` VALUES('H6', '199', '28', '2');
INSERT INTO `vtiger_role2picklist` VALUES('H6', '200', '28', '3');
INSERT INTO `vtiger_role2picklist` VALUES('H6', '201', '28', '4');
INSERT INTO `vtiger_role2picklist` VALUES('H6', '202', '28', '5');
INSERT INTO `vtiger_role2picklist` VALUES('H6', '203', '29', '0');
INSERT INTO `vtiger_role2picklist` VALUES('H6', '204', '29', '1');
INSERT INTO `vtiger_role2picklist` VALUES('H6', '205', '29', '2');
INSERT INTO `vtiger_role2picklist` VALUES('H6', '206', '29', '3');
INSERT INTO `vtiger_role2picklist` VALUES('H6', '207', '29', '4');
INSERT INTO `vtiger_role2picklist` VALUES('H6', '208', '17', '1');
INSERT INTO `vtiger_role2picklist` VALUES('H6', '209', '17', '2');
INSERT INTO `vtiger_role2picklist` VALUES('H6', '212', '1', '3');
INSERT INTO `vtiger_role2picklist` VALUES('H6', '213', '1', '4');
INSERT INTO `vtiger_role2picklist` VALUES('H6', '214', '2', '1');
INSERT INTO `vtiger_role2picklist` VALUES('H6', '215', '2', '2');
INSERT INTO `vtiger_role2picklist` VALUES('H6', '216', '2', '6');
INSERT INTO `vtiger_role2picklist` VALUES('H6', '222', '27', '1');
INSERT INTO `vtiger_role2picklist` VALUES('H6', '223', '27', '2');
INSERT INTO `vtiger_role2picklist` VALUES('H6', '224', '27', '3');
INSERT INTO `vtiger_role2picklist` VALUES('H6', '225', '20', '0');
INSERT INTO `vtiger_role2picklist` VALUES('H7', '2', '1', '0');
INSERT INTO `vtiger_role2picklist` VALUES('H7', '3', '1', '1');
INSERT INTO `vtiger_role2picklist` VALUES('H7', '4', '1', '2');
INSERT INTO `vtiger_role2picklist` VALUES('H7', '7', '1', '5');
INSERT INTO `vtiger_role2picklist` VALUES('H7', '9', '1', '6');
INSERT INTO `vtiger_role2picklist` VALUES('H7', '14', '1', '7');
INSERT INTO `vtiger_role2picklist` VALUES('H7', '15', '2', '0');
INSERT INTO `vtiger_role2picklist` VALUES('H7', '21', '2', '3');
INSERT INTO `vtiger_role2picklist` VALUES('H7', '22', '2', '4');
INSERT INTO `vtiger_role2picklist` VALUES('H7', '23', '2', '5');
INSERT INTO `vtiger_role2picklist` VALUES('H7', '25', '2', '7');
INSERT INTO `vtiger_role2picklist` VALUES('H7', '26', '3', '0');
INSERT INTO `vtiger_role2picklist` VALUES('H7', '27', '3', '1');
INSERT INTO `vtiger_role2picklist` VALUES('H7', '28', '3', '2');
INSERT INTO `vtiger_role2picklist` VALUES('H7', '29', '3', '3');
INSERT INTO `vtiger_role2picklist` VALUES('H7', '30', '3', '4');
INSERT INTO `vtiger_role2picklist` VALUES('H7', '31', '3', '5');
INSERT INTO `vtiger_role2picklist` VALUES('H7', '32', '3', '6');
INSERT INTO `vtiger_role2picklist` VALUES('H7', '33', '3', '7');
INSERT INTO `vtiger_role2picklist` VALUES('H7', '34', '3', '8');
INSERT INTO `vtiger_role2picklist` VALUES('H7', '35', '3', '9');
INSERT INTO `vtiger_role2picklist` VALUES('H7', '36', '3', '10');
INSERT INTO `vtiger_role2picklist` VALUES('H7', '37', '3', '11');
INSERT INTO `vtiger_role2picklist` VALUES('H7', '38', '3', '12');
INSERT INTO `vtiger_role2picklist` VALUES('H7', '39', '3', '13');
INSERT INTO `vtiger_role2picklist` VALUES('H7', '40', '3', '14');
INSERT INTO `vtiger_role2picklist` VALUES('H7', '41', '3', '15');
INSERT INTO `vtiger_role2picklist` VALUES('H7', '42', '3', '16');
INSERT INTO `vtiger_role2picklist` VALUES('H7', '43', '3', '17');
INSERT INTO `vtiger_role2picklist` VALUES('H7', '44', '3', '18');
INSERT INTO `vtiger_role2picklist` VALUES('H7', '45', '3', '19');
INSERT INTO `vtiger_role2picklist` VALUES('H7', '46', '3', '20');
INSERT INTO `vtiger_role2picklist` VALUES('H7', '47', '3', '21');
INSERT INTO `vtiger_role2picklist` VALUES('H7', '48', '3', '22');
INSERT INTO `vtiger_role2picklist` VALUES('H7', '49', '3', '23');
INSERT INTO `vtiger_role2picklist` VALUES('H7', '50', '3', '24');
INSERT INTO `vtiger_role2picklist` VALUES('H7', '51', '3', '25');
INSERT INTO `vtiger_role2picklist` VALUES('H7', '52', '3', '26');
INSERT INTO `vtiger_role2picklist` VALUES('H7', '53', '3', '27');
INSERT INTO `vtiger_role2picklist` VALUES('H7', '54', '3', '28');
INSERT INTO `vtiger_role2picklist` VALUES('H7', '55', '3', '29');
INSERT INTO `vtiger_role2picklist` VALUES('H7', '56', '3', '30');
INSERT INTO `vtiger_role2picklist` VALUES('H7', '57', '3', '31');
INSERT INTO `vtiger_role2picklist` VALUES('H7', '58', '4', '0');
INSERT INTO `vtiger_role2picklist` VALUES('H7', '59', '4', '1');
INSERT INTO `vtiger_role2picklist` VALUES('H7', '60', '4', '2');
INSERT INTO `vtiger_role2picklist` VALUES('H7', '61', '4', '3');
INSERT INTO `vtiger_role2picklist` VALUES('H7', '62', '4', '4');
INSERT INTO `vtiger_role2picklist` VALUES('H7', '63', '4', '5');
INSERT INTO `vtiger_role2picklist` VALUES('H7', '64', '4', '6');
INSERT INTO `vtiger_role2picklist` VALUES('H7', '65', '4', '7');
INSERT INTO `vtiger_role2picklist` VALUES('H7', '66', '4', '8');
INSERT INTO `vtiger_role2picklist` VALUES('H7', '67', '4', '9');
INSERT INTO `vtiger_role2picklist` VALUES('H7', '68', '4', '10');
INSERT INTO `vtiger_role2picklist` VALUES('H7', '69', '4', '11');
INSERT INTO `vtiger_role2picklist` VALUES('H7', '70', '5', '0');
INSERT INTO `vtiger_role2picklist` VALUES('H7', '71', '5', '1');
INSERT INTO `vtiger_role2picklist` VALUES('H7', '72', '5', '2');
INSERT INTO `vtiger_role2picklist` VALUES('H7', '73', '5', '3');
INSERT INTO `vtiger_role2picklist` VALUES('H7', '74', '5', '4');
INSERT INTO `vtiger_role2picklist` VALUES('H7', '75', '5', '5');
INSERT INTO `vtiger_role2picklist` VALUES('H7', '76', '6', '0');
INSERT INTO `vtiger_role2picklist` VALUES('H7', '77', '6', '1');
INSERT INTO `vtiger_role2picklist` VALUES('H7', '78', '6', '2');
INSERT INTO `vtiger_role2picklist` VALUES('H7', '79', '7', '0');
INSERT INTO `vtiger_role2picklist` VALUES('H7', '80', '7', '1');
INSERT INTO `vtiger_role2picklist` VALUES('H7', '81', '7', '2');
INSERT INTO `vtiger_role2picklist` VALUES('H7', '82', '7', '3');
INSERT INTO `vtiger_role2picklist` VALUES('H7', '85', '8', '0');
INSERT INTO `vtiger_role2picklist` VALUES('H7', '86', '8', '1');
INSERT INTO `vtiger_role2picklist` VALUES('H7', '87', '8', '2');
INSERT INTO `vtiger_role2picklist` VALUES('H7', '88', '8', '3');
INSERT INTO `vtiger_role2picklist` VALUES('H7', '89', '8', '4');
INSERT INTO `vtiger_role2picklist` VALUES('H7', '90', '8', '5');
INSERT INTO `vtiger_role2picklist` VALUES('H7', '91', '8', '6');
INSERT INTO `vtiger_role2picklist` VALUES('H7', '92', '8', '7');
INSERT INTO `vtiger_role2picklist` VALUES('H7', '93', '8', '8');
INSERT INTO `vtiger_role2picklist` VALUES('H7', '94', '8', '9');
INSERT INTO `vtiger_role2picklist` VALUES('H7', '95', '9', '0');
INSERT INTO `vtiger_role2picklist` VALUES('H7', '96', '9', '1');
INSERT INTO `vtiger_role2picklist` VALUES('H7', '97', '9', '2');
INSERT INTO `vtiger_role2picklist` VALUES('H7', '98', '9', '3');
INSERT INTO `vtiger_role2picklist` VALUES('H7', '99', '10', '0');
INSERT INTO `vtiger_role2picklist` VALUES('H7', '100', '10', '1');
INSERT INTO `vtiger_role2picklist` VALUES('H7', '101', '10', '2');
INSERT INTO `vtiger_role2picklist` VALUES('H7', '102', '10', '3');
INSERT INTO `vtiger_role2picklist` VALUES('H7', '103', '11', '0');
INSERT INTO `vtiger_role2picklist` VALUES('H7', '104', '11', '1');
INSERT INTO `vtiger_role2picklist` VALUES('H7', '105', '11', '2');
INSERT INTO `vtiger_role2picklist` VALUES('H7', '106', '11', '3');
INSERT INTO `vtiger_role2picklist` VALUES('H7', '107', '12', '0');
INSERT INTO `vtiger_role2picklist` VALUES('H7', '108', '12', '1');
INSERT INTO `vtiger_role2picklist` VALUES('H7', '109', '12', '2');
INSERT INTO `vtiger_role2picklist` VALUES('H7', '110', '13', '0');
INSERT INTO `vtiger_role2picklist` VALUES('H7', '111', '13', '1');
INSERT INTO `vtiger_role2picklist` VALUES('H7', '112', '13', '2');
INSERT INTO `vtiger_role2picklist` VALUES('H7', '113', '14', '0');
INSERT INTO `vtiger_role2picklist` VALUES('H7', '114', '14', '1');
INSERT INTO `vtiger_role2picklist` VALUES('H7', '115', '14', '2');
INSERT INTO `vtiger_role2picklist` VALUES('H7', '116', '14', '3');
INSERT INTO `vtiger_role2picklist` VALUES('H7', '117', '14', '4');
INSERT INTO `vtiger_role2picklist` VALUES('H7', '118', '14', '5');
INSERT INTO `vtiger_role2picklist` VALUES('H7', '119', '15', '0');
INSERT INTO `vtiger_role2picklist` VALUES('H7', '120', '15', '1');
INSERT INTO `vtiger_role2picklist` VALUES('H7', '121', '15', '2');
INSERT INTO `vtiger_role2picklist` VALUES('H7', '122', '16', '0');
INSERT INTO `vtiger_role2picklist` VALUES('H7', '126', '17', '0');
INSERT INTO `vtiger_role2picklist` VALUES('H7', '130', '18', '0');
INSERT INTO `vtiger_role2picklist` VALUES('H7', '142', '19', '0');
INSERT INTO `vtiger_role2picklist` VALUES('H7', '156', '21', '0');
INSERT INTO `vtiger_role2picklist` VALUES('H7', '157', '21', '1');
INSERT INTO `vtiger_role2picklist` VALUES('H7', '158', '21', '2');
INSERT INTO `vtiger_role2picklist` VALUES('H7', '159', '21', '3');
INSERT INTO `vtiger_role2picklist` VALUES('H7', '160', '21', '4');
INSERT INTO `vtiger_role2picklist` VALUES('H7', '161', '22', '0');
INSERT INTO `vtiger_role2picklist` VALUES('H7', '162', '22', '1');
INSERT INTO `vtiger_role2picklist` VALUES('H7', '163', '22', '2');
INSERT INTO `vtiger_role2picklist` VALUES('H7', '164', '22', '3');
INSERT INTO `vtiger_role2picklist` VALUES('H7', '165', '22', '4');
INSERT INTO `vtiger_role2picklist` VALUES('H7', '166', '23', '0');
INSERT INTO `vtiger_role2picklist` VALUES('H7', '167', '23', '1');
INSERT INTO `vtiger_role2picklist` VALUES('H7', '168', '23', '2');
INSERT INTO `vtiger_role2picklist` VALUES('H7', '169', '23', '3');
INSERT INTO `vtiger_role2picklist` VALUES('H7', '170', '24', '0');
INSERT INTO `vtiger_role2picklist` VALUES('H7', '171', '24', '1');
INSERT INTO `vtiger_role2picklist` VALUES('H7', '172', '24', '2');
INSERT INTO `vtiger_role2picklist` VALUES('H7', '173', '24', '3');
INSERT INTO `vtiger_role2picklist` VALUES('H7', '174', '24', '4');
INSERT INTO `vtiger_role2picklist` VALUES('H7', '175', '25', '0');
INSERT INTO `vtiger_role2picklist` VALUES('H7', '176', '25', '1');
INSERT INTO `vtiger_role2picklist` VALUES('H7', '177', '25', '2');
INSERT INTO `vtiger_role2picklist` VALUES('H7', '178', '25', '3');
INSERT INTO `vtiger_role2picklist` VALUES('H7', '179', '25', '4');
INSERT INTO `vtiger_role2picklist` VALUES('H7', '180', '26', '0');
INSERT INTO `vtiger_role2picklist` VALUES('H7', '181', '26', '1');
INSERT INTO `vtiger_role2picklist` VALUES('H7', '182', '26', '2');
INSERT INTO `vtiger_role2picklist` VALUES('H7', '183', '26', '3');
INSERT INTO `vtiger_role2picklist` VALUES('H7', '184', '27', '0');
INSERT INTO `vtiger_role2picklist` VALUES('H7', '196', '27', '4');
INSERT INTO `vtiger_role2picklist` VALUES('H7', '197', '28', '0');
INSERT INTO `vtiger_role2picklist` VALUES('H7', '198', '28', '1');
INSERT INTO `vtiger_role2picklist` VALUES('H7', '199', '28', '2');
INSERT INTO `vtiger_role2picklist` VALUES('H7', '200', '28', '3');
INSERT INTO `vtiger_role2picklist` VALUES('H7', '201', '28', '4');
INSERT INTO `vtiger_role2picklist` VALUES('H7', '202', '28', '5');
INSERT INTO `vtiger_role2picklist` VALUES('H7', '203', '29', '0');
INSERT INTO `vtiger_role2picklist` VALUES('H7', '204', '29', '1');
INSERT INTO `vtiger_role2picklist` VALUES('H7', '205', '29', '2');
INSERT INTO `vtiger_role2picklist` VALUES('H7', '206', '29', '3');
INSERT INTO `vtiger_role2picklist` VALUES('H7', '207', '29', '4');
INSERT INTO `vtiger_role2picklist` VALUES('H7', '208', '17', '1');
INSERT INTO `vtiger_role2picklist` VALUES('H7', '209', '17', '2');
INSERT INTO `vtiger_role2picklist` VALUES('H7', '212', '1', '3');
INSERT INTO `vtiger_role2picklist` VALUES('H7', '213', '1', '4');
INSERT INTO `vtiger_role2picklist` VALUES('H7', '214', '2', '1');
INSERT INTO `vtiger_role2picklist` VALUES('H7', '215', '2', '2');
INSERT INTO `vtiger_role2picklist` VALUES('H7', '216', '2', '6');
INSERT INTO `vtiger_role2picklist` VALUES('H7', '222', '27', '1');
INSERT INTO `vtiger_role2picklist` VALUES('H7', '223', '27', '2');
INSERT INTO `vtiger_role2picklist` VALUES('H7', '224', '27', '3');
INSERT INTO `vtiger_role2picklist` VALUES('H7', '225', '20', '0');
INSERT INTO `vtiger_role2picklist` VALUES('H8', '2', '1', '0');
INSERT INTO `vtiger_role2picklist` VALUES('H8', '3', '1', '1');
INSERT INTO `vtiger_role2picklist` VALUES('H8', '4', '1', '2');
INSERT INTO `vtiger_role2picklist` VALUES('H8', '7', '1', '5');
INSERT INTO `vtiger_role2picklist` VALUES('H8', '9', '1', '6');
INSERT INTO `vtiger_role2picklist` VALUES('H8', '14', '1', '7');
INSERT INTO `vtiger_role2picklist` VALUES('H8', '15', '2', '0');
INSERT INTO `vtiger_role2picklist` VALUES('H8', '21', '2', '3');
INSERT INTO `vtiger_role2picklist` VALUES('H8', '22', '2', '4');
INSERT INTO `vtiger_role2picklist` VALUES('H8', '23', '2', '5');
INSERT INTO `vtiger_role2picklist` VALUES('H8', '25', '2', '7');
INSERT INTO `vtiger_role2picklist` VALUES('H8', '26', '3', '0');
INSERT INTO `vtiger_role2picklist` VALUES('H8', '27', '3', '1');
INSERT INTO `vtiger_role2picklist` VALUES('H8', '28', '3', '2');
INSERT INTO `vtiger_role2picklist` VALUES('H8', '29', '3', '3');
INSERT INTO `vtiger_role2picklist` VALUES('H8', '30', '3', '4');
INSERT INTO `vtiger_role2picklist` VALUES('H8', '31', '3', '5');
INSERT INTO `vtiger_role2picklist` VALUES('H8', '32', '3', '6');
INSERT INTO `vtiger_role2picklist` VALUES('H8', '33', '3', '7');
INSERT INTO `vtiger_role2picklist` VALUES('H8', '34', '3', '8');
INSERT INTO `vtiger_role2picklist` VALUES('H8', '35', '3', '9');
INSERT INTO `vtiger_role2picklist` VALUES('H8', '36', '3', '10');
INSERT INTO `vtiger_role2picklist` VALUES('H8', '37', '3', '11');
INSERT INTO `vtiger_role2picklist` VALUES('H8', '38', '3', '12');
INSERT INTO `vtiger_role2picklist` VALUES('H8', '39', '3', '13');
INSERT INTO `vtiger_role2picklist` VALUES('H8', '40', '3', '14');
INSERT INTO `vtiger_role2picklist` VALUES('H8', '41', '3', '15');
INSERT INTO `vtiger_role2picklist` VALUES('H8', '42', '3', '16');
INSERT INTO `vtiger_role2picklist` VALUES('H8', '43', '3', '17');
INSERT INTO `vtiger_role2picklist` VALUES('H8', '44', '3', '18');
INSERT INTO `vtiger_role2picklist` VALUES('H8', '45', '3', '19');
INSERT INTO `vtiger_role2picklist` VALUES('H8', '46', '3', '20');
INSERT INTO `vtiger_role2picklist` VALUES('H8', '47', '3', '21');
INSERT INTO `vtiger_role2picklist` VALUES('H8', '48', '3', '22');
INSERT INTO `vtiger_role2picklist` VALUES('H8', '49', '3', '23');
INSERT INTO `vtiger_role2picklist` VALUES('H8', '50', '3', '24');
INSERT INTO `vtiger_role2picklist` VALUES('H8', '51', '3', '25');
INSERT INTO `vtiger_role2picklist` VALUES('H8', '52', '3', '26');
INSERT INTO `vtiger_role2picklist` VALUES('H8', '53', '3', '27');
INSERT INTO `vtiger_role2picklist` VALUES('H8', '54', '3', '28');
INSERT INTO `vtiger_role2picklist` VALUES('H8', '55', '3', '29');
INSERT INTO `vtiger_role2picklist` VALUES('H8', '56', '3', '30');
INSERT INTO `vtiger_role2picklist` VALUES('H8', '57', '3', '31');
INSERT INTO `vtiger_role2picklist` VALUES('H8', '58', '4', '0');
INSERT INTO `vtiger_role2picklist` VALUES('H8', '59', '4', '1');
INSERT INTO `vtiger_role2picklist` VALUES('H8', '60', '4', '2');
INSERT INTO `vtiger_role2picklist` VALUES('H8', '61', '4', '3');
INSERT INTO `vtiger_role2picklist` VALUES('H8', '62', '4', '4');
INSERT INTO `vtiger_role2picklist` VALUES('H8', '63', '4', '5');
INSERT INTO `vtiger_role2picklist` VALUES('H8', '64', '4', '6');
INSERT INTO `vtiger_role2picklist` VALUES('H8', '65', '4', '7');
INSERT INTO `vtiger_role2picklist` VALUES('H8', '66', '4', '8');
INSERT INTO `vtiger_role2picklist` VALUES('H8', '67', '4', '9');
INSERT INTO `vtiger_role2picklist` VALUES('H8', '68', '4', '10');
INSERT INTO `vtiger_role2picklist` VALUES('H8', '69', '4', '11');
INSERT INTO `vtiger_role2picklist` VALUES('H8', '70', '5', '0');
INSERT INTO `vtiger_role2picklist` VALUES('H8', '71', '5', '1');
INSERT INTO `vtiger_role2picklist` VALUES('H8', '72', '5', '2');
INSERT INTO `vtiger_role2picklist` VALUES('H8', '73', '5', '3');
INSERT INTO `vtiger_role2picklist` VALUES('H8', '74', '5', '4');
INSERT INTO `vtiger_role2picklist` VALUES('H8', '75', '5', '5');
INSERT INTO `vtiger_role2picklist` VALUES('H8', '76', '6', '0');
INSERT INTO `vtiger_role2picklist` VALUES('H8', '77', '6', '1');
INSERT INTO `vtiger_role2picklist` VALUES('H8', '78', '6', '2');
INSERT INTO `vtiger_role2picklist` VALUES('H8', '79', '7', '0');
INSERT INTO `vtiger_role2picklist` VALUES('H8', '80', '7', '1');
INSERT INTO `vtiger_role2picklist` VALUES('H8', '81', '7', '2');
INSERT INTO `vtiger_role2picklist` VALUES('H8', '82', '7', '3');
INSERT INTO `vtiger_role2picklist` VALUES('H8', '85', '8', '0');
INSERT INTO `vtiger_role2picklist` VALUES('H8', '86', '8', '1');
INSERT INTO `vtiger_role2picklist` VALUES('H8', '87', '8', '2');
INSERT INTO `vtiger_role2picklist` VALUES('H8', '88', '8', '3');
INSERT INTO `vtiger_role2picklist` VALUES('H8', '89', '8', '4');
INSERT INTO `vtiger_role2picklist` VALUES('H8', '90', '8', '5');
INSERT INTO `vtiger_role2picklist` VALUES('H8', '91', '8', '6');
INSERT INTO `vtiger_role2picklist` VALUES('H8', '92', '8', '7');
INSERT INTO `vtiger_role2picklist` VALUES('H8', '93', '8', '8');
INSERT INTO `vtiger_role2picklist` VALUES('H8', '94', '8', '9');
INSERT INTO `vtiger_role2picklist` VALUES('H8', '95', '9', '0');
INSERT INTO `vtiger_role2picklist` VALUES('H8', '96', '9', '1');
INSERT INTO `vtiger_role2picklist` VALUES('H8', '97', '9', '2');
INSERT INTO `vtiger_role2picklist` VALUES('H8', '98', '9', '3');
INSERT INTO `vtiger_role2picklist` VALUES('H8', '99', '10', '0');
INSERT INTO `vtiger_role2picklist` VALUES('H8', '100', '10', '1');
INSERT INTO `vtiger_role2picklist` VALUES('H8', '101', '10', '2');
INSERT INTO `vtiger_role2picklist` VALUES('H8', '102', '10', '3');
INSERT INTO `vtiger_role2picklist` VALUES('H8', '103', '11', '0');
INSERT INTO `vtiger_role2picklist` VALUES('H8', '104', '11', '1');
INSERT INTO `vtiger_role2picklist` VALUES('H8', '105', '11', '2');
INSERT INTO `vtiger_role2picklist` VALUES('H8', '106', '11', '3');
INSERT INTO `vtiger_role2picklist` VALUES('H8', '107', '12', '0');
INSERT INTO `vtiger_role2picklist` VALUES('H8', '108', '12', '1');
INSERT INTO `vtiger_role2picklist` VALUES('H8', '109', '12', '2');
INSERT INTO `vtiger_role2picklist` VALUES('H8', '110', '13', '0');
INSERT INTO `vtiger_role2picklist` VALUES('H8', '111', '13', '1');
INSERT INTO `vtiger_role2picklist` VALUES('H8', '112', '13', '2');
INSERT INTO `vtiger_role2picklist` VALUES('H8', '113', '14', '0');
INSERT INTO `vtiger_role2picklist` VALUES('H8', '114', '14', '1');
INSERT INTO `vtiger_role2picklist` VALUES('H8', '115', '14', '2');
INSERT INTO `vtiger_role2picklist` VALUES('H8', '116', '14', '3');
INSERT INTO `vtiger_role2picklist` VALUES('H8', '117', '14', '4');
INSERT INTO `vtiger_role2picklist` VALUES('H8', '118', '14', '5');
INSERT INTO `vtiger_role2picklist` VALUES('H8', '119', '15', '0');
INSERT INTO `vtiger_role2picklist` VALUES('H8', '120', '15', '1');
INSERT INTO `vtiger_role2picklist` VALUES('H8', '121', '15', '2');
INSERT INTO `vtiger_role2picklist` VALUES('H8', '122', '16', '0');
INSERT INTO `vtiger_role2picklist` VALUES('H8', '126', '17', '0');
INSERT INTO `vtiger_role2picklist` VALUES('H8', '130', '18', '0');
INSERT INTO `vtiger_role2picklist` VALUES('H8', '142', '19', '0');
INSERT INTO `vtiger_role2picklist` VALUES('H8', '156', '21', '0');
INSERT INTO `vtiger_role2picklist` VALUES('H8', '157', '21', '1');
INSERT INTO `vtiger_role2picklist` VALUES('H8', '158', '21', '2');
INSERT INTO `vtiger_role2picklist` VALUES('H8', '159', '21', '3');
INSERT INTO `vtiger_role2picklist` VALUES('H8', '160', '21', '4');
INSERT INTO `vtiger_role2picklist` VALUES('H8', '161', '22', '0');
INSERT INTO `vtiger_role2picklist` VALUES('H8', '162', '22', '1');
INSERT INTO `vtiger_role2picklist` VALUES('H8', '163', '22', '2');
INSERT INTO `vtiger_role2picklist` VALUES('H8', '164', '22', '3');
INSERT INTO `vtiger_role2picklist` VALUES('H8', '165', '22', '4');
INSERT INTO `vtiger_role2picklist` VALUES('H8', '166', '23', '0');
INSERT INTO `vtiger_role2picklist` VALUES('H8', '167', '23', '1');
INSERT INTO `vtiger_role2picklist` VALUES('H8', '168', '23', '2');
INSERT INTO `vtiger_role2picklist` VALUES('H8', '169', '23', '3');
INSERT INTO `vtiger_role2picklist` VALUES('H8', '170', '24', '0');
INSERT INTO `vtiger_role2picklist` VALUES('H8', '171', '24', '1');
INSERT INTO `vtiger_role2picklist` VALUES('H8', '172', '24', '2');
INSERT INTO `vtiger_role2picklist` VALUES('H8', '173', '24', '3');
INSERT INTO `vtiger_role2picklist` VALUES('H8', '174', '24', '4');
INSERT INTO `vtiger_role2picklist` VALUES('H8', '175', '25', '0');
INSERT INTO `vtiger_role2picklist` VALUES('H8', '176', '25', '1');
INSERT INTO `vtiger_role2picklist` VALUES('H8', '177', '25', '2');
INSERT INTO `vtiger_role2picklist` VALUES('H8', '178', '25', '3');
INSERT INTO `vtiger_role2picklist` VALUES('H8', '179', '25', '4');
INSERT INTO `vtiger_role2picklist` VALUES('H8', '180', '26', '0');
INSERT INTO `vtiger_role2picklist` VALUES('H8', '181', '26', '1');
INSERT INTO `vtiger_role2picklist` VALUES('H8', '182', '26', '2');
INSERT INTO `vtiger_role2picklist` VALUES('H8', '183', '26', '3');
INSERT INTO `vtiger_role2picklist` VALUES('H8', '184', '27', '0');
INSERT INTO `vtiger_role2picklist` VALUES('H8', '196', '27', '4');
INSERT INTO `vtiger_role2picklist` VALUES('H8', '197', '28', '0');
INSERT INTO `vtiger_role2picklist` VALUES('H8', '198', '28', '1');
INSERT INTO `vtiger_role2picklist` VALUES('H8', '199', '28', '2');
INSERT INTO `vtiger_role2picklist` VALUES('H8', '200', '28', '3');
INSERT INTO `vtiger_role2picklist` VALUES('H8', '201', '28', '4');
INSERT INTO `vtiger_role2picklist` VALUES('H8', '202', '28', '5');
INSERT INTO `vtiger_role2picklist` VALUES('H8', '203', '29', '0');
INSERT INTO `vtiger_role2picklist` VALUES('H8', '204', '29', '1');
INSERT INTO `vtiger_role2picklist` VALUES('H8', '205', '29', '2');
INSERT INTO `vtiger_role2picklist` VALUES('H8', '206', '29', '3');
INSERT INTO `vtiger_role2picklist` VALUES('H8', '207', '29', '4');
INSERT INTO `vtiger_role2picklist` VALUES('H8', '208', '17', '1');
INSERT INTO `vtiger_role2picklist` VALUES('H8', '209', '17', '2');
INSERT INTO `vtiger_role2picklist` VALUES('H8', '212', '1', '3');
INSERT INTO `vtiger_role2picklist` VALUES('H8', '213', '1', '4');
INSERT INTO `vtiger_role2picklist` VALUES('H8', '214', '2', '1');
INSERT INTO `vtiger_role2picklist` VALUES('H8', '215', '2', '2');
INSERT INTO `vtiger_role2picklist` VALUES('H8', '216', '2', '6');
INSERT INTO `vtiger_role2picklist` VALUES('H8', '222', '27', '1');
INSERT INTO `vtiger_role2picklist` VALUES('H8', '223', '27', '2');
INSERT INTO `vtiger_role2picklist` VALUES('H8', '224', '27', '3');
INSERT INTO `vtiger_role2picklist` VALUES('H8', '225', '20', '0');
INSERT INTO `vtiger_role2picklist` VALUES('H9', '2', '1', '0');
INSERT INTO `vtiger_role2picklist` VALUES('H9', '3', '1', '1');
INSERT INTO `vtiger_role2picklist` VALUES('H9', '4', '1', '2');
INSERT INTO `vtiger_role2picklist` VALUES('H9', '7', '1', '5');
INSERT INTO `vtiger_role2picklist` VALUES('H9', '9', '1', '6');
INSERT INTO `vtiger_role2picklist` VALUES('H9', '14', '1', '7');
INSERT INTO `vtiger_role2picklist` VALUES('H9', '15', '2', '0');
INSERT INTO `vtiger_role2picklist` VALUES('H9', '21', '2', '3');
INSERT INTO `vtiger_role2picklist` VALUES('H9', '22', '2', '4');
INSERT INTO `vtiger_role2picklist` VALUES('H9', '23', '2', '5');
INSERT INTO `vtiger_role2picklist` VALUES('H9', '25', '2', '7');
INSERT INTO `vtiger_role2picklist` VALUES('H9', '26', '3', '0');
INSERT INTO `vtiger_role2picklist` VALUES('H9', '27', '3', '1');
INSERT INTO `vtiger_role2picklist` VALUES('H9', '28', '3', '2');
INSERT INTO `vtiger_role2picklist` VALUES('H9', '29', '3', '3');
INSERT INTO `vtiger_role2picklist` VALUES('H9', '30', '3', '4');
INSERT INTO `vtiger_role2picklist` VALUES('H9', '31', '3', '5');
INSERT INTO `vtiger_role2picklist` VALUES('H9', '32', '3', '6');
INSERT INTO `vtiger_role2picklist` VALUES('H9', '33', '3', '7');
INSERT INTO `vtiger_role2picklist` VALUES('H9', '34', '3', '8');
INSERT INTO `vtiger_role2picklist` VALUES('H9', '35', '3', '9');
INSERT INTO `vtiger_role2picklist` VALUES('H9', '36', '3', '10');
INSERT INTO `vtiger_role2picklist` VALUES('H9', '37', '3', '11');
INSERT INTO `vtiger_role2picklist` VALUES('H9', '38', '3', '12');
INSERT INTO `vtiger_role2picklist` VALUES('H9', '39', '3', '13');
INSERT INTO `vtiger_role2picklist` VALUES('H9', '40', '3', '14');
INSERT INTO `vtiger_role2picklist` VALUES('H9', '41', '3', '15');
INSERT INTO `vtiger_role2picklist` VALUES('H9', '42', '3', '16');
INSERT INTO `vtiger_role2picklist` VALUES('H9', '43', '3', '17');
INSERT INTO `vtiger_role2picklist` VALUES('H9', '44', '3', '18');
INSERT INTO `vtiger_role2picklist` VALUES('H9', '45', '3', '19');
INSERT INTO `vtiger_role2picklist` VALUES('H9', '46', '3', '20');
INSERT INTO `vtiger_role2picklist` VALUES('H9', '47', '3', '21');
INSERT INTO `vtiger_role2picklist` VALUES('H9', '48', '3', '22');
INSERT INTO `vtiger_role2picklist` VALUES('H9', '49', '3', '23');
INSERT INTO `vtiger_role2picklist` VALUES('H9', '50', '3', '24');
INSERT INTO `vtiger_role2picklist` VALUES('H9', '51', '3', '25');
INSERT INTO `vtiger_role2picklist` VALUES('H9', '52', '3', '26');
INSERT INTO `vtiger_role2picklist` VALUES('H9', '53', '3', '27');
INSERT INTO `vtiger_role2picklist` VALUES('H9', '54', '3', '28');
INSERT INTO `vtiger_role2picklist` VALUES('H9', '55', '3', '29');
INSERT INTO `vtiger_role2picklist` VALUES('H9', '56', '3', '30');
INSERT INTO `vtiger_role2picklist` VALUES('H9', '57', '3', '31');
INSERT INTO `vtiger_role2picklist` VALUES('H9', '58', '4', '0');
INSERT INTO `vtiger_role2picklist` VALUES('H9', '59', '4', '1');
INSERT INTO `vtiger_role2picklist` VALUES('H9', '60', '4', '2');
INSERT INTO `vtiger_role2picklist` VALUES('H9', '61', '4', '3');
INSERT INTO `vtiger_role2picklist` VALUES('H9', '62', '4', '4');
INSERT INTO `vtiger_role2picklist` VALUES('H9', '63', '4', '5');
INSERT INTO `vtiger_role2picklist` VALUES('H9', '64', '4', '6');
INSERT INTO `vtiger_role2picklist` VALUES('H9', '65', '4', '7');
INSERT INTO `vtiger_role2picklist` VALUES('H9', '66', '4', '8');
INSERT INTO `vtiger_role2picklist` VALUES('H9', '67', '4', '9');
INSERT INTO `vtiger_role2picklist` VALUES('H9', '68', '4', '10');
INSERT INTO `vtiger_role2picklist` VALUES('H9', '69', '4', '11');
INSERT INTO `vtiger_role2picklist` VALUES('H9', '70', '5', '0');
INSERT INTO `vtiger_role2picklist` VALUES('H9', '71', '5', '1');
INSERT INTO `vtiger_role2picklist` VALUES('H9', '72', '5', '2');
INSERT INTO `vtiger_role2picklist` VALUES('H9', '73', '5', '3');
INSERT INTO `vtiger_role2picklist` VALUES('H9', '74', '5', '4');
INSERT INTO `vtiger_role2picklist` VALUES('H9', '75', '5', '5');
INSERT INTO `vtiger_role2picklist` VALUES('H9', '76', '6', '0');
INSERT INTO `vtiger_role2picklist` VALUES('H9', '77', '6', '1');
INSERT INTO `vtiger_role2picklist` VALUES('H9', '78', '6', '2');
INSERT INTO `vtiger_role2picklist` VALUES('H9', '79', '7', '0');
INSERT INTO `vtiger_role2picklist` VALUES('H9', '80', '7', '1');
INSERT INTO `vtiger_role2picklist` VALUES('H9', '81', '7', '2');
INSERT INTO `vtiger_role2picklist` VALUES('H9', '82', '7', '3');
INSERT INTO `vtiger_role2picklist` VALUES('H9', '85', '8', '0');
INSERT INTO `vtiger_role2picklist` VALUES('H9', '86', '8', '1');
INSERT INTO `vtiger_role2picklist` VALUES('H9', '87', '8', '2');
INSERT INTO `vtiger_role2picklist` VALUES('H9', '88', '8', '3');
INSERT INTO `vtiger_role2picklist` VALUES('H9', '89', '8', '4');
INSERT INTO `vtiger_role2picklist` VALUES('H9', '90', '8', '5');
INSERT INTO `vtiger_role2picklist` VALUES('H9', '91', '8', '6');
INSERT INTO `vtiger_role2picklist` VALUES('H9', '92', '8', '7');
INSERT INTO `vtiger_role2picklist` VALUES('H9', '93', '8', '8');
INSERT INTO `vtiger_role2picklist` VALUES('H9', '94', '8', '9');
INSERT INTO `vtiger_role2picklist` VALUES('H9', '95', '9', '0');
INSERT INTO `vtiger_role2picklist` VALUES('H9', '96', '9', '1');
INSERT INTO `vtiger_role2picklist` VALUES('H9', '97', '9', '2');
INSERT INTO `vtiger_role2picklist` VALUES('H9', '98', '9', '3');
INSERT INTO `vtiger_role2picklist` VALUES('H9', '99', '10', '0');
INSERT INTO `vtiger_role2picklist` VALUES('H9', '100', '10', '1');
INSERT INTO `vtiger_role2picklist` VALUES('H9', '101', '10', '2');
INSERT INTO `vtiger_role2picklist` VALUES('H9', '102', '10', '3');
INSERT INTO `vtiger_role2picklist` VALUES('H9', '103', '11', '0');
INSERT INTO `vtiger_role2picklist` VALUES('H9', '104', '11', '1');
INSERT INTO `vtiger_role2picklist` VALUES('H9', '105', '11', '2');
INSERT INTO `vtiger_role2picklist` VALUES('H9', '106', '11', '3');
INSERT INTO `vtiger_role2picklist` VALUES('H9', '107', '12', '0');
INSERT INTO `vtiger_role2picklist` VALUES('H9', '108', '12', '1');
INSERT INTO `vtiger_role2picklist` VALUES('H9', '109', '12', '2');
INSERT INTO `vtiger_role2picklist` VALUES('H9', '110', '13', '0');
INSERT INTO `vtiger_role2picklist` VALUES('H9', '111', '13', '1');
INSERT INTO `vtiger_role2picklist` VALUES('H9', '112', '13', '2');
INSERT INTO `vtiger_role2picklist` VALUES('H9', '113', '14', '0');
INSERT INTO `vtiger_role2picklist` VALUES('H9', '114', '14', '1');
INSERT INTO `vtiger_role2picklist` VALUES('H9', '115', '14', '2');
INSERT INTO `vtiger_role2picklist` VALUES('H9', '116', '14', '3');
INSERT INTO `vtiger_role2picklist` VALUES('H9', '117', '14', '4');
INSERT INTO `vtiger_role2picklist` VALUES('H9', '118', '14', '5');
INSERT INTO `vtiger_role2picklist` VALUES('H9', '119', '15', '0');
INSERT INTO `vtiger_role2picklist` VALUES('H9', '120', '15', '1');
INSERT INTO `vtiger_role2picklist` VALUES('H9', '121', '15', '2');
INSERT INTO `vtiger_role2picklist` VALUES('H9', '122', '16', '0');
INSERT INTO `vtiger_role2picklist` VALUES('H9', '126', '17', '0');
INSERT INTO `vtiger_role2picklist` VALUES('H9', '130', '18', '0');
INSERT INTO `vtiger_role2picklist` VALUES('H9', '142', '19', '0');
INSERT INTO `vtiger_role2picklist` VALUES('H9', '156', '21', '0');
INSERT INTO `vtiger_role2picklist` VALUES('H9', '157', '21', '1');
INSERT INTO `vtiger_role2picklist` VALUES('H9', '158', '21', '2');
INSERT INTO `vtiger_role2picklist` VALUES('H9', '159', '21', '3');
INSERT INTO `vtiger_role2picklist` VALUES('H9', '160', '21', '4');
INSERT INTO `vtiger_role2picklist` VALUES('H9', '161', '22', '0');
INSERT INTO `vtiger_role2picklist` VALUES('H9', '162', '22', '1');
INSERT INTO `vtiger_role2picklist` VALUES('H9', '163', '22', '2');
INSERT INTO `vtiger_role2picklist` VALUES('H9', '164', '22', '3');
INSERT INTO `vtiger_role2picklist` VALUES('H9', '165', '22', '4');
INSERT INTO `vtiger_role2picklist` VALUES('H9', '166', '23', '0');
INSERT INTO `vtiger_role2picklist` VALUES('H9', '167', '23', '1');
INSERT INTO `vtiger_role2picklist` VALUES('H9', '168', '23', '2');
INSERT INTO `vtiger_role2picklist` VALUES('H9', '169', '23', '3');
INSERT INTO `vtiger_role2picklist` VALUES('H9', '170', '24', '0');
INSERT INTO `vtiger_role2picklist` VALUES('H9', '171', '24', '1');
INSERT INTO `vtiger_role2picklist` VALUES('H9', '172', '24', '2');
INSERT INTO `vtiger_role2picklist` VALUES('H9', '173', '24', '3');
INSERT INTO `vtiger_role2picklist` VALUES('H9', '174', '24', '4');
INSERT INTO `vtiger_role2picklist` VALUES('H9', '175', '25', '0');
INSERT INTO `vtiger_role2picklist` VALUES('H9', '176', '25', '1');
INSERT INTO `vtiger_role2picklist` VALUES('H9', '177', '25', '2');
INSERT INTO `vtiger_role2picklist` VALUES('H9', '178', '25', '3');
INSERT INTO `vtiger_role2picklist` VALUES('H9', '179', '25', '4');
INSERT INTO `vtiger_role2picklist` VALUES('H9', '180', '26', '0');
INSERT INTO `vtiger_role2picklist` VALUES('H9', '181', '26', '1');
INSERT INTO `vtiger_role2picklist` VALUES('H9', '182', '26', '2');
INSERT INTO `vtiger_role2picklist` VALUES('H9', '183', '26', '3');
INSERT INTO `vtiger_role2picklist` VALUES('H9', '184', '27', '0');
INSERT INTO `vtiger_role2picklist` VALUES('H9', '196', '27', '4');
INSERT INTO `vtiger_role2picklist` VALUES('H9', '197', '28', '0');
INSERT INTO `vtiger_role2picklist` VALUES('H9', '198', '28', '1');
INSERT INTO `vtiger_role2picklist` VALUES('H9', '199', '28', '2');
INSERT INTO `vtiger_role2picklist` VALUES('H9', '200', '28', '3');
INSERT INTO `vtiger_role2picklist` VALUES('H9', '201', '28', '4');
INSERT INTO `vtiger_role2picklist` VALUES('H9', '202', '28', '5');
INSERT INTO `vtiger_role2picklist` VALUES('H9', '203', '29', '0');
INSERT INTO `vtiger_role2picklist` VALUES('H9', '204', '29', '1');
INSERT INTO `vtiger_role2picklist` VALUES('H9', '205', '29', '2');
INSERT INTO `vtiger_role2picklist` VALUES('H9', '206', '29', '3');
INSERT INTO `vtiger_role2picklist` VALUES('H9', '207', '29', '4');
INSERT INTO `vtiger_role2picklist` VALUES('H9', '208', '17', '1');
INSERT INTO `vtiger_role2picklist` VALUES('H9', '209', '17', '2');
INSERT INTO `vtiger_role2picklist` VALUES('H9', '212', '1', '3');
INSERT INTO `vtiger_role2picklist` VALUES('H9', '213', '1', '4');
INSERT INTO `vtiger_role2picklist` VALUES('H9', '214', '2', '1');
INSERT INTO `vtiger_role2picklist` VALUES('H9', '215', '2', '2');
INSERT INTO `vtiger_role2picklist` VALUES('H9', '216', '2', '6');
INSERT INTO `vtiger_role2picklist` VALUES('H9', '222', '27', '1');
INSERT INTO `vtiger_role2picklist` VALUES('H9', '223', '27', '2');
INSERT INTO `vtiger_role2picklist` VALUES('H9', '224', '27', '3');
INSERT INTO `vtiger_role2picklist` VALUES('H9', '225', '20', '0');

--
-- Table structure for table `vtiger_role2profile` 
--

CREATE TABLE `vtiger_role2profile` (
  `roleid` varchar(255) NOT NULL,
  `profileid` int(11) NOT NULL,
  PRIMARY KEY  (`roleid`,`profileid`),
  KEY `role2profile_roleid_profileid_idx` (`roleid`,`profileid`)
) ENGINE=InnoDB DEFAULT CHARSET=latin1;

--
-- Dumping data for table `vtiger_role2profile` 
--

INSERT INTO `vtiger_role2profile` VALUES('H2', '1');
INSERT INTO `vtiger_role2profile` VALUES('H3', '2');
INSERT INTO `vtiger_role2profile` VALUES('H4', '2');
INSERT INTO `vtiger_role2profile` VALUES('H5', '2');
INSERT INTO `vtiger_role2profile` VALUES('H6', '6');
INSERT INTO `vtiger_role2profile` VALUES('H7', '5');
INSERT INTO `vtiger_role2profile` VALUES('H8', '7');
INSERT INTO `vtiger_role2profile` VALUES('H9', '8');

--
-- Table structure for table `vtiger_role_seq` 
--

CREATE TABLE `vtiger_role_seq` (
  `id` int(11) NOT NULL
) ENGINE=InnoDB DEFAULT CHARSET=latin1;

--
-- Dumping data for table `vtiger_role_seq` 
--

INSERT INTO `vtiger_role_seq` VALUES('9');

--
-- Table structure for table `vtiger_rss` 
--

CREATE TABLE `vtiger_rss` (
  `rssid` int(19) NOT NULL,
  `rssurl` varchar(200) NOT NULL default '',
  `rsstitle` varchar(200) default NULL,
  `rsstype` int(10) default '0',
  `starred` int(1) default '0',
  PRIMARY KEY  (`rssid`)
) ENGINE=InnoDB DEFAULT CHARSET=latin1;

--
-- Dumping data for table `vtiger_rss` 
--


--
-- Table structure for table `vtiger_sales_stage` 
--

CREATE TABLE `vtiger_sales_stage` (
  `sales_stage_id` int(19) NOT NULL auto_increment,
  `sales_stage` varchar(200) default NULL,
  `PRESENCE` int(1) NOT NULL default '1',
  `picklist_valueid` int(19) NOT NULL default '0',
  PRIMARY KEY  (`sales_stage_id`)
) ENGINE=InnoDB DEFAULT CHARSET=latin1;

--
-- Dumping data for table `vtiger_sales_stage` 
--

INSERT INTO `vtiger_sales_stage` VALUES('1', 'Prospecting', '1', '85');
INSERT INTO `vtiger_sales_stage` VALUES('2', 'Qualification', '1', '86');
INSERT INTO `vtiger_sales_stage` VALUES('3', 'Needs Analysis', '1', '87');
INSERT INTO `vtiger_sales_stage` VALUES('4', 'Value Proposition', '1', '88');
INSERT INTO `vtiger_sales_stage` VALUES('5', 'Id. Decision Makers', '1', '89');
INSERT INTO `vtiger_sales_stage` VALUES('6', 'Perception Analysis', '1', '90');
INSERT INTO `vtiger_sales_stage` VALUES('7', 'Proposal/Price Quote', '1', '91');
INSERT INTO `vtiger_sales_stage` VALUES('8', 'Negotiation/Review', '1', '92');
INSERT INTO `vtiger_sales_stage` VALUES('9', 'Closed Won', '0', '93');
INSERT INTO `vtiger_sales_stage` VALUES('10', 'Closed Lost', '0', '94');

--
-- Table structure for table `vtiger_sales_stage_seq` 
--

CREATE TABLE `vtiger_sales_stage_seq` (
  `id` int(11) NOT NULL
) ENGINE=InnoDB DEFAULT CHARSET=latin1;

--
-- Dumping data for table `vtiger_sales_stage_seq` 
--

INSERT INTO `vtiger_sales_stage_seq` VALUES('10');

--
-- Table structure for table `vtiger_salesmanactivityrel` 
--

CREATE TABLE `vtiger_salesmanactivityrel` (
  `smid` int(19) NOT NULL default '0',
  `activityid` int(19) NOT NULL default '0',
  PRIMARY KEY  (`smid`,`activityid`),
  KEY `salesmanactivityrel_activityid_idx` (`activityid`),
  KEY `salesmanactivityrel_smid_idx` (`smid`),
  CONSTRAINT `fk_2_vtiger_salesmanactivityrel` FOREIGN KEY (`smid`) REFERENCES `vtiger_users` (`id`) ON DELETE CASCADE
) ENGINE=InnoDB DEFAULT CHARSET=latin1;

--
-- Dumping data for table `vtiger_salesmanactivityrel` 
--

INSERT INTO `vtiger_salesmanactivityrel` VALUES('4', '15');
INSERT INTO `vtiger_salesmanactivityrel` VALUES('5', '15');
INSERT INTO `vtiger_salesmanactivityrel` VALUES('3', '16');
INSERT INTO `vtiger_salesmanactivityrel` VALUES('5', '16');
INSERT INTO `vtiger_salesmanactivityrel` VALUES('8', '330');
INSERT INTO `vtiger_salesmanactivityrel` VALUES('4', '333');
INSERT INTO `vtiger_salesmanactivityrel` VALUES('1', '720');

--
-- Table structure for table `vtiger_salesmanattachmentsrel` 
--

CREATE TABLE `vtiger_salesmanattachmentsrel` (
  `smid` int(19) NOT NULL default '0',
  `attachmentsid` int(19) NOT NULL default '0',
  PRIMARY KEY  (`smid`,`attachmentsid`),
  KEY `salesmanattachmentsrel_smid_idx` (`smid`),
  KEY `salesmanattachmentsrel_attachmentsid_idx` (`attachmentsid`),
  CONSTRAINT `fk_2_vtiger_salesmanattachmentsrel` FOREIGN KEY (`attachmentsid`) REFERENCES `vtiger_attachments` (`attachmentsid`) ON DELETE CASCADE
) ENGINE=InnoDB DEFAULT CHARSET=latin1;

--
-- Dumping data for table `vtiger_salesmanattachmentsrel` 
--

INSERT INTO `vtiger_salesmanattachmentsrel` VALUES('3', '2');
INSERT INTO `vtiger_salesmanattachmentsrel` VALUES('4', '4');
INSERT INTO `vtiger_salesmanattachmentsrel` VALUES('5', '3');
INSERT INTO `vtiger_salesmanattachmentsrel` VALUES('8', '30');

--
-- Table structure for table `vtiger_salesmanticketrel` 
--

CREATE TABLE `vtiger_salesmanticketrel` (
  `smid` int(19) NOT NULL default '0',
  `id` int(19) NOT NULL default '0',
  PRIMARY KEY  (`smid`,`id`),
  KEY `salesmanticketrel_smid_idx` (`smid`),
  KEY `salesmanticketrel_id_idx` (`id`),
  CONSTRAINT `fk_2_vtiger_salesmanticketrel` FOREIGN KEY (`smid`) REFERENCES `vtiger_users` (`id`) ON DELETE CASCADE
) ENGINE=InnoDB DEFAULT CHARSET=latin1;

--
-- Dumping data for table `vtiger_salesmanticketrel` 
--


--
-- Table structure for table `vtiger_salesorder` 
--

CREATE TABLE `vtiger_salesorder` (
  `salesorderid` int(19) NOT NULL default '0',
  `subject` varchar(100) default NULL,
  `potentialid` int(19) default NULL,
  `customerno` varchar(100) default NULL,
  `quoteid` int(19) default NULL,
  `vendorterms` varchar(100) default NULL,
  `contactid` int(19) default NULL,
  `vendorid` int(19) default NULL,
  `duedate` date default NULL,
  `carrier` varchar(200) default NULL,
  `pending` varchar(200) default NULL,
  `type` varchar(100) default NULL,
  `adjustment` decimal(25,3) default NULL,
  `salescommission` decimal(25,3) default NULL,
  `exciseduty` decimal(25,3) default NULL,
  `total` decimal(25,3) default NULL,
  `subtotal` decimal(25,3) default NULL,
  `taxtype` varchar(25) default NULL,
  `discount_percent` decimal(25,3) default NULL,
  `discount_amount` decimal(25,3) default NULL,
  `s_h_amount` decimal(25,3) default NULL,
  `accountid` int(19) default NULL,
  `terms_conditions` text,
  `purchaseorder` varchar(200) default NULL,
  `sostatus` varchar(200) default NULL,
  PRIMARY KEY  (`salesorderid`),
  KEY `salesorder_vendorid_idx` (`vendorid`),
  KEY `salesorder_contactid_idx` (`contactid`),
  CONSTRAINT `fk_3_vtiger_salesorder` FOREIGN KEY (`vendorid`) REFERENCES `vtiger_vendor` (`vendorid`) ON DELETE CASCADE
) ENGINE=InnoDB DEFAULT CHARSET=latin1;

--
-- Dumping data for table `vtiger_salesorder` 
--

INSERT INTO `vtiger_salesorder` VALUES('23', 'Devis pour la soirée du Jeudi soir', '0', '', '22', '', '', '', '2009-03-07', 'BlueDart', '', '', '0.000', '0.000', '0.000', '6817.200', '6817.200', 'individual', '0.000', '0.000', '0.000', '10', '- Unless otherwise agreed in writing by the supplier all invoices are payable within thirty (30) days of the date of invoice, in the currency of the invoice, drawn on a bank based in India or by such other method as is agreed in advance by the Supplier.\r\n\r\n - All prices are not inclusive of VAT which shall be payable in addition by the Customer at the applicable rate.', '', 'Approved');
INSERT INTO `vtiger_salesorder` VALUES('328', 'mp', '0', '', '0', '', '', '', '2009-03-08', 'BlueDart', '', '', '0.000', '0.000', '0.000', '2260.440', '2260.440', 'individual', '0.000', '0.000', '0.000', '83', '- PAIEMENT COMPTANT A RÉCEPTION DE FACTURE.', '', 'Approved');

--
-- Table structure for table `vtiger_salesordercf` 
--

CREATE TABLE `vtiger_salesordercf` (
  `salesorderid` int(19) NOT NULL default '0',
  PRIMARY KEY  (`salesorderid`),
  CONSTRAINT `fk_1_vtiger_salesordercf` FOREIGN KEY (`salesorderid`) REFERENCES `vtiger_salesorder` (`salesorderid`) ON DELETE CASCADE
) ENGINE=InnoDB DEFAULT CHARSET=latin1;

--
-- Dumping data for table `vtiger_salesordercf` 
--

INSERT INTO `vtiger_salesordercf` VALUES('23');
INSERT INTO `vtiger_salesordercf` VALUES('328');

--
-- Table structure for table `vtiger_salutationtype` 
--

CREATE TABLE `vtiger_salutationtype` (
  `salutationid` int(19) NOT NULL auto_increment,
  `salutationtype` varchar(200) NOT NULL,
  `presence` int(1) NOT NULL default '1',
  `picklist_valueid` int(19) NOT NULL default '0',
  PRIMARY KEY  (`salutationid`)
) ENGINE=InnoDB DEFAULT CHARSET=latin1;

--
-- Dumping data for table `vtiger_salutationtype` 
--

INSERT INTO `vtiger_salutationtype` VALUES('1', '--None--', '1', '79');
INSERT INTO `vtiger_salutationtype` VALUES('2', 'Mr.', '1', '80');
INSERT INTO `vtiger_salutationtype` VALUES('3', 'Ms.', '1', '81');
INSERT INTO `vtiger_salutationtype` VALUES('4', 'Mrs.', '1', '82');
INSERT INTO `vtiger_salutationtype` VALUES('5', 'Dr.', '1', '83');
INSERT INTO `vtiger_salutationtype` VALUES('6', 'Prof.', '1', '84');

--
-- Table structure for table `vtiger_salutationtype_seq` 
--

CREATE TABLE `vtiger_salutationtype_seq` (
  `id` int(11) NOT NULL
) ENGINE=InnoDB DEFAULT CHARSET=latin1;

--
-- Dumping data for table `vtiger_salutationtype_seq` 
--

INSERT INTO `vtiger_salutationtype_seq` VALUES('6');

--
-- Table structure for table `vtiger_seactivityrel` 
--

CREATE TABLE `vtiger_seactivityrel` (
  `crmid` int(19) NOT NULL,
  `activityid` int(19) NOT NULL,
  PRIMARY KEY  (`crmid`,`activityid`),
  KEY `seactivityrel_activityid_idx` (`activityid`),
  KEY `seactivityrel_crmid_idx` (`crmid`),
  CONSTRAINT `fk_2_vtiger_seactivityrel` FOREIGN KEY (`crmid`) REFERENCES `vtiger_crmentity` (`crmid`) ON DELETE CASCADE
) ENGINE=InnoDB DEFAULT CHARSET=latin1;

--
-- Dumping data for table `vtiger_seactivityrel` 
--

INSERT INTO `vtiger_seactivityrel` VALUES('5', '6');
INSERT INTO `vtiger_seactivityrel` VALUES('5', '8');
INSERT INTO `vtiger_seactivityrel` VALUES('5', '9');
INSERT INTO `vtiger_seactivityrel` VALUES('329', '330');
INSERT INTO `vtiger_seactivityrel` VALUES('329', '720');
INSERT INTO `vtiger_seactivityrel` VALUES('722', '723');
INSERT INTO `vtiger_seactivityrel` VALUES('722', '724');

--
-- Table structure for table `vtiger_seactivityrel_seq` 
--

CREATE TABLE `vtiger_seactivityrel_seq` (
  `id` int(11) NOT NULL
) ENGINE=InnoDB DEFAULT CHARSET=latin1;

--
-- Dumping data for table `vtiger_seactivityrel_seq` 
--

INSERT INTO `vtiger_seactivityrel_seq` VALUES('1');

--
-- Table structure for table `vtiger_seattachmentsrel` 
--

CREATE TABLE `vtiger_seattachmentsrel` (
  `crmid` int(19) NOT NULL default '0',
  `attachmentsid` int(19) NOT NULL default '0',
  PRIMARY KEY  (`crmid`,`attachmentsid`),
  KEY `seattachmentsrel_attachmentsid_idx` (`attachmentsid`),
  KEY `seattachmentsrel_crmid_idx` (`crmid`),
  KEY `seattachmentsrel_attachmentsid_crmid_idx` (`attachmentsid`,`crmid`),
  CONSTRAINT `fk_2_vtiger_seattachmentsrel` FOREIGN KEY (`crmid`) REFERENCES `vtiger_crmentity` (`crmid`) ON DELETE CASCADE
) ENGINE=InnoDB DEFAULT CHARSET=latin1;

--
-- Dumping data for table `vtiger_seattachmentsrel` 
--

INSERT INTO `vtiger_seattachmentsrel` VALUES('482', '483');
INSERT INTO `vtiger_seattachmentsrel` VALUES('485', '486');
INSERT INTO `vtiger_seattachmentsrel` VALUES('487', '488');
INSERT INTO `vtiger_seattachmentsrel` VALUES('489', '490');
INSERT INTO `vtiger_seattachmentsrel` VALUES('469', '491');
INSERT INTO `vtiger_seattachmentsrel` VALUES('471', '492');
INSERT INTO `vtiger_seattachmentsrel` VALUES('493', '494');
INSERT INTO `vtiger_seattachmentsrel` VALUES('495', '496');
INSERT INTO `vtiger_seattachmentsrel` VALUES('472', '497');
INSERT INTO `vtiger_seattachmentsrel` VALUES('498', '499');
INSERT INTO `vtiger_seattachmentsrel` VALUES('500', '501');
INSERT INTO `vtiger_seattachmentsrel` VALUES('502', '503');
INSERT INTO `vtiger_seattachmentsrel` VALUES('505', '506');
INSERT INTO `vtiger_seattachmentsrel` VALUES('507', '508');
INSERT INTO `vtiger_seattachmentsrel` VALUES('509', '510');
INSERT INTO `vtiger_seattachmentsrel` VALUES('474', '511');
INSERT INTO `vtiger_seattachmentsrel` VALUES('517', '518');
INSERT INTO `vtiger_seattachmentsrel` VALUES('519', '520');
INSERT INTO `vtiger_seattachmentsrel` VALUES('521', '522');
INSERT INTO `vtiger_seattachmentsrel` VALUES('523', '524');
INSERT INTO `vtiger_seattachmentsrel` VALUES('525', '526');
INSERT INTO `vtiger_seattachmentsrel` VALUES('527', '528');
INSERT INTO `vtiger_seattachmentsrel` VALUES('530', '531');
INSERT INTO `vtiger_seattachmentsrel` VALUES('532', '533');
INSERT INTO `vtiger_seattachmentsrel` VALUES('534', '535');
INSERT INTO `vtiger_seattachmentsrel` VALUES('536', '537');
INSERT INTO `vtiger_seattachmentsrel` VALUES('538', '539');
INSERT INTO `vtiger_seattachmentsrel` VALUES('468', '540');
INSERT INTO `vtiger_seattachmentsrel` VALUES('542', '543');
INSERT INTO `vtiger_seattachmentsrel` VALUES('544', '545');
INSERT INTO `vtiger_seattachmentsrel` VALUES('546', '547');
INSERT INTO `vtiger_seattachmentsrel` VALUES('541', '548');
INSERT INTO `vtiger_seattachmentsrel` VALUES('549', '550');
INSERT INTO `vtiger_seattachmentsrel` VALUES('477', '551');
INSERT INTO `vtiger_seattachmentsrel` VALUES('552', '553');
INSERT INTO `vtiger_seattachmentsrel` VALUES('478', '554');
INSERT INTO `vtiger_seattachmentsrel` VALUES('555', '556');
INSERT INTO `vtiger_seattachmentsrel` VALUES('557', '558');
INSERT INTO `vtiger_seattachmentsrel` VALUES('479', '559');
INSERT INTO `vtiger_seattachmentsrel` VALUES('561', '562');
INSERT INTO `vtiger_seattachmentsrel` VALUES('563', '564');
INSERT INTO `vtiger_seattachmentsrel` VALUES('566', '567');
INSERT INTO `vtiger_seattachmentsrel` VALUES('568', '569');
INSERT INTO `vtiger_seattachmentsrel` VALUES('570', '571');
INSERT INTO `vtiger_seattachmentsrel` VALUES('572', '573');
INSERT INTO `vtiger_seattachmentsrel` VALUES('574', '575');
INSERT INTO `vtiger_seattachmentsrel` VALUES('576', '577');
INSERT INTO `vtiger_seattachmentsrel` VALUES('579', '580');
INSERT INTO `vtiger_seattachmentsrel` VALUES('581', '582');
INSERT INTO `vtiger_seattachmentsrel` VALUES('583', '584');
INSERT INTO `vtiger_seattachmentsrel` VALUES('585', '586');
INSERT INTO `vtiger_seattachmentsrel` VALUES('587', '588');
INSERT INTO `vtiger_seattachmentsrel` VALUES('589', '590');
INSERT INTO `vtiger_seattachmentsrel` VALUES('591', '592');
INSERT INTO `vtiger_seattachmentsrel` VALUES('593', '594');
INSERT INTO `vtiger_seattachmentsrel` VALUES('595', '596');
INSERT INTO `vtiger_seattachmentsrel` VALUES('597', '598');
INSERT INTO `vtiger_seattachmentsrel` VALUES('599', '600');
INSERT INTO `vtiger_seattachmentsrel` VALUES('601', '602');
INSERT INTO `vtiger_seattachmentsrel` VALUES('603', '604');
INSERT INTO `vtiger_seattachmentsrel` VALUES('605', '606');
INSERT INTO `vtiger_seattachmentsrel` VALUES('607', '608');
INSERT INTO `vtiger_seattachmentsrel` VALUES('609', '610');
INSERT INTO `vtiger_seattachmentsrel` VALUES('611', '612');
INSERT INTO `vtiger_seattachmentsrel` VALUES('613', '614');
INSERT INTO `vtiger_seattachmentsrel` VALUES('615', '616');
INSERT INTO `vtiger_seattachmentsrel` VALUES('617', '618');
INSERT INTO `vtiger_seattachmentsrel` VALUES('619', '620');
INSERT INTO `vtiger_seattachmentsrel` VALUES('621', '622');
INSERT INTO `vtiger_seattachmentsrel` VALUES('623', '624');
INSERT INTO `vtiger_seattachmentsrel` VALUES('625', '626');
INSERT INTO `vtiger_seattachmentsrel` VALUES('627', '628');
INSERT INTO `vtiger_seattachmentsrel` VALUES('629', '630');
INSERT INTO `vtiger_seattachmentsrel` VALUES('475', '631');
INSERT INTO `vtiger_seattachmentsrel` VALUES('632', '633');
INSERT INTO `vtiger_seattachmentsrel` VALUES('634', '635');
INSERT INTO `vtiger_seattachmentsrel` VALUES('636', '637');
INSERT INTO `vtiger_seattachmentsrel` VALUES('638', '639');
INSERT INTO `vtiger_seattachmentsrel` VALUES('641', '642');
INSERT INTO `vtiger_seattachmentsrel` VALUES('644', '646');
INSERT INTO `vtiger_seattachmentsrel` VALUES('647', '648');
INSERT INTO `vtiger_seattachmentsrel` VALUES('650', '651');
INSERT INTO `vtiger_seattachmentsrel` VALUES('653', '654');
INSERT INTO `vtiger_seattachmentsrel` VALUES('655', '656');
INSERT INTO `vtiger_seattachmentsrel` VALUES('657', '658');
INSERT INTO `vtiger_seattachmentsrel` VALUES('659', '660');
INSERT INTO `vtiger_seattachmentsrel` VALUES('661', '662');
INSERT INTO `vtiger_seattachmentsrel` VALUES('665', '666');
INSERT INTO `vtiger_seattachmentsrel` VALUES('668', '669');
INSERT INTO `vtiger_seattachmentsrel` VALUES('640', '670');
INSERT INTO `vtiger_seattachmentsrel` VALUES('710', '711');
INSERT INTO `vtiger_seattachmentsrel` VALUES('713', '714');
INSERT INTO `vtiger_seattachmentsrel` VALUES('718', '719');
INSERT INTO `vtiger_seattachmentsrel` VALUES('724', '725');

--
-- Table structure for table `vtiger_selectcolumn` 
--

CREATE TABLE `vtiger_selectcolumn` (
  `queryid` int(19) NOT NULL,
  `columnindex` int(11) NOT NULL default '0',
  `columnname` varchar(250) default '',
  PRIMARY KEY  (`queryid`,`columnindex`),
  KEY `selectcolumn_queryid_idx` (`queryid`),
  CONSTRAINT `fk_1_vtiger_selectcolumn` FOREIGN KEY (`queryid`) REFERENCES `vtiger_selectquery` (`queryid`) ON DELETE CASCADE
) ENGINE=InnoDB DEFAULT CHARSET=latin1;

--
-- Dumping data for table `vtiger_selectcolumn` 
--

INSERT INTO `vtiger_selectcolumn` VALUES('1', '0', 'vtiger_contactdetails:firstname:Contacts_First_Name:firstname:V');
INSERT INTO `vtiger_selectcolumn` VALUES('1', '1', 'vtiger_contactdetails:lastname:Contacts_Last_Name:lastname:V');
INSERT INTO `vtiger_selectcolumn` VALUES('1', '2', 'vtiger_contactsubdetails:leadsource:Contacts_Lead_Source:leadsource:V');
INSERT INTO `vtiger_selectcolumn` VALUES('1', '3', 'vtiger_accountContacts:accountname:Contacts_Account_Name:account_id:V');
INSERT INTO `vtiger_selectcolumn` VALUES('1', '4', 'vtiger_account:industry:Accounts_industry:industry:V');
INSERT INTO `vtiger_selectcolumn` VALUES('1', '5', 'vtiger_contactdetails:email:Contacts_Email:email:E');
INSERT INTO `vtiger_selectcolumn` VALUES('2', '0', 'vtiger_contactdetails:firstname:Contacts_First_Name:firstname:V');
INSERT INTO `vtiger_selectcolumn` VALUES('2', '1', 'vtiger_contactdetails:lastname:Contacts_Last_Name:lastname:V');
INSERT INTO `vtiger_selectcolumn` VALUES('2', '2', 'vtiger_contactsubdetails:leadsource:Contacts_Lead_Source:leadsource:V');
INSERT INTO `vtiger_selectcolumn` VALUES('2', '3', 'vtiger_accountContacts:accountname:Contacts_Account_Name:account_id:V');
INSERT INTO `vtiger_selectcolumn` VALUES('2', '4', 'vtiger_account:industry:Accounts_industry:industry:V');
INSERT INTO `vtiger_selectcolumn` VALUES('2', '5', 'vtiger_contactdetails:email:Contacts_Email:email:E');
INSERT INTO `vtiger_selectcolumn` VALUES('3', '0', 'vtiger_contactdetails:firstname:Contacts_First_Name:firstname:V');
INSERT INTO `vtiger_selectcolumn` VALUES('3', '1', 'vtiger_contactdetails:lastname:Contacts_Last_Name:lastname:V');
INSERT INTO `vtiger_selectcolumn` VALUES('3', '2', 'vtiger_accountContacts:accountname:Contacts_Account_Name:account_id:V');
INSERT INTO `vtiger_selectcolumn` VALUES('3', '3', 'vtiger_contactdetails:email:Contacts_Email:email:E');
INSERT INTO `vtiger_selectcolumn` VALUES('3', '4', 'vtiger_potential:potentialname:Potentials_Potential_Name:potentialname:V');
INSERT INTO `vtiger_selectcolumn` VALUES('3', '5', 'vtiger_potential:sales_stage:Potentials_Sales_Stage:sales_stage:V');
INSERT INTO `vtiger_selectcolumn` VALUES('4', '0', 'vtiger_leaddetails:firstname:Leads_First_Name:firstname:V');
INSERT INTO `vtiger_selectcolumn` VALUES('4', '1', 'vtiger_leaddetails:lastname:Leads_Last_Name:lastname:V');
INSERT INTO `vtiger_selectcolumn` VALUES('4', '2', 'vtiger_leaddetails:company:Leads_Company:company:V');
INSERT INTO `vtiger_selectcolumn` VALUES('4', '3', 'vtiger_leaddetails:email:Leads_Email:email:E');
INSERT INTO `vtiger_selectcolumn` VALUES('5', '0', 'vtiger_leaddetails:firstname:Leads_First_Name:firstname:V');
INSERT INTO `vtiger_selectcolumn` VALUES('5', '1', 'vtiger_leaddetails:lastname:Leads_Last_Name:lastname:V');
INSERT INTO `vtiger_selectcolumn` VALUES('5', '2', 'vtiger_leaddetails:company:Leads_Company:company:V');
INSERT INTO `vtiger_selectcolumn` VALUES('5', '3', 'vtiger_leaddetails:email:Leads_Email:email:E');
INSERT INTO `vtiger_selectcolumn` VALUES('5', '4', 'vtiger_leaddetails:leadsource:Leads_Lead_Source:leadsource:V');
INSERT INTO `vtiger_selectcolumn` VALUES('6', '0', 'vtiger_potential:potentialname:Potentials_Potential_Name:potentialname:V');
INSERT INTO `vtiger_selectcolumn` VALUES('6', '1', 'vtiger_potential:amount:Potentials_Amount:amount:N');
INSERT INTO `vtiger_selectcolumn` VALUES('6', '2', 'vtiger_potential:potentialtype:Potentials_Type:opportunity_type:V');
INSERT INTO `vtiger_selectcolumn` VALUES('6', '3', 'vtiger_potential:leadsource:Potentials_Lead_Source:leadsource:V');
INSERT INTO `vtiger_selectcolumn` VALUES('6', '4', 'vtiger_potential:sales_stage:Potentials_Sales_Stage:sales_stage:V');
INSERT INTO `vtiger_selectcolumn` VALUES('7', '0', 'vtiger_potential:potentialname:Potentials_Potential_Name:potentialname:V');
INSERT INTO `vtiger_selectcolumn` VALUES('7', '1', 'vtiger_potential:amount:Potentials_Amount:amount:N');
INSERT INTO `vtiger_selectcolumn` VALUES('7', '2', 'vtiger_potential:potentialtype:Potentials_Type:opportunity_type:V');
INSERT INTO `vtiger_selectcolumn` VALUES('7', '3', 'vtiger_potential:leadsource:Potentials_Lead_Source:leadsource:V');
INSERT INTO `vtiger_selectcolumn` VALUES('7', '4', 'vtiger_potential:sales_stage:Potentials_Sales_Stage:sales_stage:V');
INSERT INTO `vtiger_selectcolumn` VALUES('8', '0', 'vtiger_activity:subject:Calendar_Subject:subject:V');
INSERT INTO `vtiger_selectcolumn` VALUES('8', '1', 'vtiger_contactdetailsCalendar:lastname:Calendar_Contact_Name:contact_id:I');
INSERT INTO `vtiger_selectcolumn` VALUES('8', '2', 'vtiger_activity:status:Calendar_Status:taskstatus:V');
INSERT INTO `vtiger_selectcolumn` VALUES('8', '3', 'vtiger_activity:priority:Calendar_Priority:taskpriority:V');
INSERT INTO `vtiger_selectcolumn` VALUES('8', '4', 'vtiger_usersCalendar:user_name:Calendar_Assigned_To:assigned_user_id:V');
INSERT INTO `vtiger_selectcolumn` VALUES('9', '0', 'vtiger_activity:subject:Calendar_Subject:subject:V');
INSERT INTO `vtiger_selectcolumn` VALUES('9', '1', 'vtiger_contactdetailsCalendar:lastname:Calendar_Contact_Name:contact_id:I');
INSERT INTO `vtiger_selectcolumn` VALUES('9', '2', 'vtiger_activity:status:Calendar_Status:taskstatus:V');
INSERT INTO `vtiger_selectcolumn` VALUES('9', '3', 'vtiger_activity:priority:Calendar_Priority:taskpriority:V');
INSERT INTO `vtiger_selectcolumn` VALUES('9', '4', 'vtiger_usersCalendar:user_name:Calendar_Assigned_To:assigned_user_id:V');
INSERT INTO `vtiger_selectcolumn` VALUES('10', '0', 'vtiger_troubletickets:title:HelpDesk_Title:ticket_title:V');
INSERT INTO `vtiger_selectcolumn` VALUES('10', '1', 'vtiger_troubletickets:status:HelpDesk_Status:ticketstatus:V');
INSERT INTO `vtiger_selectcolumn` VALUES('10', '2', 'vtiger_products:productname:Products_Product_Name:productname:V');
INSERT INTO `vtiger_selectcolumn` VALUES('10', '3', 'vtiger_products:discontinued:Products_Product_Active:discontinued:V');
INSERT INTO `vtiger_selectcolumn` VALUES('10', '4', 'vtiger_products:productcategory:Products_Product_Category:productcategory:V');
INSERT INTO `vtiger_selectcolumn` VALUES('10', '5', 'vtiger_products:manufacturer:Products_Manufacturer:manufacturer:V');
INSERT INTO `vtiger_selectcolumn` VALUES('11', '0', 'vtiger_troubletickets:title:HelpDesk_Title:ticket_title:V');
INSERT INTO `vtiger_selectcolumn` VALUES('11', '1', 'vtiger_troubletickets:priority:HelpDesk_Priority:ticketpriorities:V');
INSERT INTO `vtiger_selectcolumn` VALUES('11', '2', 'vtiger_troubletickets:severity:HelpDesk_Severity:ticketseverities:V');
INSERT INTO `vtiger_selectcolumn` VALUES('11', '3', 'vtiger_troubletickets:status:HelpDesk_Status:ticketstatus:V');
INSERT INTO `vtiger_selectcolumn` VALUES('11', '4', 'vtiger_troubletickets:category:HelpDesk_Category:ticketcategories:V');
INSERT INTO `vtiger_selectcolumn` VALUES('11', '5', 'vtiger_usersHelpDesk:user_name:HelpDesk_Assigned_To:assigned_user_id:V');
INSERT INTO `vtiger_selectcolumn` VALUES('12', '0', 'vtiger_troubletickets:title:HelpDesk_Title:ticket_title:V');
INSERT INTO `vtiger_selectcolumn` VALUES('12', '1', 'vtiger_troubletickets:priority:HelpDesk_Priority:ticketpriorities:V');
INSERT INTO `vtiger_selectcolumn` VALUES('12', '2', 'vtiger_troubletickets:severity:HelpDesk_Severity:ticketseverities:V');
INSERT INTO `vtiger_selectcolumn` VALUES('12', '3', 'vtiger_troubletickets:status:HelpDesk_Status:ticketstatus:V');
INSERT INTO `vtiger_selectcolumn` VALUES('12', '4', 'vtiger_troubletickets:category:HelpDesk_Category:ticketcategories:V');
INSERT INTO `vtiger_selectcolumn` VALUES('12', '5', 'vtiger_usersHelpDesk:user_name:HelpDesk_Assigned_To:assigned_user_id:V');
INSERT INTO `vtiger_selectcolumn` VALUES('13', '0', 'vtiger_products:productname:Products_Product_Name:productname:V');
INSERT INTO `vtiger_selectcolumn` VALUES('13', '1', 'vtiger_products:productcode:Products_Product_Code:productcode:V');
INSERT INTO `vtiger_selectcolumn` VALUES('13', '2', 'vtiger_products:discontinued:Products_Product_Active:discontinued:V');
INSERT INTO `vtiger_selectcolumn` VALUES('13', '3', 'vtiger_products:productcategory:Products_Product_Category:productcategory:V');
INSERT INTO `vtiger_selectcolumn` VALUES('13', '4', 'vtiger_products:website:Products_Website:website:V');
INSERT INTO `vtiger_selectcolumn` VALUES('13', '5', 'vtiger_vendorRel:vendorname:Products_Vendor_Name:vendor_id:I');
INSERT INTO `vtiger_selectcolumn` VALUES('13', '6', 'vtiger_products:mfr_part_no:Products_Mfr_PartNo:mfr_part_no:V');
INSERT INTO `vtiger_selectcolumn` VALUES('14', '0', 'vtiger_products:productname:Products_Product_Name:productname:V');
INSERT INTO `vtiger_selectcolumn` VALUES('14', '1', 'vtiger_products:manufacturer:Products_Manufacturer:manufacturer:V');
INSERT INTO `vtiger_selectcolumn` VALUES('14', '2', 'vtiger_products:productcategory:Products_Product_Category:productcategory:V');
INSERT INTO `vtiger_selectcolumn` VALUES('14', '3', 'vtiger_contactdetails:firstname:Contacts_First_Name:firstname:V');
INSERT INTO `vtiger_selectcolumn` VALUES('14', '4', 'vtiger_contactdetails:lastname:Contacts_Last_Name:lastname:V');
INSERT INTO `vtiger_selectcolumn` VALUES('14', '5', 'vtiger_contactsubdetails:leadsource:Contacts_Lead_Source:leadsource:V');
INSERT INTO `vtiger_selectcolumn` VALUES('15', '0', 'vtiger_quotes:subject:Quotes_Subject:subject:V');
INSERT INTO `vtiger_selectcolumn` VALUES('15', '1', 'vtiger_potentialRel:potentialname:Quotes_Potential_Name:potential_id:I');
INSERT INTO `vtiger_selectcolumn` VALUES('15', '2', 'vtiger_quotes:quotestage:Quotes_Quote_Stage:quotestage:V');
INSERT INTO `vtiger_selectcolumn` VALUES('15', '3', 'vtiger_contactdetailsQuotes:lastname:Quotes_Contact_Name:contact_id:V');
INSERT INTO `vtiger_selectcolumn` VALUES('15', '4', 'vtiger_usersRel1:user_name:Quotes_Inventory_Manager:assigned_user_id1:I');
INSERT INTO `vtiger_selectcolumn` VALUES('15', '5', 'vtiger_accountQuotes:accountname:Quotes_Account_Name:account_id:I');
INSERT INTO `vtiger_selectcolumn` VALUES('16', '0', 'vtiger_quotes:subject:Quotes_Subject:subject:V');
INSERT INTO `vtiger_selectcolumn` VALUES('16', '1', 'vtiger_potentialRel:potentialname:Quotes_Potential_Name:potential_id:I');
INSERT INTO `vtiger_selectcolumn` VALUES('16', '2', 'vtiger_quotes:quotestage:Quotes_Quote_Stage:quotestage:V');
INSERT INTO `vtiger_selectcolumn` VALUES('16', '3', 'vtiger_contactdetailsQuotes:lastname:Quotes_Contact_Name:contact_id:V');
INSERT INTO `vtiger_selectcolumn` VALUES('16', '4', 'vtiger_usersRel1:user_name:Quotes_Inventory_Manager:assigned_user_id1:I');
INSERT INTO `vtiger_selectcolumn` VALUES('16', '5', 'vtiger_accountQuotes:accountname:Quotes_Account_Name:account_id:I');
INSERT INTO `vtiger_selectcolumn` VALUES('16', '6', 'vtiger_quotes:carrier:Quotes_Carrier:carrier:V');
INSERT INTO `vtiger_selectcolumn` VALUES('16', '7', 'vtiger_quotes:shipping:Quotes_Shipping:shipping:V');
INSERT INTO `vtiger_selectcolumn` VALUES('17', '0', 'vtiger_purchaseorder:subject:PurchaseOrder_Subject:subject:V');
INSERT INTO `vtiger_selectcolumn` VALUES('17', '1', 'vtiger_vendorRel:vendorname:PurchaseOrder_Vendor_Name:vendor_id:I');
INSERT INTO `vtiger_selectcolumn` VALUES('17', '2', 'vtiger_purchaseorder:tracking_no:PurchaseOrder_Tracking_Number:tracking_no:V');
INSERT INTO `vtiger_selectcolumn` VALUES('17', '3', 'vtiger_contactdetails:firstname:Contacts_First_Name:firstname:V');
INSERT INTO `vtiger_selectcolumn` VALUES('17', '4', 'vtiger_contactdetails:lastname:Contacts_Last_Name:lastname:V');
INSERT INTO `vtiger_selectcolumn` VALUES('17', '5', 'vtiger_contactsubdetails:leadsource:Contacts_Lead_Source:leadsource:V');
INSERT INTO `vtiger_selectcolumn` VALUES('17', '6', 'vtiger_contactdetails:email:Contacts_Email:email:E');
INSERT INTO `vtiger_selectcolumn` VALUES('18', '0', 'vtiger_purchaseorder:subject:PurchaseOrder_Subject:subject:V');
INSERT INTO `vtiger_selectcolumn` VALUES('18', '1', 'vtiger_vendorRel:vendorname:PurchaseOrder_Vendor_Name:vendor_id:I');
INSERT INTO `vtiger_selectcolumn` VALUES('18', '2', 'vtiger_purchaseorder:requisition_no:PurchaseOrder_Requisition_No:requisition_no:V');
INSERT INTO `vtiger_selectcolumn` VALUES('18', '3', 'vtiger_purchaseorder:tracking_no:PurchaseOrder_Tracking_Number:tracking_no:V');
INSERT INTO `vtiger_selectcolumn` VALUES('18', '4', 'vtiger_contactdetailsPurchaseOrder:lastname:PurchaseOrder_Contact_Name:contact_id:I');
INSERT INTO `vtiger_selectcolumn` VALUES('18', '5', 'vtiger_purchaseorder:carrier:PurchaseOrder_Carrier:carrier:V');
INSERT INTO `vtiger_selectcolumn` VALUES('18', '6', 'vtiger_purchaseorder:salescommission:PurchaseOrder_Sales_Commission:salescommission:N');
INSERT INTO `vtiger_selectcolumn` VALUES('18', '7', 'vtiger_purchaseorder:exciseduty:PurchaseOrder_Excise_Duty:exciseduty:N');
INSERT INTO `vtiger_selectcolumn` VALUES('18', '8', 'vtiger_usersPurchaseOrder:user_name:PurchaseOrder_Assigned_To:assigned_user_id:V');
INSERT INTO `vtiger_selectcolumn` VALUES('19', '0', 'vtiger_invoice:subject:Invoice_Subject:subject:V');
INSERT INTO `vtiger_selectcolumn` VALUES('19', '1', 'vtiger_invoice:salesorderid:Invoice_Sales_Order:salesorder_id:I');
INSERT INTO `vtiger_selectcolumn` VALUES('19', '2', 'vtiger_invoice:customerno:Invoice_Customer_No:customerno:V');
INSERT INTO `vtiger_selectcolumn` VALUES('19', '3', 'vtiger_invoice:exciseduty:Invoice_Excise_Duty:exciseduty:N');
INSERT INTO `vtiger_selectcolumn` VALUES('19', '4', 'vtiger_invoice:salescommission:Invoice_Sales_Commission:salescommission:N');
INSERT INTO `vtiger_selectcolumn` VALUES('19', '5', 'vtiger_accountInvoice:accountname:Invoice_Account_Name:account_id:I');
INSERT INTO `vtiger_selectcolumn` VALUES('20', '0', 'vtiger_salesorder:subject:SalesOrder_Subject:subject:V');
INSERT INTO `vtiger_selectcolumn` VALUES('20', '1', 'vtiger_quotesSalesOrder:subject:SalesOrder_Quote_Name:quote_id:I');
INSERT INTO `vtiger_selectcolumn` VALUES('20', '2', 'vtiger_contactdetailsSalesOrder:lastname:SalesOrder_Contact_Name:contact_id:I');
INSERT INTO `vtiger_selectcolumn` VALUES('20', '3', 'vtiger_salesorder:duedate:SalesOrder_Due_Date:duedate:D');
INSERT INTO `vtiger_selectcolumn` VALUES('20', '4', 'vtiger_salesorder:carrier:SalesOrder_Carrier:carrier:V');
INSERT INTO `vtiger_selectcolumn` VALUES('20', '5', 'vtiger_salesorder:sostatus:SalesOrder_Status:sostatus:V');
INSERT INTO `vtiger_selectcolumn` VALUES('20', '6', 'vtiger_accountSalesOrder:accountname:SalesOrder_Account_Name:account_id:I');
INSERT INTO `vtiger_selectcolumn` VALUES('20', '7', 'vtiger_salesorder:salescommission:SalesOrder_Sales_Commission:salescommission:N');
INSERT INTO `vtiger_selectcolumn` VALUES('20', '8', 'vtiger_salesorder:exciseduty:SalesOrder_Excise_Duty:exciseduty:N');
INSERT INTO `vtiger_selectcolumn` VALUES('20', '9', 'vtiger_usersSalesOrder:user_name:SalesOrder_Assigned_To:assigned_user_id:V');
INSERT INTO `vtiger_selectcolumn` VALUES('21', '0', 'vtiger_campaign:campaignname:Campaigns_Campaign_Name:campaignname:V');
INSERT INTO `vtiger_selectcolumn` VALUES('21', '1', 'vtiger_campaign:campaigntype:Campaigns_Campaign_Type:campaigntype:V');
INSERT INTO `vtiger_selectcolumn` VALUES('21', '2', 'vtiger_campaign:targetaudience:Campaigns_Target_Audience:targetaudience:V');
INSERT INTO `vtiger_selectcolumn` VALUES('21', '3', 'vtiger_campaign:budgetcost:Campaigns_Budget_Cost:budgetcost:I');
INSERT INTO `vtiger_selectcolumn` VALUES('21', '4', 'vtiger_campaign:actualcost:Campaigns_Actual_Cost:actualcost:I');
INSERT INTO `vtiger_selectcolumn` VALUES('21', '5', 'vtiger_campaign:expectedrevenue:Campaigns_Expected_Revenue:expectedrevenue:I');
INSERT INTO `vtiger_selectcolumn` VALUES('21', '6', 'vtiger_campaign:expectedsalescount:Campaigns_Expected_Sales_Count:expectedsalescount:N');
INSERT INTO `vtiger_selectcolumn` VALUES('21', '7', 'vtiger_campaign:actualsalescount:Campaigns_Actual_Sales_Count:actualsalescount:N');
INSERT INTO `vtiger_selectcolumn` VALUES('21', '8', 'vtiger_usersCampaigns:user_name:Campaigns_Assigned_To:assigned_user_id:V');

--
-- Table structure for table `vtiger_selectquery` 
--

CREATE TABLE `vtiger_selectquery` (
  `queryid` int(19) NOT NULL,
  `startindex` int(19) default '0',
  `numofobjects` int(19) default '0',
  PRIMARY KEY  (`queryid`),
  KEY `selectquery_queryid_idx` (`queryid`)
) ENGINE=InnoDB DEFAULT CHARSET=latin1;

--
-- Dumping data for table `vtiger_selectquery` 
--

INSERT INTO `vtiger_selectquery` VALUES('1', '0', '0');
INSERT INTO `vtiger_selectquery` VALUES('2', '0', '0');
INSERT INTO `vtiger_selectquery` VALUES('3', '0', '0');
INSERT INTO `vtiger_selectquery` VALUES('4', '0', '0');
INSERT INTO `vtiger_selectquery` VALUES('5', '0', '0');
INSERT INTO `vtiger_selectquery` VALUES('6', '0', '0');
INSERT INTO `vtiger_selectquery` VALUES('7', '0', '0');
INSERT INTO `vtiger_selectquery` VALUES('8', '0', '0');
INSERT INTO `vtiger_selectquery` VALUES('9', '0', '0');
INSERT INTO `vtiger_selectquery` VALUES('10', '0', '0');
INSERT INTO `vtiger_selectquery` VALUES('11', '0', '0');
INSERT INTO `vtiger_selectquery` VALUES('12', '0', '0');
INSERT INTO `vtiger_selectquery` VALUES('13', '0', '0');
INSERT INTO `vtiger_selectquery` VALUES('14', '0', '0');
INSERT INTO `vtiger_selectquery` VALUES('15', '0', '0');
INSERT INTO `vtiger_selectquery` VALUES('16', '0', '0');
INSERT INTO `vtiger_selectquery` VALUES('17', '0', '0');
INSERT INTO `vtiger_selectquery` VALUES('18', '0', '0');
INSERT INTO `vtiger_selectquery` VALUES('19', '0', '0');
INSERT INTO `vtiger_selectquery` VALUES('20', '0', '0');
INSERT INTO `vtiger_selectquery` VALUES('21', '0', '0');

--
-- Table structure for table `vtiger_selectquery_seq` 
--

CREATE TABLE `vtiger_selectquery_seq` (
  `id` int(11) NOT NULL
) ENGINE=InnoDB DEFAULT CHARSET=latin1;

--
-- Dumping data for table `vtiger_selectquery_seq` 
--

INSERT INTO `vtiger_selectquery_seq` VALUES('21');

--
-- Table structure for table `vtiger_senotesrel` 
--

CREATE TABLE `vtiger_senotesrel` (
  `crmid` int(19) NOT NULL default '0',
  `notesid` int(19) NOT NULL default '0',
  PRIMARY KEY  (`crmid`,`notesid`),
  KEY `senotesrel_notesid_idx` (`notesid`),
  KEY `senotesrel_crmid_idx` (`crmid`),
  CONSTRAINT `fk_2_vtiger_senotesrel` FOREIGN KEY (`notesid`) REFERENCES `vtiger_notes` (`notesid`) ON DELETE CASCADE
) ENGINE=InnoDB DEFAULT CHARSET=latin1;

--
-- Dumping data for table `vtiger_senotesrel` 
--

INSERT INTO `vtiger_senotesrel` VALUES('364', '468');
INSERT INTO `vtiger_senotesrel` VALUES('357', '469');
INSERT INTO `vtiger_senotesrel` VALUES('356', '470');
INSERT INTO `vtiger_senotesrel` VALUES('358', '471');
INSERT INTO `vtiger_senotesrel` VALUES('359', '472');
INSERT INTO `vtiger_senotesrel` VALUES('360', '473');
INSERT INTO `vtiger_senotesrel` VALUES('362', '474');
INSERT INTO `vtiger_senotesrel` VALUES('361', '475');
INSERT INTO `vtiger_senotesrel` VALUES('363', '476');
INSERT INTO `vtiger_senotesrel` VALUES('365', '477');
INSERT INTO `vtiger_senotesrel` VALUES('366', '478');
INSERT INTO `vtiger_senotesrel` VALUES('367', '479');
INSERT INTO `vtiger_senotesrel` VALUES('334', '480');
INSERT INTO `vtiger_senotesrel` VALUES('356', '482');
INSERT INTO `vtiger_senotesrel` VALUES('334', '484');
INSERT INTO `vtiger_senotesrel` VALUES('334', '485');
INSERT INTO `vtiger_senotesrel` VALUES('335', '487');
INSERT INTO `vtiger_senotesrel` VALUES('335', '489');
INSERT INTO `vtiger_senotesrel` VALUES('336', '493');
INSERT INTO `vtiger_senotesrel` VALUES('336', '495');
INSERT INTO `vtiger_senotesrel` VALUES('359', '498');
INSERT INTO `vtiger_senotesrel` VALUES('360', '500');
INSERT INTO `vtiger_senotesrel` VALUES('360', '502');
INSERT INTO `vtiger_senotesrel` VALUES('337', '505');
INSERT INTO `vtiger_senotesrel` VALUES('337', '507');
INSERT INTO `vtiger_senotesrel` VALUES('337', '509');
INSERT INTO `vtiger_senotesrel` VALUES('357', '512');
INSERT INTO `vtiger_senotesrel` VALUES('375', '516');
INSERT INTO `vtiger_senotesrel` VALUES('338', '517');
INSERT INTO `vtiger_senotesrel` VALUES('338', '519');
INSERT INTO `vtiger_senotesrel` VALUES('338', '521');
INSERT INTO `vtiger_senotesrel` VALUES('338', '523');
INSERT INTO `vtiger_senotesrel` VALUES('345', '525');
INSERT INTO `vtiger_senotesrel` VALUES('345', '527');
INSERT INTO `vtiger_senotesrel` VALUES('341', '529');
INSERT INTO `vtiger_senotesrel` VALUES('342', '530');
INSERT INTO `vtiger_senotesrel` VALUES('342', '532');
INSERT INTO `vtiger_senotesrel` VALUES('342', '534');
INSERT INTO `vtiger_senotesrel` VALUES('342', '536');
INSERT INTO `vtiger_senotesrel` VALUES('343', '538');
INSERT INTO `vtiger_senotesrel` VALUES('355', '541');
INSERT INTO `vtiger_senotesrel` VALUES('364', '542');
INSERT INTO `vtiger_senotesrel` VALUES('364', '544');
INSERT INTO `vtiger_senotesrel` VALUES('355', '546');
INSERT INTO `vtiger_senotesrel` VALUES('355', '549');
INSERT INTO `vtiger_senotesrel` VALUES('365', '552');
INSERT INTO `vtiger_senotesrel` VALUES('366', '555');
INSERT INTO `vtiger_senotesrel` VALUES('366', '557');
INSERT INTO `vtiger_senotesrel` VALUES('368', '560');
INSERT INTO `vtiger_senotesrel` VALUES('369', '561');
INSERT INTO `vtiger_senotesrel` VALUES('369', '563');
INSERT INTO `vtiger_senotesrel` VALUES('370', '565');
INSERT INTO `vtiger_senotesrel` VALUES('346', '566');
INSERT INTO `vtiger_senotesrel` VALUES('347', '568');
INSERT INTO `vtiger_senotesrel` VALUES('347', '570');
INSERT INTO `vtiger_senotesrel` VALUES('347', '572');
INSERT INTO `vtiger_senotesrel` VALUES('371', '574');
INSERT INTO `vtiger_senotesrel` VALUES('371', '576');
INSERT INTO `vtiger_senotesrel` VALUES('371', '578');
INSERT INTO `vtiger_senotesrel` VALUES('372', '579');
INSERT INTO `vtiger_senotesrel` VALUES('372', '581');
INSERT INTO `vtiger_senotesrel` VALUES('373', '583');
INSERT INTO `vtiger_senotesrel` VALUES('376', '585');
INSERT INTO `vtiger_senotesrel` VALUES('377', '587');
INSERT INTO `vtiger_senotesrel` VALUES('377', '589');
INSERT INTO `vtiger_senotesrel` VALUES('378', '591');
INSERT INTO `vtiger_senotesrel` VALUES('374', '593');
INSERT INTO `vtiger_senotesrel` VALUES('379', '595');
INSERT INTO `vtiger_senotesrel` VALUES('379', '597');
INSERT INTO `vtiger_senotesrel` VALUES('348', '599');
INSERT INTO `vtiger_senotesrel` VALUES('349', '601');
INSERT INTO `vtiger_senotesrel` VALUES('349', '603');
INSERT INTO `vtiger_senotesrel` VALUES('380', '605');
INSERT INTO `vtiger_senotesrel` VALUES('350', '607');
INSERT INTO `vtiger_senotesrel` VALUES('350', '609');
INSERT INTO `vtiger_senotesrel` VALUES('351', '611');
INSERT INTO `vtiger_senotesrel` VALUES('351', '613');
INSERT INTO `vtiger_senotesrel` VALUES('351', '615');
INSERT INTO `vtiger_senotesrel` VALUES('381', '617');
INSERT INTO `vtiger_senotesrel` VALUES('382', '619');
INSERT INTO `vtiger_senotesrel` VALUES('382', '621');
INSERT INTO `vtiger_senotesrel` VALUES('352', '623');
INSERT INTO `vtiger_senotesrel` VALUES('352', '625');
INSERT INTO `vtiger_senotesrel` VALUES('352', '627');
INSERT INTO `vtiger_senotesrel` VALUES('352', '629');
INSERT INTO `vtiger_senotesrel` VALUES('353', '632');
INSERT INTO `vtiger_senotesrel` VALUES('353', '634');
INSERT INTO `vtiger_senotesrel` VALUES('353', '636');
INSERT INTO `vtiger_senotesrel` VALUES('353', '638');
INSERT INTO `vtiger_senotesrel` VALUES('383', '640');
INSERT INTO `vtiger_senotesrel` VALUES('384', '641');
INSERT INTO `vtiger_senotesrel` VALUES('385', '643');
INSERT INTO `vtiger_senotesrel` VALUES('344', '644');
INSERT INTO `vtiger_senotesrel` VALUES('344', '647');
INSERT INTO `vtiger_senotesrel` VALUES('354', '649');
INSERT INTO `vtiger_senotesrel` VALUES('386', '650');
INSERT INTO `vtiger_senotesrel` VALUES('387', '652');
INSERT INTO `vtiger_senotesrel` VALUES('387', '653');
INSERT INTO `vtiger_senotesrel` VALUES('387', '655');
INSERT INTO `vtiger_senotesrel` VALUES('388', '657');
INSERT INTO `vtiger_senotesrel` VALUES('388', '659');
INSERT INTO `vtiger_senotesrel` VALUES('389', '661');
INSERT INTO `vtiger_senotesrel` VALUES('390', '663');
INSERT INTO `vtiger_senotesrel` VALUES('391', '664');
INSERT INTO `vtiger_senotesrel` VALUES('392', '665');
INSERT INTO `vtiger_senotesrel` VALUES('393', '667');
INSERT INTO `vtiger_senotesrel` VALUES('394', '668');
INSERT INTO `vtiger_senotesrel` VALUES('690', '710');
INSERT INTO `vtiger_senotesrel` VALUES('712', '713');
INSERT INTO `vtiger_senotesrel` VALUES('353', '717');
INSERT INTO `vtiger_senotesrel` VALUES('353', '718');
INSERT INTO `vtiger_senotesrel` VALUES('350', '793');

--
-- Table structure for table `vtiger_seproductsrel` 
--

CREATE TABLE `vtiger_seproductsrel` (
  `crmid` int(19) NOT NULL default '0',
  `productid` int(19) NOT NULL default '0',
  `setype` varchar(30) NOT NULL,
  PRIMARY KEY  (`crmid`,`productid`),
  KEY `seproductsrel_productid_idx` (`productid`),
  KEY `seproductrel_crmid_idx` (`crmid`),
  CONSTRAINT `fk_2_vtiger_seproductsrel` FOREIGN KEY (`productid`) REFERENCES `vtiger_products` (`productid`) ON DELETE CASCADE
) ENGINE=InnoDB DEFAULT CHARSET=latin1;

--
-- Dumping data for table `vtiger_seproductsrel` 
--


--
-- Table structure for table `vtiger_seticketsrel` 
--

CREATE TABLE `vtiger_seticketsrel` (
  `crmid` int(19) NOT NULL default '0',
  `ticketid` int(19) NOT NULL default '0',
  PRIMARY KEY  (`crmid`,`ticketid`),
  KEY `seticketsrel_crmid_idx` (`crmid`),
  KEY `seticketsrel_ticketid_idx` (`ticketid`),
  CONSTRAINT `fk_2_vtiger_seticketsrel` FOREIGN KEY (`ticketid`) REFERENCES `vtiger_troubletickets` (`ticketid`) ON DELETE CASCADE
) ENGINE=InnoDB DEFAULT CHARSET=latin1;

--
-- Dumping data for table `vtiger_seticketsrel` 
--


--
-- Table structure for table `vtiger_sharedcalendar` 
--

CREATE TABLE `vtiger_sharedcalendar` (
  `userid` int(19) NOT NULL,
  `sharedid` int(19) NOT NULL,
  PRIMARY KEY  (`userid`,`sharedid`)
) ENGINE=InnoDB DEFAULT CHARSET=latin1;

--
-- Dumping data for table `vtiger_sharedcalendar` 
--

INSERT INTO `vtiger_sharedcalendar` VALUES('1', '4');
INSERT INTO `vtiger_sharedcalendar` VALUES('1', '5');
INSERT INTO `vtiger_sharedcalendar` VALUES('1', '6');
INSERT INTO `vtiger_sharedcalendar` VALUES('1', '7');

--
-- Table structure for table `vtiger_shippingtaxinfo` 
--

CREATE TABLE `vtiger_shippingtaxinfo` (
  `taxid` int(3) NOT NULL,
  `taxname` varchar(50) default NULL,
  `taxlabel` varchar(50) default NULL,
  `percentage` decimal(7,3) default NULL,
  `deleted` int(1) default NULL,
  PRIMARY KEY  (`taxid`),
  KEY `shippingtaxinfo_taxname_idx` (`taxname`)
) ENGINE=InnoDB DEFAULT CHARSET=latin1;

--
-- Dumping data for table `vtiger_shippingtaxinfo` 
--

INSERT INTO `vtiger_shippingtaxinfo` VALUES('1', 'shtax1', 'TVA', '19.600', '0');
INSERT INTO `vtiger_shippingtaxinfo` VALUES('2', 'shtax2', 'Sales', '10.000', '1');
INSERT INTO `vtiger_shippingtaxinfo` VALUES('3', 'shtax3', 'Service', '12.500', '1');

--
-- Table structure for table `vtiger_shippingtaxinfo_seq` 
--

CREATE TABLE `vtiger_shippingtaxinfo_seq` (
  `id` int(11) NOT NULL
) ENGINE=InnoDB DEFAULT CHARSET=latin1;

--
-- Dumping data for table `vtiger_shippingtaxinfo_seq` 
--

INSERT INTO `vtiger_shippingtaxinfo_seq` VALUES('3');

--
-- Table structure for table `vtiger_soapservice` 
--

CREATE TABLE `vtiger_soapservice` (
  `id` int(19) default NULL,
  `type` varchar(25) default NULL,
  `sessionid` varchar(100) default NULL
) ENGINE=InnoDB DEFAULT CHARSET=latin1;

--
-- Dumping data for table `vtiger_soapservice` 
--


--
-- Table structure for table `vtiger_sobillads` 
--

CREATE TABLE `vtiger_sobillads` (
  `sobilladdressid` int(19) NOT NULL default '0',
  `bill_city` varchar(30) default NULL,
  `bill_code` varchar(30) default NULL,
  `bill_country` varchar(30) default NULL,
  `bill_state` varchar(30) default NULL,
  `bill_street` varchar(250) default NULL,
  `bill_pobox` varchar(30) default NULL,
  PRIMARY KEY  (`sobilladdressid`),
  CONSTRAINT `fk_1_vtiger_sobillads` FOREIGN KEY (`sobilladdressid`) REFERENCES `vtiger_salesorder` (`salesorderid`) ON DELETE CASCADE
) ENGINE=InnoDB DEFAULT CHARSET=latin1;

--
-- Dumping data for table `vtiger_sobillads` 
--

INSERT INTO `vtiger_sobillads` VALUES('23', 'PARIS', '75009', 'FRANCE', 'PARIS', '12 rue d\'Amsterdam', '');
INSERT INTO `vtiger_sobillads` VALUES('328', '', '92231', 'GENEVILLIERS CEDEX', '', '211 avenue des Gresillions - BP 146', '');

--
-- Table structure for table `vtiger_sogrouprelation` 
--

CREATE TABLE `vtiger_sogrouprelation` (
  `salesorderid` int(19) NOT NULL,
  `groupname` varchar(100) default NULL,
  PRIMARY KEY  (`salesorderid`),
  KEY `sogrouprelation_groupname_idx` (`groupname`),
  CONSTRAINT `fk_1_vtiger_sogrouprelation` FOREIGN KEY (`groupname`) REFERENCES `vtiger_groups` (`groupname`) ON UPDATE CASCADE,
  CONSTRAINT `fk_2_vtiger_sogrouprelation` FOREIGN KEY (`salesorderid`) REFERENCES `vtiger_salesorder` (`salesorderid`) ON DELETE CASCADE
) ENGINE=InnoDB DEFAULT CHARSET=latin1;

--
-- Dumping data for table `vtiger_sogrouprelation` 
--


--
-- Table structure for table `vtiger_soshipads` 
--

CREATE TABLE `vtiger_soshipads` (
  `soshipaddressid` int(19) NOT NULL default '0',
  `ship_city` varchar(30) default NULL,
  `ship_code` varchar(30) default NULL,
  `ship_country` varchar(30) default NULL,
  `ship_state` varchar(30) default NULL,
  `ship_street` varchar(250) default NULL,
  `ship_pobox` varchar(30) default NULL,
  PRIMARY KEY  (`soshipaddressid`),
  CONSTRAINT `fk_1_vtiger_soshipads` FOREIGN KEY (`soshipaddressid`) REFERENCES `vtiger_salesorder` (`salesorderid`) ON DELETE CASCADE
) ENGINE=InnoDB DEFAULT CHARSET=latin1;

--
-- Dumping data for table `vtiger_soshipads` 
--

INSERT INTO `vtiger_soshipads` VALUES('23', 'PARIS', '75009', 'FRANCE', 'PARIS', '12 rue d\'Amsterdam', '');
INSERT INTO `vtiger_soshipads` VALUES('328', '', '92231', 'GENEVILLIERS CEDEX', '', '211 avenue des Gresillions - BP 146', '');

--
-- Table structure for table `vtiger_sostatus` 
--

CREATE TABLE `vtiger_sostatus` (
  `sostatusid` int(19) NOT NULL auto_increment,
  `sostatus` varchar(200) NOT NULL,
  `presence` int(1) NOT NULL default '1',
  `picklist_valueid` int(19) NOT NULL default '0',
  PRIMARY KEY  (`sostatusid`),
  UNIQUE KEY `sostatus_sostatus_idx` (`sostatus`)
) ENGINE=InnoDB DEFAULT CHARSET=latin1;

--
-- Dumping data for table `vtiger_sostatus` 
--

INSERT INTO `vtiger_sostatus` VALUES('1', 'Created', '0', '180');
INSERT INTO `vtiger_sostatus` VALUES('2', 'Approved', '0', '181');
INSERT INTO `vtiger_sostatus` VALUES('3', 'Delivered', '0', '182');
INSERT INTO `vtiger_sostatus` VALUES('4', 'Cancelled', '0', '183');

--
-- Table structure for table `vtiger_sostatus_seq` 
--

CREATE TABLE `vtiger_sostatus_seq` (
  `id` int(11) NOT NULL
) ENGINE=InnoDB DEFAULT CHARSET=latin1;

--
-- Dumping data for table `vtiger_sostatus_seq` 
--

INSERT INTO `vtiger_sostatus_seq` VALUES('4');

--
-- Table structure for table `vtiger_sostatushistory` 
--

CREATE TABLE `vtiger_sostatushistory` (
  `historyid` int(19) NOT NULL auto_increment,
  `salesorderid` int(19) NOT NULL,
  `accountname` varchar(100) default NULL,
  `total` decimal(10,0) default NULL,
  `sostatus` varchar(200) default NULL,
  `lastmodified` datetime default NULL,
  PRIMARY KEY  (`historyid`),
  KEY `sostatushistory_salesorderid_idx` (`salesorderid`),
  CONSTRAINT `fk_1_vtiger_sostatushistory` FOREIGN KEY (`salesorderid`) REFERENCES `vtiger_salesorder` (`salesorderid`) ON DELETE CASCADE
) ENGINE=InnoDB DEFAULT CHARSET=latin1;

--
-- Dumping data for table `vtiger_sostatushistory` 
--


--
-- Table structure for table `vtiger_status` 
--

CREATE TABLE `vtiger_status` (
  `statusid` int(19) NOT NULL auto_increment,
  `status` varchar(200) NOT NULL,
  `presence` int(1) NOT NULL default '1',
  `picklist_valueid` int(19) NOT NULL default '0',
  PRIMARY KEY  (`statusid`)
) ENGINE=InnoDB DEFAULT CHARSET=latin1;

--
-- Dumping data for table `vtiger_status` 
--

INSERT INTO `vtiger_status` VALUES('1', 'Active', '0', '1');
INSERT INTO `vtiger_status` VALUES('2', 'Inactive', '1', '1');

--
-- Table structure for table `vtiger_status_seq` 
--

CREATE TABLE `vtiger_status_seq` (
  `id` int(11) NOT NULL
) ENGINE=InnoDB DEFAULT CHARSET=latin1;

--
-- Dumping data for table `vtiger_status_seq` 
--

INSERT INTO `vtiger_status_seq` VALUES('2');

--
-- Table structure for table `vtiger_systems` 
--

CREATE TABLE `vtiger_systems` (
  `id` int(19) NOT NULL,
  `server` varchar(100) default NULL,
  `server_port` int(19) default NULL,
  `server_username` varchar(100) default NULL,
  `server_password` varchar(100) default NULL,
  `server_type` varchar(20) default NULL,
  `smtp_auth` varchar(5) default NULL,
  PRIMARY KEY  (`id`)
) ENGINE=InnoDB DEFAULT CHARSET=latin1;

--
-- Dumping data for table `vtiger_systems` 
--

INSERT INTO `vtiger_systems` VALUES('1', 'ftpperso.free.fr', '', 'dbatel', 'tulipe99', 'backup', 'false');
INSERT INTO `vtiger_systems` VALUES('2', 'smtp.vieillescharrues.asso.fr', '', 'loick@vieillescharrues.asso.fr', 'k3rbescont22.', 'email', 'true');

--
-- Table structure for table `vtiger_systems_seq` 
--

CREATE TABLE `vtiger_systems_seq` (
  `id` int(11) NOT NULL
) ENGINE=InnoDB DEFAULT CHARSET=latin1;

--
-- Dumping data for table `vtiger_systems_seq` 
--

INSERT INTO `vtiger_systems_seq` VALUES('2');

--
-- Table structure for table `vtiger_tab` 
--

CREATE TABLE `vtiger_tab` (
  `tabid` int(19) NOT NULL default '0',
  `name` varchar(25) NOT NULL,
  `presence` int(19) NOT NULL default '1',
  `tabsequence` int(10) default NULL,
  `tablabel` varchar(25) NOT NULL,
  `modifiedby` int(19) default NULL,
  `modifiedtime` int(19) default NULL,
  `customized` int(19) default NULL,
  `ownedby` int(19) default NULL,
  PRIMARY KEY  (`tabid`),
  UNIQUE KEY `tab_name_idx` (`name`),
  KEY `tab_modifiedby_idx` (`modifiedby`),
  KEY `tab_tabid_idx` (`tabid`)
) ENGINE=InnoDB DEFAULT CHARSET=latin1;

--
-- Dumping data for table `vtiger_tab` 
--

INSERT INTO `vtiger_tab` VALUES('1', 'Dashboard', '0', '12', 'Dashboards', '', '', '0', '1');
INSERT INTO `vtiger_tab` VALUES('2', 'Potentials', '0', '7', 'Potentials', '', '', '0', '0');
INSERT INTO `vtiger_tab` VALUES('3', 'Home', '0', '1', 'Home', '', '', '0', '1');
INSERT INTO `vtiger_tab` VALUES('4', 'Contacts', '0', '6', 'Contacts', '', '', '0', '0');
INSERT INTO `vtiger_tab` VALUES('6', 'Accounts', '0', '5', 'Accounts', '', '', '0', '0');
INSERT INTO `vtiger_tab` VALUES('7', 'Leads', '0', '4', 'Leads', '', '', '0', '0');
INSERT INTO `vtiger_tab` VALUES('8', 'Notes', '0', '9', 'Notes', '', '', '0', '1');
INSERT INTO `vtiger_tab` VALUES('9', 'Calendar', '0', '3', 'Calendar', '', '', '0', '0');
INSERT INTO `vtiger_tab` VALUES('10', 'Emails', '0', '10', 'Emails', '', '', '0', '1');
INSERT INTO `vtiger_tab` VALUES('13', 'HelpDesk', '0', '11', 'HelpDesk', '', '', '0', '0');
INSERT INTO `vtiger_tab` VALUES('14', 'Products', '0', '8', 'Products', '', '', '0', '1');
INSERT INTO `vtiger_tab` VALUES('15', 'Faq', '0', '14', 'Faq', '', '', '0', '1');
INSERT INTO `vtiger_tab` VALUES('16', 'Events', '2', '13', 'Events', '', '', '0', '0');
INSERT INTO `vtiger_tab` VALUES('18', 'Vendors', '0', '15', 'Vendors', '', '', '0', '1');
INSERT INTO `vtiger_tab` VALUES('19', 'PriceBooks', '0', '16', 'PriceBooks', '', '', '0', '1');
INSERT INTO `vtiger_tab` VALUES('20', 'Quotes', '0', '17', 'Quotes', '', '', '0', '0');
INSERT INTO `vtiger_tab` VALUES('21', 'PurchaseOrder', '0', '18', 'PurchaseOrder', '', '', '0', '0');
INSERT INTO `vtiger_tab` VALUES('22', 'SalesOrder', '0', '19', 'SalesOrder', '', '', '0', '0');
INSERT INTO `vtiger_tab` VALUES('23', 'Invoice', '0', '20', 'Invoice', '', '', '0', '0');
INSERT INTO `vtiger_tab` VALUES('24', 'Rss', '0', '21', 'Rss', '', '', '0', '1');
INSERT INTO `vtiger_tab` VALUES('25', 'Reports', '0', '22', 'Reports', '', '', '0', '1');
INSERT INTO `vtiger_tab` VALUES('26', 'Campaigns', '0', '23', 'Campaigns', '', '', '0', '0');
INSERT INTO `vtiger_tab` VALUES('27', 'Portal', '0', '24', 'Portal', '', '', '0', '1');
INSERT INTO `vtiger_tab` VALUES('28', 'Webmails', '0', '25', 'Webmails', '', '', '0', '1');
INSERT INTO `vtiger_tab` VALUES('29', 'Users', '0', '26', 'Users', '', '', '0', '1');

--
-- Table structure for table `vtiger_taskpriority` 
--

CREATE TABLE `vtiger_taskpriority` (
  `taskpriorityid` int(19) NOT NULL auto_increment,
  `taskpriority` varchar(200) default NULL,
  `presence` int(1) NOT NULL default '1',
  `picklist_valueid` int(19) NOT NULL default '0',
  PRIMARY KEY  (`taskpriorityid`)
) ENGINE=InnoDB DEFAULT CHARSET=latin1;

--
-- Dumping data for table `vtiger_taskpriority` 
--

INSERT INTO `vtiger_taskpriority` VALUES('1', 'High', '1', '119');
INSERT INTO `vtiger_taskpriority` VALUES('2', 'Medium', '1', '120');
INSERT INTO `vtiger_taskpriority` VALUES('3', 'Low', '1', '121');

--
-- Table structure for table `vtiger_taskpriority_seq` 
--

CREATE TABLE `vtiger_taskpriority_seq` (
  `id` int(11) NOT NULL
) ENGINE=InnoDB DEFAULT CHARSET=latin1;

--
-- Dumping data for table `vtiger_taskpriority_seq` 
--

INSERT INTO `vtiger_taskpriority_seq` VALUES('3');

--
-- Table structure for table `vtiger_taskstatus` 
--

CREATE TABLE `vtiger_taskstatus` (
  `taskstatusid` int(19) NOT NULL auto_increment,
  `taskstatus` varchar(200) default NULL,
  `presence` int(1) NOT NULL default '1',
  `picklist_valueid` int(19) NOT NULL default '0',
  PRIMARY KEY  (`taskstatusid`)
) ENGINE=InnoDB DEFAULT CHARSET=latin1;

--
-- Dumping data for table `vtiger_taskstatus` 
--

INSERT INTO `vtiger_taskstatus` VALUES('1', 'Not Started', '0', '113');
INSERT INTO `vtiger_taskstatus` VALUES('2', 'In Progress', '0', '114');
INSERT INTO `vtiger_taskstatus` VALUES('3', 'Completed', '0', '115');
INSERT INTO `vtiger_taskstatus` VALUES('4', 'Pending Input', '0', '116');
INSERT INTO `vtiger_taskstatus` VALUES('5', 'Deferred', '0', '117');
INSERT INTO `vtiger_taskstatus` VALUES('6', 'Planned', '0', '118');

--
-- Table structure for table `vtiger_taskstatus_seq` 
--

CREATE TABLE `vtiger_taskstatus_seq` (
  `id` int(11) NOT NULL
) ENGINE=InnoDB DEFAULT CHARSET=latin1;

--
-- Dumping data for table `vtiger_taskstatus_seq` 
--

INSERT INTO `vtiger_taskstatus_seq` VALUES('6');

--
-- Table structure for table `vtiger_taxclass` 
--

CREATE TABLE `vtiger_taxclass` (
  `taxclassid` int(19) NOT NULL auto_increment,
  `taxclass` varchar(200) NOT NULL,
  `sortorderid` int(19) NOT NULL default '0',
  `presence` int(1) NOT NULL default '1',
  PRIMARY KEY  (`taxclassid`),
  UNIQUE KEY `taxclass_carrier_idx` (`taxclass`)
) ENGINE=InnoDB DEFAULT CHARSET=latin1;

--
-- Dumping data for table `vtiger_taxclass` 
--

INSERT INTO `vtiger_taxclass` VALUES('1', 'SalesTax', '0', '1');
INSERT INTO `vtiger_taxclass` VALUES('2', 'Vat', '1', '1');

--
-- Table structure for table `vtiger_taxclass_seq` 
--

CREATE TABLE `vtiger_taxclass_seq` (
  `id` int(11) NOT NULL
) ENGINE=InnoDB DEFAULT CHARSET=latin1;

--
-- Dumping data for table `vtiger_taxclass_seq` 
--

INSERT INTO `vtiger_taxclass_seq` VALUES('2');

--
-- Table structure for table `vtiger_ticketcategories` 
--

CREATE TABLE `vtiger_ticketcategories` (
  `ticketcategories_id` int(19) NOT NULL auto_increment,
  `ticketcategories` varchar(200) default NULL,
  `PRESENCE` int(1) NOT NULL default '0',
  `picklist_valueid` int(19) NOT NULL default '0',
  PRIMARY KEY  (`ticketcategories_id`)
) ENGINE=InnoDB DEFAULT CHARSET=latin1;

--
-- Dumping data for table `vtiger_ticketcategories` 
--

INSERT INTO `vtiger_ticketcategories` VALUES('1', 'Big Problem', '1', '107');
INSERT INTO `vtiger_ticketcategories` VALUES('2', 'Small Problem', '1', '108');
INSERT INTO `vtiger_ticketcategories` VALUES('3', 'Other Problem', '1', '109');

--
-- Table structure for table `vtiger_ticketcategories_seq` 
--

CREATE TABLE `vtiger_ticketcategories_seq` (
  `id` int(11) NOT NULL
) ENGINE=InnoDB DEFAULT CHARSET=latin1;

--
-- Dumping data for table `vtiger_ticketcategories_seq` 
--

INSERT INTO `vtiger_ticketcategories_seq` VALUES('3');

--
-- Table structure for table `vtiger_ticketcf` 
--

CREATE TABLE `vtiger_ticketcf` (
  `ticketid` int(19) NOT NULL default '0',
  PRIMARY KEY  (`ticketid`),
  CONSTRAINT `fk_1_vtiger_ticketcf` FOREIGN KEY (`ticketid`) REFERENCES `vtiger_troubletickets` (`ticketid`) ON DELETE CASCADE
) ENGINE=InnoDB DEFAULT CHARSET=latin1;

--
-- Dumping data for table `vtiger_ticketcf` 
--


--
-- Table structure for table `vtiger_ticketcomments` 
--

CREATE TABLE `vtiger_ticketcomments` (
  `commentid` int(19) NOT NULL auto_increment,
  `ticketid` int(19) default NULL,
  `comments` text,
  `ownerid` int(19) NOT NULL default '0',
  `ownertype` varchar(10) default NULL,
  `createdtime` datetime NOT NULL,
  PRIMARY KEY  (`commentid`),
  KEY `ticketcomments_ticketid_idx` (`ticketid`),
  CONSTRAINT `fk_1_vtiger_ticketcomments` FOREIGN KEY (`ticketid`) REFERENCES `vtiger_troubletickets` (`ticketid`) ON DELETE CASCADE
) ENGINE=InnoDB DEFAULT CHARSET=latin1;

--
-- Dumping data for table `vtiger_ticketcomments` 
--


--
-- Table structure for table `vtiger_ticketgrouprelation` 
--

CREATE TABLE `vtiger_ticketgrouprelation` (
  `ticketid` int(19) NOT NULL,
  `groupname` varchar(100) default NULL,
  PRIMARY KEY  (`ticketid`),
  KEY `ticketgrouprelation_ticketid_idx` (`ticketid`),
  KEY `ticketgrouprelation_groupname_idx` (`groupname`),
  CONSTRAINT `fk_1_vtiger_ticketgrouprelation` FOREIGN KEY (`groupname`) REFERENCES `vtiger_groups` (`groupname`) ON UPDATE CASCADE,
  CONSTRAINT `fk_2_vtiger_ticketgrouprelation` FOREIGN KEY (`ticketid`) REFERENCES `vtiger_troubletickets` (`ticketid`) ON DELETE CASCADE
) ENGINE=InnoDB DEFAULT CHARSET=latin1;

--
-- Dumping data for table `vtiger_ticketgrouprelation` 
--


--
-- Table structure for table `vtiger_ticketpriorities` 
--

CREATE TABLE `vtiger_ticketpriorities` (
  `ticketpriorities_id` int(19) NOT NULL auto_increment,
  `ticketpriorities` varchar(200) default NULL,
  `PRESENCE` int(1) NOT NULL default '0',
  `picklist_valueid` int(19) NOT NULL default '0',
  PRIMARY KEY  (`ticketpriorities_id`)
) ENGINE=InnoDB DEFAULT CHARSET=latin1;

--
-- Dumping data for table `vtiger_ticketpriorities` 
--

INSERT INTO `vtiger_ticketpriorities` VALUES('1', 'Low', '1', '99');
INSERT INTO `vtiger_ticketpriorities` VALUES('2', 'Normal', '1', '100');
INSERT INTO `vtiger_ticketpriorities` VALUES('3', 'High', '1', '101');
INSERT INTO `vtiger_ticketpriorities` VALUES('4', 'Urgent', '1', '102');

--
-- Table structure for table `vtiger_ticketpriorities_seq` 
--

CREATE TABLE `vtiger_ticketpriorities_seq` (
  `id` int(11) NOT NULL
) ENGINE=InnoDB DEFAULT CHARSET=latin1;

--
-- Dumping data for table `vtiger_ticketpriorities_seq` 
--

INSERT INTO `vtiger_ticketpriorities_seq` VALUES('4');

--
-- Table structure for table `vtiger_ticketseverities` 
--

CREATE TABLE `vtiger_ticketseverities` (
  `ticketseverities_id` int(19) NOT NULL auto_increment,
  `ticketseverities` varchar(200) default NULL,
  `PRESENCE` int(1) NOT NULL default '0',
  `picklist_valueid` int(19) NOT NULL default '0',
  PRIMARY KEY  (`ticketseverities_id`)
) ENGINE=InnoDB DEFAULT CHARSET=latin1;

--
-- Dumping data for table `vtiger_ticketseverities` 
--

INSERT INTO `vtiger_ticketseverities` VALUES('1', 'Minor', '1', '103');
INSERT INTO `vtiger_ticketseverities` VALUES('2', 'Major', '1', '104');
INSERT INTO `vtiger_ticketseverities` VALUES('3', 'Feature', '1', '105');
INSERT INTO `vtiger_ticketseverities` VALUES('4', 'Critical', '1', '106');

--
-- Table structure for table `vtiger_ticketseverities_seq` 
--

CREATE TABLE `vtiger_ticketseverities_seq` (
  `id` int(11) NOT NULL
) ENGINE=InnoDB DEFAULT CHARSET=latin1;

--
-- Dumping data for table `vtiger_ticketseverities_seq` 
--

INSERT INTO `vtiger_ticketseverities_seq` VALUES('4');

--
-- Table structure for table `vtiger_ticketstatus` 
--

CREATE TABLE `vtiger_ticketstatus` (
  `ticketstatus_id` int(19) NOT NULL auto_increment,
  `ticketstatus` varchar(200) default NULL,
  `PRESENCE` int(1) NOT NULL default '0',
  `picklist_valueid` int(19) NOT NULL default '0',
  PRIMARY KEY  (`ticketstatus_id`)
) ENGINE=InnoDB DEFAULT CHARSET=latin1;

--
-- Dumping data for table `vtiger_ticketstatus` 
--

INSERT INTO `vtiger_ticketstatus` VALUES('1', 'Open', '0', '95');
INSERT INTO `vtiger_ticketstatus` VALUES('2', 'In Progress', '0', '96');
INSERT INTO `vtiger_ticketstatus` VALUES('3', 'Wait For Response', '0', '97');
INSERT INTO `vtiger_ticketstatus` VALUES('4', 'Closed', '0', '98');

--
-- Table structure for table `vtiger_ticketstatus_seq` 
--

CREATE TABLE `vtiger_ticketstatus_seq` (
  `id` int(11) NOT NULL
) ENGINE=InnoDB DEFAULT CHARSET=latin1;

--
-- Dumping data for table `vtiger_ticketstatus_seq` 
--

INSERT INTO `vtiger_ticketstatus_seq` VALUES('4');

--
-- Table structure for table `vtiger_ticketstracktime` 
--

CREATE TABLE `vtiger_ticketstracktime` (
  `ticket_id` int(11) NOT NULL default '0',
  `supporter_id` int(11) NOT NULL default '0',
  `minutes` int(11) default '0',
  `date_logged` int(11) NOT NULL default '0',
  PRIMARY KEY  (`ticket_id`),
  KEY `ticketstracktime_ticket_id_idx` (`ticket_id`)
) ENGINE=InnoDB DEFAULT CHARSET=latin1;

--
-- Dumping data for table `vtiger_ticketstracktime` 
--


--
-- Table structure for table `vtiger_tmp_read_group_rel_sharing_per` 
--

CREATE TABLE `vtiger_tmp_read_group_rel_sharing_per` (
  `userid` int(11) NOT NULL,
  `tabid` int(11) NOT NULL,
  `relatedtabid` int(11) NOT NULL,
  `sharedgroupid` int(11) NOT NULL,
  PRIMARY KEY  (`userid`,`tabid`,`relatedtabid`,`sharedgroupid`),
  KEY `tmp_read_group_rel_sharing_per_userid_sharedgroupid_tabid` (`userid`,`sharedgroupid`,`tabid`),
  CONSTRAINT `fk_4_vtiger_tmp_read_group_rel_sharing_per` FOREIGN KEY (`userid`) REFERENCES `vtiger_users` (`id`) ON DELETE CASCADE
) ENGINE=InnoDB DEFAULT CHARSET=latin1;

--
-- Dumping data for table `vtiger_tmp_read_group_rel_sharing_per` 
--

INSERT INTO `vtiger_tmp_read_group_rel_sharing_per` VALUES('310', '6', '2', '1');
INSERT INTO `vtiger_tmp_read_group_rel_sharing_per` VALUES('310', '6', '13', '1');
INSERT INTO `vtiger_tmp_read_group_rel_sharing_per` VALUES('310', '6', '20', '1');
INSERT INTO `vtiger_tmp_read_group_rel_sharing_per` VALUES('310', '6', '22', '1');
INSERT INTO `vtiger_tmp_read_group_rel_sharing_per` VALUES('310', '6', '23', '1');
INSERT INTO `vtiger_tmp_read_group_rel_sharing_per` VALUES('310', '20', '22', '1');
INSERT INTO `vtiger_tmp_read_group_rel_sharing_per` VALUES('310', '22', '23', '1');
INSERT INTO `vtiger_tmp_read_group_rel_sharing_per` VALUES('310', '6', '2', '4');
INSERT INTO `vtiger_tmp_read_group_rel_sharing_per` VALUES('310', '6', '13', '4');
INSERT INTO `vtiger_tmp_read_group_rel_sharing_per` VALUES('310', '6', '20', '4');
INSERT INTO `vtiger_tmp_read_group_rel_sharing_per` VALUES('310', '6', '22', '4');
INSERT INTO `vtiger_tmp_read_group_rel_sharing_per` VALUES('310', '6', '23', '4');
INSERT INTO `vtiger_tmp_read_group_rel_sharing_per` VALUES('310', '6', '2', '5');
INSERT INTO `vtiger_tmp_read_group_rel_sharing_per` VALUES('310', '6', '13', '5');
INSERT INTO `vtiger_tmp_read_group_rel_sharing_per` VALUES('310', '6', '20', '5');
INSERT INTO `vtiger_tmp_read_group_rel_sharing_per` VALUES('310', '6', '22', '5');
INSERT INTO `vtiger_tmp_read_group_rel_sharing_per` VALUES('310', '6', '23', '5');
INSERT INTO `vtiger_tmp_read_group_rel_sharing_per` VALUES('310', '6', '2', '6');
INSERT INTO `vtiger_tmp_read_group_rel_sharing_per` VALUES('310', '6', '13', '6');
INSERT INTO `vtiger_tmp_read_group_rel_sharing_per` VALUES('310', '6', '20', '6');
INSERT INTO `vtiger_tmp_read_group_rel_sharing_per` VALUES('310', '6', '22', '6');
INSERT INTO `vtiger_tmp_read_group_rel_sharing_per` VALUES('310', '6', '23', '6');

--
-- Table structure for table `vtiger_tmp_read_group_sharing_per` 
--

CREATE TABLE `vtiger_tmp_read_group_sharing_per` (
  `userid` int(11) NOT NULL,
  `tabid` int(11) NOT NULL,
  `sharedgroupid` int(11) NOT NULL,
  PRIMARY KEY  (`userid`,`tabid`,`sharedgroupid`),
  KEY `tmp_read_group_sharing_per_userid_sharedgroupid_idx` (`userid`,`sharedgroupid`),
  CONSTRAINT `fk_3_vtiger_tmp_read_group_sharing_per` FOREIGN KEY (`userid`) REFERENCES `vtiger_users` (`id`) ON DELETE CASCADE
) ENGINE=InnoDB DEFAULT CHARSET=latin1;

--
-- Dumping data for table `vtiger_tmp_read_group_sharing_per` 
--

INSERT INTO `vtiger_tmp_read_group_sharing_per` VALUES('310', '4', '1');
INSERT INTO `vtiger_tmp_read_group_sharing_per` VALUES('310', '6', '1');
INSERT INTO `vtiger_tmp_read_group_sharing_per` VALUES('310', '20', '1');
INSERT INTO `vtiger_tmp_read_group_sharing_per` VALUES('310', '22', '1');
INSERT INTO `vtiger_tmp_read_group_sharing_per` VALUES('310', '23', '1');
INSERT INTO `vtiger_tmp_read_group_sharing_per` VALUES('310', '26', '1');
INSERT INTO `vtiger_tmp_read_group_sharing_per` VALUES('310', '4', '4');
INSERT INTO `vtiger_tmp_read_group_sharing_per` VALUES('310', '6', '4');
INSERT INTO `vtiger_tmp_read_group_sharing_per` VALUES('310', '4', '5');
INSERT INTO `vtiger_tmp_read_group_sharing_per` VALUES('310', '6', '5');
INSERT INTO `vtiger_tmp_read_group_sharing_per` VALUES('310', '26', '5');
INSERT INTO `vtiger_tmp_read_group_sharing_per` VALUES('310', '4', '6');
INSERT INTO `vtiger_tmp_read_group_sharing_per` VALUES('310', '6', '6');
INSERT INTO `vtiger_tmp_read_group_sharing_per` VALUES('310', '26', '6');

--
-- Table structure for table `vtiger_tmp_read_user_rel_sharing_per` 
--

CREATE TABLE `vtiger_tmp_read_user_rel_sharing_per` (
  `userid` int(11) NOT NULL,
  `tabid` int(11) NOT NULL,
  `relatedtabid` int(11) NOT NULL,
  `shareduserid` int(11) NOT NULL,
  PRIMARY KEY  (`userid`,`tabid`,`relatedtabid`,`shareduserid`),
  KEY `tmp_read_user_rel_sharing_per_userid_shared_reltabid_idx` (`userid`,`shareduserid`,`relatedtabid`),
  CONSTRAINT `fk_4_vtiger_tmp_read_user_rel_sharing_per` FOREIGN KEY (`userid`) REFERENCES `vtiger_users` (`id`) ON DELETE CASCADE
) ENGINE=InnoDB DEFAULT CHARSET=latin1;

--
-- Dumping data for table `vtiger_tmp_read_user_rel_sharing_per` 
--

INSERT INTO `vtiger_tmp_read_user_rel_sharing_per` VALUES('310', '6', '2', '2');
INSERT INTO `vtiger_tmp_read_user_rel_sharing_per` VALUES('310', '6', '13', '2');
INSERT INTO `vtiger_tmp_read_user_rel_sharing_per` VALUES('310', '6', '20', '2');
INSERT INTO `vtiger_tmp_read_user_rel_sharing_per` VALUES('310', '6', '22', '2');
INSERT INTO `vtiger_tmp_read_user_rel_sharing_per` VALUES('310', '20', '22', '2');
INSERT INTO `vtiger_tmp_read_user_rel_sharing_per` VALUES('310', '6', '23', '2');
INSERT INTO `vtiger_tmp_read_user_rel_sharing_per` VALUES('310', '22', '23', '2');
INSERT INTO `vtiger_tmp_read_user_rel_sharing_per` VALUES('310', '6', '2', '4');
INSERT INTO `vtiger_tmp_read_user_rel_sharing_per` VALUES('310', '6', '13', '4');
INSERT INTO `vtiger_tmp_read_user_rel_sharing_per` VALUES('310', '6', '20', '4');
INSERT INTO `vtiger_tmp_read_user_rel_sharing_per` VALUES('310', '6', '22', '4');
INSERT INTO `vtiger_tmp_read_user_rel_sharing_per` VALUES('310', '20', '22', '4');
INSERT INTO `vtiger_tmp_read_user_rel_sharing_per` VALUES('310', '6', '23', '4');
INSERT INTO `vtiger_tmp_read_user_rel_sharing_per` VALUES('310', '22', '23', '4');
INSERT INTO `vtiger_tmp_read_user_rel_sharing_per` VALUES('310', '6', '2', '5');
INSERT INTO `vtiger_tmp_read_user_rel_sharing_per` VALUES('310', '6', '13', '5');
INSERT INTO `vtiger_tmp_read_user_rel_sharing_per` VALUES('310', '6', '20', '5');
INSERT INTO `vtiger_tmp_read_user_rel_sharing_per` VALUES('310', '6', '22', '5');
INSERT INTO `vtiger_tmp_read_user_rel_sharing_per` VALUES('310', '20', '22', '5');
INSERT INTO `vtiger_tmp_read_user_rel_sharing_per` VALUES('310', '6', '23', '5');
INSERT INTO `vtiger_tmp_read_user_rel_sharing_per` VALUES('310', '22', '23', '5');
INSERT INTO `vtiger_tmp_read_user_rel_sharing_per` VALUES('310', '6', '2', '6');
INSERT INTO `vtiger_tmp_read_user_rel_sharing_per` VALUES('310', '6', '13', '6');
INSERT INTO `vtiger_tmp_read_user_rel_sharing_per` VALUES('310', '6', '20', '6');
INSERT INTO `vtiger_tmp_read_user_rel_sharing_per` VALUES('310', '6', '22', '6');
INSERT INTO `vtiger_tmp_read_user_rel_sharing_per` VALUES('310', '20', '22', '6');
INSERT INTO `vtiger_tmp_read_user_rel_sharing_per` VALUES('310', '6', '23', '6');
INSERT INTO `vtiger_tmp_read_user_rel_sharing_per` VALUES('310', '22', '23', '6');
INSERT INTO `vtiger_tmp_read_user_rel_sharing_per` VALUES('310', '6', '2', '7');
INSERT INTO `vtiger_tmp_read_user_rel_sharing_per` VALUES('310', '6', '13', '7');
INSERT INTO `vtiger_tmp_read_user_rel_sharing_per` VALUES('310', '6', '20', '7');
INSERT INTO `vtiger_tmp_read_user_rel_sharing_per` VALUES('310', '6', '22', '7');
INSERT INTO `vtiger_tmp_read_user_rel_sharing_per` VALUES('310', '20', '22', '7');
INSERT INTO `vtiger_tmp_read_user_rel_sharing_per` VALUES('310', '6', '23', '7');
INSERT INTO `vtiger_tmp_read_user_rel_sharing_per` VALUES('310', '22', '23', '7');
INSERT INTO `vtiger_tmp_read_user_rel_sharing_per` VALUES('310', '6', '2', '8');
INSERT INTO `vtiger_tmp_read_user_rel_sharing_per` VALUES('310', '6', '13', '8');
INSERT INTO `vtiger_tmp_read_user_rel_sharing_per` VALUES('310', '6', '20', '8');
INSERT INTO `vtiger_tmp_read_user_rel_sharing_per` VALUES('310', '6', '22', '8');
INSERT INTO `vtiger_tmp_read_user_rel_sharing_per` VALUES('310', '6', '23', '8');
INSERT INTO `vtiger_tmp_read_user_rel_sharing_per` VALUES('310', '6', '2', '9');
INSERT INTO `vtiger_tmp_read_user_rel_sharing_per` VALUES('310', '6', '13', '9');
INSERT INTO `vtiger_tmp_read_user_rel_sharing_per` VALUES('310', '6', '20', '9');
INSERT INTO `vtiger_tmp_read_user_rel_sharing_per` VALUES('310', '6', '22', '9');
INSERT INTO `vtiger_tmp_read_user_rel_sharing_per` VALUES('310', '6', '23', '9');
INSERT INTO `vtiger_tmp_read_user_rel_sharing_per` VALUES('310', '6', '2', '10');
INSERT INTO `vtiger_tmp_read_user_rel_sharing_per` VALUES('310', '6', '13', '10');
INSERT INTO `vtiger_tmp_read_user_rel_sharing_per` VALUES('310', '6', '20', '10');
INSERT INTO `vtiger_tmp_read_user_rel_sharing_per` VALUES('310', '6', '22', '10');
INSERT INTO `vtiger_tmp_read_user_rel_sharing_per` VALUES('310', '6', '23', '10');
INSERT INTO `vtiger_tmp_read_user_rel_sharing_per` VALUES('310', '6', '2', '309');
INSERT INTO `vtiger_tmp_read_user_rel_sharing_per` VALUES('310', '6', '13', '309');
INSERT INTO `vtiger_tmp_read_user_rel_sharing_per` VALUES('310', '6', '20', '309');
INSERT INTO `vtiger_tmp_read_user_rel_sharing_per` VALUES('310', '6', '22', '309');
INSERT INTO `vtiger_tmp_read_user_rel_sharing_per` VALUES('310', '6', '23', '309');

--
-- Table structure for table `vtiger_tmp_read_user_sharing_per` 
--

CREATE TABLE `vtiger_tmp_read_user_sharing_per` (
  `userid` int(11) NOT NULL,
  `tabid` int(11) NOT NULL,
  `shareduserid` int(11) NOT NULL,
  PRIMARY KEY  (`userid`,`tabid`,`shareduserid`),
  KEY `tmp_read_user_sharing_per_userid_shareduserid_idx` (`userid`,`shareduserid`),
  CONSTRAINT `fk_3_vtiger_tmp_read_user_sharing_per` FOREIGN KEY (`userid`) REFERENCES `vtiger_users` (`id`) ON DELETE CASCADE
) ENGINE=InnoDB DEFAULT CHARSET=latin1;

--
-- Dumping data for table `vtiger_tmp_read_user_sharing_per` 
--

INSERT INTO `vtiger_tmp_read_user_sharing_per` VALUES('310', '4', '2');
INSERT INTO `vtiger_tmp_read_user_sharing_per` VALUES('310', '6', '2');
INSERT INTO `vtiger_tmp_read_user_sharing_per` VALUES('310', '20', '2');
INSERT INTO `vtiger_tmp_read_user_sharing_per` VALUES('310', '22', '2');
INSERT INTO `vtiger_tmp_read_user_sharing_per` VALUES('310', '23', '2');
INSERT INTO `vtiger_tmp_read_user_sharing_per` VALUES('310', '26', '2');
INSERT INTO `vtiger_tmp_read_user_sharing_per` VALUES('310', '4', '4');
INSERT INTO `vtiger_tmp_read_user_sharing_per` VALUES('310', '6', '4');
INSERT INTO `vtiger_tmp_read_user_sharing_per` VALUES('310', '20', '4');
INSERT INTO `vtiger_tmp_read_user_sharing_per` VALUES('310', '22', '4');
INSERT INTO `vtiger_tmp_read_user_sharing_per` VALUES('310', '23', '4');
INSERT INTO `vtiger_tmp_read_user_sharing_per` VALUES('310', '26', '4');
INSERT INTO `vtiger_tmp_read_user_sharing_per` VALUES('310', '4', '5');
INSERT INTO `vtiger_tmp_read_user_sharing_per` VALUES('310', '6', '5');
INSERT INTO `vtiger_tmp_read_user_sharing_per` VALUES('310', '20', '5');
INSERT INTO `vtiger_tmp_read_user_sharing_per` VALUES('310', '22', '5');
INSERT INTO `vtiger_tmp_read_user_sharing_per` VALUES('310', '23', '5');
INSERT INTO `vtiger_tmp_read_user_sharing_per` VALUES('310', '26', '5');
INSERT INTO `vtiger_tmp_read_user_sharing_per` VALUES('310', '4', '6');
INSERT INTO `vtiger_tmp_read_user_sharing_per` VALUES('310', '6', '6');
INSERT INTO `vtiger_tmp_read_user_sharing_per` VALUES('310', '20', '6');
INSERT INTO `vtiger_tmp_read_user_sharing_per` VALUES('310', '22', '6');
INSERT INTO `vtiger_tmp_read_user_sharing_per` VALUES('310', '23', '6');
INSERT INTO `vtiger_tmp_read_user_sharing_per` VALUES('310', '26', '6');
INSERT INTO `vtiger_tmp_read_user_sharing_per` VALUES('310', '4', '7');
INSERT INTO `vtiger_tmp_read_user_sharing_per` VALUES('310', '6', '7');
INSERT INTO `vtiger_tmp_read_user_sharing_per` VALUES('310', '20', '7');
INSERT INTO `vtiger_tmp_read_user_sharing_per` VALUES('310', '22', '7');
INSERT INTO `vtiger_tmp_read_user_sharing_per` VALUES('310', '23', '7');
INSERT INTO `vtiger_tmp_read_user_sharing_per` VALUES('310', '26', '7');
INSERT INTO `vtiger_tmp_read_user_sharing_per` VALUES('310', '4', '8');
INSERT INTO `vtiger_tmp_read_user_sharing_per` VALUES('310', '6', '8');
INSERT INTO `vtiger_tmp_read_user_sharing_per` VALUES('310', '26', '8');
INSERT INTO `vtiger_tmp_read_user_sharing_per` VALUES('310', '4', '9');
INSERT INTO `vtiger_tmp_read_user_sharing_per` VALUES('310', '6', '9');
INSERT INTO `vtiger_tmp_read_user_sharing_per` VALUES('310', '4', '10');
INSERT INTO `vtiger_tmp_read_user_sharing_per` VALUES('310', '6', '10');
INSERT INTO `vtiger_tmp_read_user_sharing_per` VALUES('310', '26', '10');
INSERT INTO `vtiger_tmp_read_user_sharing_per` VALUES('310', '4', '309');
INSERT INTO `vtiger_tmp_read_user_sharing_per` VALUES('310', '6', '309');
INSERT INTO `vtiger_tmp_read_user_sharing_per` VALUES('310', '26', '309');

--
-- Table structure for table `vtiger_tmp_write_group_rel_sharing_per` 
--

CREATE TABLE `vtiger_tmp_write_group_rel_sharing_per` (
  `userid` int(11) NOT NULL,
  `tabid` int(11) NOT NULL,
  `relatedtabid` int(11) NOT NULL,
  `sharedgroupid` int(11) NOT NULL,
  PRIMARY KEY  (`userid`,`tabid`,`relatedtabid`,`sharedgroupid`),
  KEY `tmp_write_group_rel_sharing_per_userid_sharedgroupid_tabid_idx` (`userid`,`sharedgroupid`,`tabid`),
  CONSTRAINT `fk_4_vtiger_tmp_write_group_rel_sharing_per` FOREIGN KEY (`userid`) REFERENCES `vtiger_users` (`id`) ON DELETE CASCADE
) ENGINE=InnoDB DEFAULT CHARSET=latin1;

--
-- Dumping data for table `vtiger_tmp_write_group_rel_sharing_per` 
--


--
-- Table structure for table `vtiger_tmp_write_group_sharing_per` 
--

CREATE TABLE `vtiger_tmp_write_group_sharing_per` (
  `userid` int(11) NOT NULL,
  `tabid` int(11) NOT NULL,
  `sharedgroupid` int(11) NOT NULL,
  PRIMARY KEY  (`userid`,`tabid`,`sharedgroupid`),
  KEY `tmp_write_group_sharing_per_UK1` (`userid`,`sharedgroupid`),
  CONSTRAINT `fk_3_vtiger_tmp_write_group_sharing_per` FOREIGN KEY (`userid`) REFERENCES `vtiger_users` (`id`) ON DELETE CASCADE
) ENGINE=InnoDB DEFAULT CHARSET=latin1;

--
-- Dumping data for table `vtiger_tmp_write_group_sharing_per` 
--


--
-- Table structure for table `vtiger_tmp_write_user_rel_sharing_per` 
--

CREATE TABLE `vtiger_tmp_write_user_rel_sharing_per` (
  `userid` int(11) NOT NULL,
  `tabid` int(11) NOT NULL,
  `relatedtabid` int(11) NOT NULL,
  `shareduserid` int(11) NOT NULL,
  PRIMARY KEY  (`userid`,`tabid`,`relatedtabid`,`shareduserid`),
  KEY `tmp_write_user_rel_sharing_per_userid_sharduserid_tabid_idx` (`userid`,`shareduserid`,`tabid`),
  CONSTRAINT `fk_4_vtiger_tmp_write_user_rel_sharing_per` FOREIGN KEY (`userid`) REFERENCES `vtiger_users` (`id`) ON DELETE CASCADE
) ENGINE=InnoDB DEFAULT CHARSET=latin1;

--
-- Dumping data for table `vtiger_tmp_write_user_rel_sharing_per` 
--


--
-- Table structure for table `vtiger_tmp_write_user_sharing_per` 
--

CREATE TABLE `vtiger_tmp_write_user_sharing_per` (
  `userid` int(11) NOT NULL,
  `tabid` int(11) NOT NULL,
  `shareduserid` int(11) NOT NULL,
  PRIMARY KEY  (`userid`,`tabid`,`shareduserid`),
  KEY `tmp_write_user_sharing_per_userid_shareduserid_idx` (`userid`,`shareduserid`),
  CONSTRAINT `fk_3_vtiger_tmp_write_user_sharing_per` FOREIGN KEY (`userid`) REFERENCES `vtiger_users` (`id`) ON DELETE CASCADE
) ENGINE=InnoDB DEFAULT CHARSET=latin1;

--
-- Dumping data for table `vtiger_tmp_write_user_sharing_per` 
--


--
-- Table structure for table `vtiger_tracker` 
--

CREATE TABLE `vtiger_tracker` (
  `id` int(11) NOT NULL auto_increment,
  `user_id` varchar(36) default NULL,
  `module_name` varchar(25) default NULL,
  `item_id` varchar(36) default NULL,
  `item_summary` varchar(255) default NULL,
  PRIMARY KEY  (`id`)
) ENGINE=InnoDB DEFAULT CHARSET=latin1;

--
-- Dumping data for table `vtiger_tracker` 
--

INSERT INTO `vtiger_tracker` VALUES('200', '310', 'SalesOrder', '23', 'Devis pour la soir&eacute;e du...');
INSERT INTO `vtiger_tracker` VALUES('201', '310', 'SalesOrder', '328', 'mp');
INSERT INTO `vtiger_tracker` VALUES('214', '8', 'Accounts', '132', 'ACCENTURE');
INSERT INTO `vtiger_tracker` VALUES('239', '8', 'Users', '8', 'COLIN Yves');
INSERT INTO `vtiger_tracker` VALUES('258', '8', 'Campaigns', '329', 'Mailing annonce nouveaux noms');
INSERT INTO `vtiger_tracker` VALUES('259', '8', 'Contacts', '252', 'ARTIGUE J&eacute;rome');
INSERT INTO `vtiger_tracker` VALUES('260', '309', 'Users', '309', 'POULICHET Sylvie');
INSERT INTO `vtiger_tracker` VALUES('261', '10', 'Accounts', '132', 'ACCENTURE');
INSERT INTO `vtiger_tracker` VALUES('262', '8', 'Contacts', '235', 'CZERKIEWICZ Cyril');
INSERT INTO `vtiger_tracker` VALUES('274', '3', 'Contacts', '456', 'BOUTET Eric');
INSERT INTO `vtiger_tracker` VALUES('279', '3', 'Contacts', '404', 'BALLOUARD Patrice');
INSERT INTO `vtiger_tracker` VALUES('280', '3', 'Accounts', '364', 'ETG');
INSERT INTO `vtiger_tracker` VALUES('342', '3', 'Accounts', '357', 'Avenir-Decaux');
INSERT INTO `vtiger_tracker` VALUES('343', '3', 'Accounts', '334', 'Alcatel-Lucent');
INSERT INTO `vtiger_tracker` VALUES('624', '4', 'Accounts', '365', 'Groupe Pierre Le Goff');
INSERT INTO `vtiger_tracker` VALUES('626', '4', 'Notes', '477', 'Historique m&eacute;c&eacute;n...');
INSERT INTO `vtiger_tracker` VALUES('627', '4', 'Accounts', '360', 'Cadet communication');
INSERT INTO `vtiger_tracker` VALUES('628', '4', 'Notes', '473', 'Historique m&eacute;c&eacute;n...');
INSERT INTO `vtiger_tracker` VALUES('832', '4', 'Accounts', '336', 'Breizh Cola');
INSERT INTO `vtiger_tracker` VALUES('1343', '5', 'Contacts', '783', 'FRAYSSE Olivier');
INSERT INTO `vtiger_tracker` VALUES('1344', '5', 'Accounts', '781', 'Ubuntu-fr');
INSERT INTO `vtiger_tracker` VALUES('1345', '5', 'Accounts', '394', 'Yprema');
INSERT INTO `vtiger_tracker` VALUES('1346', '5', 'Contacts', '439', 'PRIGENT Claude');
INSERT INTO `vtiger_tracker` VALUES('1348', '5', 'Accounts', '822', 'RLD St Quay');
INSERT INTO `vtiger_tracker` VALUES('1352', '1', 'Products', '823', 'test produit');
INSERT INTO `vtiger_tracker` VALUES('1354', '1', 'Users', '445', 'ROLLAND Julie');
INSERT INTO `vtiger_tracker` VALUES('1355', '1', 'Accounts', '350', 'Perrier - Nestl&eacute; Waters...');
INSERT INTO `vtiger_tracker` VALUES('1356', '1', 'Accounts', '776', 'Arhantec Manutention');
INSERT INTO `vtiger_tracker` VALUES('1358', '1', 'Contacts', '819', 'Bihan Philippe');

--
-- Table structure for table `vtiger_troubletickets` 
--

CREATE TABLE `vtiger_troubletickets` (
  `ticketid` int(19) NOT NULL,
  `groupname` varchar(100) default NULL,
  `parent_id` varchar(100) default NULL,
  `product_id` varchar(100) default NULL,
  `priority` varchar(200) default NULL,
  `severity` varchar(200) default NULL,
  `status` varchar(200) default NULL,
  `category` varchar(200) default NULL,
  `title` varchar(255) NOT NULL,
  `filename` varchar(50) default NULL,
  `solution` text,
  `update_log` text,
  `version_id` int(11) default NULL,
  PRIMARY KEY  (`ticketid`),
  KEY `troubletickets_ticketid_idx` (`ticketid`),
  KEY `troubletickets_status_idx` (`status`),
  CONSTRAINT `fk_1_vtiger_troubletickets` FOREIGN KEY (`ticketid`) REFERENCES `vtiger_crmentity` (`crmid`) ON DELETE CASCADE
) ENGINE=InnoDB DEFAULT CHARSET=latin1;

--
-- Dumping data for table `vtiger_troubletickets` 
--


--
-- Table structure for table `vtiger_usageunit` 
--

CREATE TABLE `vtiger_usageunit` (
  `usageunitid` int(19) NOT NULL auto_increment,
  `usageunit` varchar(200) NOT NULL,
  `presence` int(1) NOT NULL default '1',
  `picklist_valueid` int(19) NOT NULL default '0',
  PRIMARY KEY  (`usageunitid`),
  UNIQUE KEY `usageunit_usageunit_idx` (`usageunit`)
) ENGINE=InnoDB DEFAULT CHARSET=latin1;

--
-- Dumping data for table `vtiger_usageunit` 
--

INSERT INTO `vtiger_usageunit` VALUES('1', 'Box', '1', '131');
INSERT INTO `vtiger_usageunit` VALUES('2', 'Carton', '1', '132');
INSERT INTO `vtiger_usageunit` VALUES('3', 'Dozen', '1', '133');
INSERT INTO `vtiger_usageunit` VALUES('4', 'Each', '1', '134');
INSERT INTO `vtiger_usageunit` VALUES('5', 'Hours', '1', '135');
INSERT INTO `vtiger_usageunit` VALUES('6', 'Impressions', '1', '136');
INSERT INTO `vtiger_usageunit` VALUES('7', 'Lb', '1', '137');
INSERT INTO `vtiger_usageunit` VALUES('8', 'M', '1', '138');
INSERT INTO `vtiger_usageunit` VALUES('9', 'Pack', '1', '139');
INSERT INTO `vtiger_usageunit` VALUES('10', 'Pages', '1', '140');
INSERT INTO `vtiger_usageunit` VALUES('11', 'Pieces', '1', '141');
INSERT INTO `vtiger_usageunit` VALUES('12', 'Quantity', '1', '142');
INSERT INTO `vtiger_usageunit` VALUES('13', 'Reams', '1', '143');
INSERT INTO `vtiger_usageunit` VALUES('14', 'Sheet', '1', '144');
INSERT INTO `vtiger_usageunit` VALUES('15', 'Spiral Binder', '1', '145');
INSERT INTO `vtiger_usageunit` VALUES('16', 'Sq Ft', '1', '146');

--
-- Table structure for table `vtiger_usageunit_seq` 
--

CREATE TABLE `vtiger_usageunit_seq` (
  `id` int(11) NOT NULL
) ENGINE=InnoDB DEFAULT CHARSET=latin1;

--
-- Dumping data for table `vtiger_usageunit_seq` 
--

INSERT INTO `vtiger_usageunit_seq` VALUES('16');

--
-- Table structure for table `vtiger_user2role` 
--

CREATE TABLE `vtiger_user2role` (
  `userid` int(11) NOT NULL,
  `roleid` varchar(255) NOT NULL,
  PRIMARY KEY  (`userid`),
  KEY `user2role_roleid_idx` (`roleid`),
  CONSTRAINT `fk_2_vtiger_user2role` FOREIGN KEY (`userid`) REFERENCES `vtiger_users` (`id`) ON DELETE CASCADE
) ENGINE=InnoDB DEFAULT CHARSET=latin1;

--
-- Dumping data for table `vtiger_user2role` 
--

INSERT INTO `vtiger_user2role` VALUES('1', 'H2');
INSERT INTO `vtiger_user2role` VALUES('3', 'H2');
INSERT INTO `vtiger_user2role` VALUES('2', 'H3');
INSERT INTO `vtiger_user2role` VALUES('4', 'H5');
INSERT INTO `vtiger_user2role` VALUES('5', 'H5');
INSERT INTO `vtiger_user2role` VALUES('6', 'H5');
INSERT INTO `vtiger_user2role` VALUES('7', 'H5');
INSERT INTO `vtiger_user2role` VALUES('445', 'H5');
INSERT INTO `vtiger_user2role` VALUES('9', 'H6');
INSERT INTO `vtiger_user2role` VALUES('8', 'H7');
INSERT INTO `vtiger_user2role` VALUES('10', 'H7');
INSERT INTO `vtiger_user2role` VALUES('309', 'H8');
INSERT INTO `vtiger_user2role` VALUES('310', 'H9');

--
-- Table structure for table `vtiger_users` 
--

CREATE TABLE `vtiger_users` (
  `id` int(11) NOT NULL auto_increment,
  `user_name` varchar(255) default NULL,
  `user_password` varchar(30) default NULL,
  `user_hash` varchar(32) default NULL,
  `cal_color` varchar(25) default '#E6FAD8',
  `first_name` varchar(30) default NULL,
  `last_name` varchar(30) default NULL,
  `reports_to_id` varchar(36) default NULL,
  `is_admin` varchar(3) default '0',
  `currency_id` int(19) NOT NULL default '1',
  `description` text,
  `date_entered` timestamp NOT NULL default CURRENT_TIMESTAMP on update CURRENT_TIMESTAMP,
  `date_modified` timestamp NOT NULL default '0000-00-00 00:00:00',
  `modified_user_id` varchar(36) default NULL,
  `title` varchar(50) default NULL,
  `department` varchar(50) default NULL,
  `phone_home` varchar(50) default NULL,
  `phone_mobile` varchar(50) default NULL,
  `phone_work` varchar(50) default NULL,
  `phone_other` varchar(50) default NULL,
  `phone_fax` varchar(50) default NULL,
  `email1` varchar(100) default NULL,
  `email2` varchar(100) default NULL,
  `yahoo_id` varchar(100) default NULL,
  `status` varchar(25) default NULL,
  `signature` varchar(250) default NULL,
  `address_street` varchar(150) default NULL,
  `address_city` varchar(100) default NULL,
  `address_state` varchar(100) default NULL,
  `address_country` varchar(25) default NULL,
  `address_postalcode` varchar(9) default NULL,
  `user_preferences` text,
  `tz` varchar(30) default NULL,
  `holidays` varchar(60) default NULL,
  `namedays` varchar(60) default NULL,
  `workdays` varchar(30) default NULL,
  `weekstart` int(11) default NULL,
  `date_format` varchar(200) default NULL,
  `hour_format` varchar(30) default 'am/pm',
  `start_hour` varchar(30) default '10:00',
  `end_hour` varchar(30) default '23:00',
  `homeorder` varchar(255) default 'HDB,ALVT,PLVT,QLTQ,CVLVT,HLT,OLV,GRT,OLTSO,ILTI,MNL,OLTPO,LTFAQ',
  `activity_view` varchar(200) default 'Today',
  `lead_view` varchar(200) default 'Today',
  `imagename` varchar(250) default NULL,
  `deleted` int(1) NOT NULL default '0',
  `defhomeview` varchar(100) default NULL,
  `confirm_password` varchar(30) default NULL,
  `tagcloud_view` int(1) default '1',
  `internal_mailer` varchar(3) NOT NULL default '1',
  `crypt_type` varchar(20) NOT NULL default 'MD5',
  PRIMARY KEY  (`id`),
  KEY `user_user_name_idx` (`user_name`),
  KEY `user_user_password_idx` (`user_password`)
) ENGINE=InnoDB DEFAULT CHARSET=latin1;

--
-- Dumping data for table `vtiger_users` 
--

INSERT INTO `vtiger_users` VALUES('1', 'admin', '$1$ad$kDgW2OqWttKk2je0B1fu51', '9ce29824992702fbc9a02d943e6cfed8', '#E6FAD8', '', 'Administrator', '', 'on', '1', '', '2009-03-23 18:34:50', '0000-00-00 00:00:00', '', '', '', '', '', '', '', '', 'loick@vieillescharrues.asso.fr', '', '', 'Active', '', '', '', '', '', '', '', '', '', '', '', '', 'yyyy-mm-dd', '24', '08:00', '', 'HDB,ALVT,PLVT,QLTQ,CVLVT,HLT,OLV,GRT,OLTSO,ILTI,MNL,OLTPO,LTFAQ', 'This Week', 'Today', '', '0', '', '$1$ad$peilFE10wX.4b0aIm7/.t/', '1', '1', 'MD5');
INSERT INTO `vtiger_users` VALUES('2', 'standarduser', '$1$st$ZPggF8hIcUQ7XImqRs/b10', '', '#E6FAD8', '', 'StandardUser', '', 'off', '1', '', '2009-03-07 11:51:59', '0000-00-00 00:00:00', '', '', '', '', '', '', '', '', 'lroyant@yahoo.fr', '', '', 'Inactive', '', '', '', '', '', '', '', '', '', '', '', '', 'yyyy-mm-dd', '24', '08:00', '', 'HDB,ALVT,PLVT,QLTQ,CVLVT,HLT,OLV,GRT,OLTSO,ILTI,MNL,OLTPO,LTFAQ', 'This Week', 'Today', '', '0', '', '$1$st$1iX6Nfn6NbdWdlCljgg3u1', '1', '1', 'MD5');
INSERT INTO `vtiger_users` VALUES('3', 'lroyant', '$1$lr$gMeuSLoD/L3beIg4oaqlR0', '65ebd546ad74f6c33c1e6290c275dc8e', '#E6FAD8', 'Loïck', 'ROYANT', '', 'on', '1', '', '2009-03-08 16:31:43', '0000-00-00 00:00:00', '', 'Directeur des Vieilles Charrues', 'Direction', '0296291500', '0643437082', '0298994300', '', '0298992546', 'loick@vieillescharrues.asso.fr', 'lroyant@gmail.com', '', 'Active', 'Loïck ROYANT\nDirecteur\n__________________________________________________\nAssociation des Vieilles Charrues\n17 Place de la Marie\nBP 204\n29834 CARHAIX CEDEX\nT : 02.98.99.25.45\nF : 02.98.99.25.46\nW : www.vieillescharrues.asso.fr', 'Association des Vieilles Charrues\r\n17 Place de la Marie', 'CARHAIX', 'Finistère (29)', 'FRANCE', '29270', '', '', '', '', '', '', 'dd-mm-yyyy', 'am/pm', '08:00', '', 'ALVT,PLVT,QLTQ,CVLVT,OLTSO,MNL', 'This Week', 'Last Week', '', '0', '', '$1$lr$gMeuSLoD/L3beIg4oaqlR0', '0', '1', 'MD5');
INSERT INTO `vtiger_users` VALUES('4', 'jtrehorel', '$1$jt$VCwtLpJwf6Y9SBSQ2X95..', '30f2638067a6a9236533f3734a9017ce', '#E6FAD8', 'Jérôme', 'TREHOREL', '3', 'off', '1', 'jerome@vieillescharrues.asso.fr\r\njerometrehorel@gmail.com', '2009-03-08 16:44:46', '0000-00-00 00:00:00', '', 'Responsable Commercial des Martenariats et Mécénat', 'Partenaires et Mécènes', '', '0607406777', '0298992545', '', '0298992546', 'jerome@vieillescharrues.asso.fr', 'jerome@vieillescharrues.asso.fr', '', 'Active', 'Jérôme TREHOREL\r\nResponsable des Partenariats et Mécénats\r\n__________________________________________________\r\nAssociation des Vieilles Charrues\r\n17 Place de la Marie\r\nBP 204\r\n29834 CARHAIX CEDEX\r\nT : 02.98.99.25.45\r\nW : www.vieillecharrues.asso.fr', 'Association des Vieilles Charrues\r\n17 Place de la Marie', 'CARHAIX', 'Finistère (29)', 'FRANCE', '29270', '', '', '', '', '', '', 'dd-mm-yyyy', 'am/pm', '08:00', '', 'OLV,GRT,MNL', 'This Week', 'Last Week', '', '0', '', '$1$jt$VCwtLpJwf6Y9SBSQ2X95..', '0', '1', 'MD5');
INSERT INTO `vtiger_users` VALUES('5', 'hroyant', '$1$hr$q4yZXtc4hH57o0Cv8FcCI0', '18768aa10cd134fe5bd9f154c21a689e', '#E6FAD8', 'Hélène', 'ROYANT', '3', 'off', '1', '', '2009-03-23 11:16:32', '0000-00-00 00:00:00', '', 'Chargée des relations partenaires - mécènes', 'Partenaires et Mécènes', '', '0663099468', '0298993034', '', '0298992546', 'partenaires@vieillescharrues.asso.fr', 'helene.royant@gmail.com', '', 'Active', 'Hélène ROYANT\r\nChargée des relations partenaires - mécènes\r\n__________________________________________________\r\nAssociation des Vieilles Charrues\r\n17 Place de la Marie\r\nBP 204\r\n29834 CARHAIX CEDEX\r\nT : 02.98.99.25.45\r\nW: www.vieillescharrues.asso.fr', 'Association des Vieilles Charrues\r\n17 Place de la Marie', 'CARHAIX', 'Finistère (29)', 'FRANCE', '29270', '', '', '', '', '', '', 'dd-mm-yyyy', 'am/pm', '08:00', '', 'HDB,CVLVT,OLV,GRT,MNL,LTFAQ', 'This Week', 'Last Week', '', '0', '', '$1$hr$q4yZXtc4hH57o0Cv8FcCI0', '0', '1', 'MD5');
INSERT INTO `vtiger_users` VALUES('6', 'pguenan', '$1$pg$BwXD4FVPZ1c6y1L9OQf5O0', '', '#E6FAD8', 'Pascal', 'GUENAN', '3', 'off', '1', '', '2009-03-08 16:38:12', '0000-00-00 00:00:00', '', 'Bénévole en charge des Martenariats et Mécénat', 'Partenaires et Mécènes', '', '0619996054', '0298992545', '', '0298992546', 'vip@vieillescharrues.asso.fr', 'pascal.guenan@legouessant.fr', '', 'Active', 'Pascal GUENAN\r\nPartenariats et Mécénats\r\n__________________________________________________\r\nAssociation des Vieilles Charrues\r\n17 Place de la Marie\r\nBP 204\r\n29834 CARHAIX CEDEX\r\nT : 02.98.99.25.45\r\nW: www.vieillescharrues.asso.fr', 'Association des Vieilles Charrues\r\n17 Place de la Marie', 'CARHAIX', 'Finistère (29)', 'FRANCE', '29270', '', '', '', '', '', '', 'dd-mm-yyyy', 'am/pm', '08:00', '', 'ALVT,PLVT,CVLVT,MNL', 'This Week', 'Last Week', '', '0', '', '$1$pg$BwXD4FVPZ1c6y1L9OQf5O0', '0', '1', 'MD5');
INSERT INTO `vtiger_users` VALUES('7', 'jlmartin', '$1$jl$Z12zLq8BxJTTC5GHKjv29/', '', '#E6FAD8', 'Jean-Luc', 'MARTIN', '3', 'off', '1', '', '2009-03-08 16:39:06', '0000-00-00 00:00:00', '', 'Co-président de l\'association des Vieilles Charrue', 'Présidence', '', '0685309004', '0298992545', '', '0298992546', 'jlmartin@tuffigo.com', 'jean-luc.martin@orange.fr', '', 'Active', 'Jean-Luc MARTIN\r\nCo-président des Vieilles Charrues\r\n__________________________________________________\r\nAssociation des Vieilles Charrues\r\n17 Place de la Marie\r\nBP 204\r\n29834 CARHAIX CEDEX\r\nT : 02.98.99.25.45\r\nW: www.vieillescharrues.asso.fr', 'Association des Vieilles Charrues\r\n17 Place de la Marie', 'CARHAIX', 'Finistère (29)', 'FRANCE', '29270', '', '', '', '', '', '', 'dd-mm-yyyy', 'am/pm', '08:00', '', '', 'This Week', 'Last Week', '', '0', '', '$1$jl$Z12zLq8BxJTTC5GHKjv29/', '0', '1', 'MD5');
INSERT INTO `vtiger_users` VALUES('8', 'ycolin', '$1$yc$T3KnMrPMW3HDBO4tVWSF01', 'c2fabdc1e5dba1c743347d5e64e6758c', '#E6FAD8', 'Yves', 'COLIN', '3', 'off', '1', '', '2009-03-08 18:38:49', '0000-00-00 00:00:00', '', 'Responsable Presse Communication', 'Presse / Communication', '', '0683329257', '0298992545', '', '0298992546', 'yvescolin@vieillescharrues.asso.fr', 'yvescolin@vieillescharrues.asso.fr', '', 'Active', 'Yves COLIN\r\nResponsable Presse et Communication\r\n_____________________________________\r\nAssociation des Vieilles Charrues\r\n17 Place de la Marie\r\nBP 204\r\n29834 CARHAIX CEDEX\r\nT : 02.98.99.25.45\r\nW: www.vieillescharrues.asso.fr', '17, Place de la Mairie\r\nBP 204', 'Carhaix cedex', 'Finistère', 'Bretagne / France', '29834', '', '', '', '', '', '', 'dd-mm-yyyy', '', '', '', 'CVLVT', 'Today', 'Today', '', '0', '', '$1$yc$T3KnMrPMW3HDBO4tVWSF01', '0', '1', 'MD5');
INSERT INTO `vtiger_users` VALUES('9', 'cguillerm', '$1$cg$eOXyq9V8V9MRMsuFJjLdY.', 'e72d089e3b67951fed253acf9a51e3b0', '#E6FAD8', 'Chantal', 'GUILLERM', '3', 'off', '1', '', '2009-03-10 08:57:15', '0000-00-00 00:00:00', '', 'Responsable administrative de la régie Technique', 'Régie Technique', '', '', '0298992545', '', '0298992546', 'chantalguillerm@vieillescharrues.asso.fr', 'chantalguillerm@vieillescharrues.asso.fr', '', 'Active', 'Chantal GUILLERM\r\nRégie Technique\r\n-----------------------------------------------------------\r\nAssociation des Vieilles Charrues\r\n17 Place de la Marie\r\nBP 204\r\n29834 CARHAIX CEDEX\r\nT : 02.98.99.25.45\r\nW: www.vieillescharrues.asso.fr', '17, Place de la Mairie\r\nBP 204', 'Carhaix cedex', 'Finistère', 'Bretagne / France', '29834', '', '', '', '', '', '', 'dd-mm-yyyy', '', '', '', '', 'Today', 'Today', '', '0', '', '$1$cg$eOXyq9V8V9MRMsuFJjLdY.', '0', '1', 'MD5');
INSERT INTO `vtiger_users` VALUES('10', 'slebasque', '$1$sl$ObQHi7ymkBuynD/B0zcem.', '0405c7cc40bf30f4431608f4a9b03b79', '#E6FAD8', 'Sandrine', 'LEBASQUE', '8', 'off', '1', '', '2009-03-08 16:38:47', '0000-00-00 00:00:00', '', 'Chargée de communication', 'Presse / Communication', '', '0673425317', '0298992545', '', '0298992546', 'sandrine@vieillescharrues.asso.fr', 'sandlebasque@yahoo.fr', '', 'Active', 'Sandrine LE BASQUE\r\nPresse et Communication\r\n-----------------------------------------------------\r\nAssociation des Vieilles Charrues\r\n17 Place de la Marie\r\nBP 204\r\n29834 CARHAIX CEDEX\r\nT : 02.98.99.25.45\r\nW: www.vieillescharrues.asso.fr', '17, Place de la Mairie\r\nBP 204', 'Carhaix cedex', 'Finistère', 'Bretagne / France', '29834', '', '', '', '', '', '', 'dd-mm-yyyy', '', '', '', '', 'Today', 'Today', '', '0', '', '$1$sl$ObQHi7ymkBuynD/B0zcem.', '0', '1', 'MD5');
INSERT INTO `vtiger_users` VALUES('309', 'spoulichet', '$1$sp$VFdig7h4VH7nt/f0nf1MS0', '1c4971c2caf261e067d70bfcdccba369', '#E6FAD8', 'Sylvie', 'POULICHET', '3', 'off', '1', '', '2009-03-10 08:58:05', '0000-00-00 00:00:00', '', 'Responsable du Service Bénévoles', 'Service Bénévoles', '', '0698917034', '0298992545', '', '0298992546', 'benevoles@vieillescharrues.asso.fr', '', '', 'Active', '', 'Association des Vieilles Charrues\r\n17 Place de la Mairie\r\nBP 204', 'Carhaix cedex', 'Finistère (29)', 'Bretagne / France', '29834', '', '', '', '', '', '', 'dd-mm-yyyy', '', '', '', 'CVLVT', 'Today', 'Today', '', '0', '', '$1$sp$VFdig7h4VH7nt/f0nf1MS0', '0', '1', 'MD5');
INSERT INTO `vtiger_users` VALUES('310', 'smarzin', '$1$sm$5fS8HpwskyRjHa9BxcB9S/', '415b638d76ab9de6f89c2e52170ac3f1', '#E6FAD8', 'Stéphane', 'MARZIN', '3', 'off', '1', '', '2009-03-08 17:05:29', '0000-00-00 00:00:00', '', 'Responsable Informatique', 'Service Informatique', '', '', '0298992545', '', '0298992546', 'stephanemarzin@vieillescharrues.asso.fr', '', '', 'Active', 'Stéphane MARZIN\nResponsable Informatique\n__________________________________________________\nAssociation des Vieilles Charrues\n17 Place de la Marie\nBP 204\n29834 CARHAIX CEDEX\nT : 02.98.99.25.45\nF : 02.98.99.25.46\nW : www.vieillescharrues.asso.fr', 'Association des Vieilles Charrues\r\n17 place de la Mairie\r\nBP 204', 'Carhaix cedex', 'Finistère (29)', 'Bretagne / France', '29834', '', '', '', '', '', '', 'dd-mm-yyyy', '', '', '', 'CVLVT', 'Today', 'Today', '', '0', '', '$1$sm$5fS8HpwskyRjHa9BxcB9S/', '0', '1', 'MD5');
INSERT INTO `vtiger_users` VALUES('445', 'jrolland', '$1$jr$cYW8RsGGsB6oiWWMtCJBB1', '16f12f5e8379e22be995e505ebfc1b84', '#E6FAD8', 'Julie', 'ROLLAND', '3', 'off', '1', '', '2009-10-01 10:52:06', '0000-00-00 00:00:00', '', 'Assistante de Manager', 'Service généraux', '', '', '0298993093', '', '0298992546', 'julie@vieillescharrues.asso.fr', 'julie@vieillescharrues.asso.fr', '', 'Active', 'Julie ROLLAND\r\nAssistante de Manager\r\n__________________________________________________\r\nAssociation des Vieilles Charrues\r\n17 Place de la Marie\r\nBP 204\r\n29834 CARHAIX CEDEX\r\nT : 02.98.99.25.45\r\nW: www.vieillescharrues.asso.fr', 'Association des Vieilles Charrues\r\n17 Place de la Marie', 'CARHAIX', 'Finistère (29)', 'FRANCE', '29270', '', '', '', '', '', '', 'dd-mm-yyyy', 'am/pm', '08:00', '', 'HDB,ALVT,PLVT,QLTQ,CVLVT,HLT,OLV,GRT,OLTSO,ILTI,MNL,OLTPO,LTFAQ', 'This Week', 'Last Week', '', '0', '', '$1$jr$cYW8RsGGsB6oiWWMtCJBB1', '0', '1', 'MD5');

--
-- Table structure for table `vtiger_users2group` 
--

CREATE TABLE `vtiger_users2group` (
  `groupid` int(19) NOT NULL,
  `userid` int(19) NOT NULL,
  PRIMARY KEY  (`groupid`,`userid`),
  KEY `users2group_groupname_uerid_idx` (`groupid`,`userid`),
  KEY `fk_2_vtiger_users2group` (`userid`),
  CONSTRAINT `fk_2_vtiger_users2group` FOREIGN KEY (`userid`) REFERENCES `vtiger_users` (`id`) ON DELETE CASCADE
) ENGINE=InnoDB DEFAULT CHARSET=latin1;

--
-- Dumping data for table `vtiger_users2group` 
--

INSERT INTO `vtiger_users2group` VALUES('1', '2');
INSERT INTO `vtiger_users2group` VALUES('7', '7');
INSERT INTO `vtiger_users2group` VALUES('7', '310');

--
-- Table structure for table `vtiger_users_last_import` 
--

CREATE TABLE `vtiger_users_last_import` (
  `id` int(36) NOT NULL auto_increment,
  `assigned_user_id` varchar(36) default NULL,
  `bean_type` varchar(36) default NULL,
  `bean_id` varchar(36) default NULL,
  `deleted` int(1) NOT NULL default '0',
  PRIMARY KEY  (`id`),
  KEY `idx_user_id` (`assigned_user_id`)
) ENGINE=InnoDB DEFAULT CHARSET=latin1;

--
-- Dumping data for table `vtiger_users_last_import` 
--

INSERT INTO `vtiger_users_last_import` VALUES('11', '1', 'Accounts', '31', '1');
INSERT INTO `vtiger_users_last_import` VALUES('12', '1', 'Accounts', '32', '1');
INSERT INTO `vtiger_users_last_import` VALUES('13', '1', 'Accounts', '33', '1');
INSERT INTO `vtiger_users_last_import` VALUES('14', '1', 'Accounts', '34', '1');
INSERT INTO `vtiger_users_last_import` VALUES('15', '1', 'Accounts', '35', '1');
INSERT INTO `vtiger_users_last_import` VALUES('16', '1', 'Accounts', '36', '1');
INSERT INTO `vtiger_users_last_import` VALUES('17', '1', 'Accounts', '37', '1');
INSERT INTO `vtiger_users_last_import` VALUES('18', '1', 'Accounts', '38', '1');
INSERT INTO `vtiger_users_last_import` VALUES('19', '1', 'Accounts', '39', '1');
INSERT INTO `vtiger_users_last_import` VALUES('20', '1', 'Accounts', '40', '1');
INSERT INTO `vtiger_users_last_import` VALUES('21', '1', 'Accounts', '41', '1');
INSERT INTO `vtiger_users_last_import` VALUES('22', '1', 'Accounts', '42', '1');
INSERT INTO `vtiger_users_last_import` VALUES('23', '1', 'Accounts', '43', '1');
INSERT INTO `vtiger_users_last_import` VALUES('24', '1', 'Accounts', '44', '1');
INSERT INTO `vtiger_users_last_import` VALUES('25', '1', 'Accounts', '45', '1');
INSERT INTO `vtiger_users_last_import` VALUES('26', '1', 'Accounts', '46', '1');
INSERT INTO `vtiger_users_last_import` VALUES('27', '1', 'Accounts', '47', '1');
INSERT INTO `vtiger_users_last_import` VALUES('28', '1', 'Accounts', '48', '1');
INSERT INTO `vtiger_users_last_import` VALUES('29', '1', 'Accounts', '49', '1');
INSERT INTO `vtiger_users_last_import` VALUES('30', '1', 'Accounts', '50', '1');
INSERT INTO `vtiger_users_last_import` VALUES('31', '1', 'Accounts', '51', '1');
INSERT INTO `vtiger_users_last_import` VALUES('32', '1', 'Accounts', '52', '1');
INSERT INTO `vtiger_users_last_import` VALUES('33', '1', 'Accounts', '53', '1');
INSERT INTO `vtiger_users_last_import` VALUES('34', '1', 'Accounts', '54', '1');
INSERT INTO `vtiger_users_last_import` VALUES('35', '1', 'Accounts', '55', '1');
INSERT INTO `vtiger_users_last_import` VALUES('36', '1', 'Accounts', '56', '1');
INSERT INTO `vtiger_users_last_import` VALUES('37', '1', 'Accounts', '57', '1');
INSERT INTO `vtiger_users_last_import` VALUES('38', '1', 'Accounts', '58', '1');
INSERT INTO `vtiger_users_last_import` VALUES('39', '1', 'Accounts', '59', '1');
INSERT INTO `vtiger_users_last_import` VALUES('40', '1', 'Accounts', '60', '1');
INSERT INTO `vtiger_users_last_import` VALUES('41', '1', 'Accounts', '61', '1');
INSERT INTO `vtiger_users_last_import` VALUES('42', '1', 'Accounts', '62', '1');
INSERT INTO `vtiger_users_last_import` VALUES('43', '1', 'Accounts', '63', '1');
INSERT INTO `vtiger_users_last_import` VALUES('44', '1', 'Accounts', '64', '1');
INSERT INTO `vtiger_users_last_import` VALUES('45', '1', 'Accounts', '65', '1');
INSERT INTO `vtiger_users_last_import` VALUES('46', '1', 'Accounts', '66', '1');
INSERT INTO `vtiger_users_last_import` VALUES('47', '1', 'Accounts', '67', '1');
INSERT INTO `vtiger_users_last_import` VALUES('48', '1', 'Accounts', '68', '1');
INSERT INTO `vtiger_users_last_import` VALUES('49', '1', 'Accounts', '69', '1');
INSERT INTO `vtiger_users_last_import` VALUES('50', '1', 'Accounts', '70', '1');
INSERT INTO `vtiger_users_last_import` VALUES('51', '1', 'Accounts', '71', '1');
INSERT INTO `vtiger_users_last_import` VALUES('52', '1', 'Accounts', '72', '1');
INSERT INTO `vtiger_users_last_import` VALUES('53', '1', 'Accounts', '73', '1');
INSERT INTO `vtiger_users_last_import` VALUES('54', '1', 'Accounts', '74', '1');
INSERT INTO `vtiger_users_last_import` VALUES('55', '1', 'Accounts', '75', '1');
INSERT INTO `vtiger_users_last_import` VALUES('56', '1', 'Accounts', '76', '1');
INSERT INTO `vtiger_users_last_import` VALUES('57', '1', 'Accounts', '77', '1');
INSERT INTO `vtiger_users_last_import` VALUES('58', '1', 'Accounts', '78', '1');
INSERT INTO `vtiger_users_last_import` VALUES('59', '1', 'Accounts', '79', '1');
INSERT INTO `vtiger_users_last_import` VALUES('60', '1', 'Accounts', '80', '1');
INSERT INTO `vtiger_users_last_import` VALUES('61', '1', 'Accounts', '81', '1');
INSERT INTO `vtiger_users_last_import` VALUES('62', '1', 'Accounts', '82', '1');
INSERT INTO `vtiger_users_last_import` VALUES('63', '1', 'Accounts', '83', '1');
INSERT INTO `vtiger_users_last_import` VALUES('64', '1', 'Accounts', '84', '1');
INSERT INTO `vtiger_users_last_import` VALUES('65', '1', 'Accounts', '85', '1');
INSERT INTO `vtiger_users_last_import` VALUES('66', '1', 'Accounts', '86', '1');
INSERT INTO `vtiger_users_last_import` VALUES('67', '1', 'Accounts', '87', '1');
INSERT INTO `vtiger_users_last_import` VALUES('68', '1', 'Accounts', '88', '1');
INSERT INTO `vtiger_users_last_import` VALUES('69', '1', 'Accounts', '89', '1');
INSERT INTO `vtiger_users_last_import` VALUES('70', '1', 'Accounts', '90', '1');
INSERT INTO `vtiger_users_last_import` VALUES('71', '1', 'Accounts', '91', '1');
INSERT INTO `vtiger_users_last_import` VALUES('72', '1', 'Accounts', '92', '1');
INSERT INTO `vtiger_users_last_import` VALUES('73', '1', 'Accounts', '93', '1');
INSERT INTO `vtiger_users_last_import` VALUES('74', '1', 'Accounts', '94', '1');
INSERT INTO `vtiger_users_last_import` VALUES('75', '1', 'Accounts', '95', '1');
INSERT INTO `vtiger_users_last_import` VALUES('76', '1', 'Accounts', '96', '1');
INSERT INTO `vtiger_users_last_import` VALUES('77', '1', 'Accounts', '97', '1');
INSERT INTO `vtiger_users_last_import` VALUES('78', '1', 'Accounts', '98', '1');
INSERT INTO `vtiger_users_last_import` VALUES('79', '1', 'Accounts', '99', '1');
INSERT INTO `vtiger_users_last_import` VALUES('80', '1', 'Accounts', '100', '1');
INSERT INTO `vtiger_users_last_import` VALUES('81', '1', 'Accounts', '101', '1');
INSERT INTO `vtiger_users_last_import` VALUES('82', '1', 'Accounts', '102', '1');
INSERT INTO `vtiger_users_last_import` VALUES('83', '1', 'Accounts', '103', '1');
INSERT INTO `vtiger_users_last_import` VALUES('84', '1', 'Accounts', '104', '1');
INSERT INTO `vtiger_users_last_import` VALUES('85', '1', 'Accounts', '105', '1');
INSERT INTO `vtiger_users_last_import` VALUES('86', '1', 'Accounts', '106', '1');
INSERT INTO `vtiger_users_last_import` VALUES('87', '1', 'Accounts', '107', '1');
INSERT INTO `vtiger_users_last_import` VALUES('88', '1', 'Accounts', '108', '1');
INSERT INTO `vtiger_users_last_import` VALUES('89', '1', 'Accounts', '109', '1');
INSERT INTO `vtiger_users_last_import` VALUES('90', '1', 'Accounts', '110', '1');
INSERT INTO `vtiger_users_last_import` VALUES('91', '1', 'Accounts', '111', '1');
INSERT INTO `vtiger_users_last_import` VALUES('92', '1', 'Accounts', '112', '1');
INSERT INTO `vtiger_users_last_import` VALUES('93', '1', 'Accounts', '113', '1');
INSERT INTO `vtiger_users_last_import` VALUES('94', '1', 'Accounts', '114', '1');
INSERT INTO `vtiger_users_last_import` VALUES('95', '1', 'Accounts', '115', '1');
INSERT INTO `vtiger_users_last_import` VALUES('96', '1', 'Accounts', '116', '1');
INSERT INTO `vtiger_users_last_import` VALUES('97', '1', 'Accounts', '117', '1');
INSERT INTO `vtiger_users_last_import` VALUES('98', '1', 'Accounts', '118', '1');
INSERT INTO `vtiger_users_last_import` VALUES('99', '1', 'Accounts', '119', '1');
INSERT INTO `vtiger_users_last_import` VALUES('100', '1', 'Accounts', '120', '1');
INSERT INTO `vtiger_users_last_import` VALUES('101', '1', 'Accounts', '121', '1');
INSERT INTO `vtiger_users_last_import` VALUES('102', '1', 'Accounts', '122', '1');
INSERT INTO `vtiger_users_last_import` VALUES('103', '1', 'Accounts', '123', '1');
INSERT INTO `vtiger_users_last_import` VALUES('104', '1', 'Accounts', '124', '1');
INSERT INTO `vtiger_users_last_import` VALUES('105', '1', 'Accounts', '125', '1');
INSERT INTO `vtiger_users_last_import` VALUES('106', '1', 'Accounts', '126', '1');
INSERT INTO `vtiger_users_last_import` VALUES('107', '1', 'Accounts', '127', '1');
INSERT INTO `vtiger_users_last_import` VALUES('108', '1', 'Accounts', '128', '1');
INSERT INTO `vtiger_users_last_import` VALUES('109', '1', 'Accounts', '129', '1');
INSERT INTO `vtiger_users_last_import` VALUES('110', '1', 'Accounts', '130', '1');
INSERT INTO `vtiger_users_last_import` VALUES('111', '1', 'Accounts', '131', '1');
INSERT INTO `vtiger_users_last_import` VALUES('112', '1', 'Accounts', '132', '1');
INSERT INTO `vtiger_users_last_import` VALUES('113', '1', 'Contacts', '133', '1');
INSERT INTO `vtiger_users_last_import` VALUES('114', '1', 'Contacts', '134', '1');
INSERT INTO `vtiger_users_last_import` VALUES('115', '1', 'Contacts', '135', '1');
INSERT INTO `vtiger_users_last_import` VALUES('116', '1', 'Contacts', '136', '1');
INSERT INTO `vtiger_users_last_import` VALUES('117', '1', 'Contacts', '137', '1');
INSERT INTO `vtiger_users_last_import` VALUES('118', '1', 'Contacts', '138', '1');
INSERT INTO `vtiger_users_last_import` VALUES('119', '1', 'Contacts', '139', '1');
INSERT INTO `vtiger_users_last_import` VALUES('120', '1', 'Contacts', '140', '1');
INSERT INTO `vtiger_users_last_import` VALUES('121', '1', 'Contacts', '141', '1');
INSERT INTO `vtiger_users_last_import` VALUES('122', '1', 'Contacts', '142', '1');
INSERT INTO `vtiger_users_last_import` VALUES('123', '1', 'Contacts', '143', '1');
INSERT INTO `vtiger_users_last_import` VALUES('124', '1', 'Contacts', '144', '1');
INSERT INTO `vtiger_users_last_import` VALUES('125', '1', 'Contacts', '145', '1');
INSERT INTO `vtiger_users_last_import` VALUES('126', '1', 'Contacts', '146', '1');
INSERT INTO `vtiger_users_last_import` VALUES('127', '1', 'Contacts', '147', '1');
INSERT INTO `vtiger_users_last_import` VALUES('128', '1', 'Contacts', '148', '1');
INSERT INTO `vtiger_users_last_import` VALUES('129', '1', 'Contacts', '149', '1');
INSERT INTO `vtiger_users_last_import` VALUES('130', '1', 'Contacts', '150', '1');
INSERT INTO `vtiger_users_last_import` VALUES('131', '1', 'Contacts', '151', '1');
INSERT INTO `vtiger_users_last_import` VALUES('132', '1', 'Contacts', '152', '1');
INSERT INTO `vtiger_users_last_import` VALUES('133', '1', 'Contacts', '153', '1');
INSERT INTO `vtiger_users_last_import` VALUES('134', '1', 'Contacts', '154', '1');
INSERT INTO `vtiger_users_last_import` VALUES('135', '1', 'Contacts', '155', '1');
INSERT INTO `vtiger_users_last_import` VALUES('136', '1', 'Contacts', '156', '1');
INSERT INTO `vtiger_users_last_import` VALUES('137', '1', 'Contacts', '157', '1');
INSERT INTO `vtiger_users_last_import` VALUES('138', '1', 'Contacts', '158', '1');
INSERT INTO `vtiger_users_last_import` VALUES('139', '1', 'Contacts', '159', '1');
INSERT INTO `vtiger_users_last_import` VALUES('140', '1', 'Contacts', '160', '1');
INSERT INTO `vtiger_users_last_import` VALUES('141', '1', 'Contacts', '161', '1');
INSERT INTO `vtiger_users_last_import` VALUES('142', '1', 'Contacts', '162', '1');
INSERT INTO `vtiger_users_last_import` VALUES('143', '1', 'Contacts', '163', '1');
INSERT INTO `vtiger_users_last_import` VALUES('144', '1', 'Contacts', '164', '1');
INSERT INTO `vtiger_users_last_import` VALUES('145', '1', 'Contacts', '165', '1');
INSERT INTO `vtiger_users_last_import` VALUES('146', '1', 'Contacts', '166', '1');
INSERT INTO `vtiger_users_last_import` VALUES('147', '1', 'Contacts', '167', '1');
INSERT INTO `vtiger_users_last_import` VALUES('148', '1', 'Contacts', '168', '1');
INSERT INTO `vtiger_users_last_import` VALUES('149', '1', 'Contacts', '169', '1');
INSERT INTO `vtiger_users_last_import` VALUES('150', '1', 'Contacts', '170', '1');
INSERT INTO `vtiger_users_last_import` VALUES('151', '1', 'Contacts', '171', '1');
INSERT INTO `vtiger_users_last_import` VALUES('152', '1', 'Contacts', '172', '1');
INSERT INTO `vtiger_users_last_import` VALUES('153', '1', 'Contacts', '173', '1');
INSERT INTO `vtiger_users_last_import` VALUES('154', '1', 'Contacts', '174', '1');
INSERT INTO `vtiger_users_last_import` VALUES('155', '1', 'Contacts', '175', '1');
INSERT INTO `vtiger_users_last_import` VALUES('156', '1', 'Contacts', '176', '1');
INSERT INTO `vtiger_users_last_import` VALUES('157', '1', 'Contacts', '177', '1');
INSERT INTO `vtiger_users_last_import` VALUES('158', '1', 'Contacts', '178', '1');
INSERT INTO `vtiger_users_last_import` VALUES('159', '1', 'Contacts', '179', '1');
INSERT INTO `vtiger_users_last_import` VALUES('160', '1', 'Contacts', '180', '1');
INSERT INTO `vtiger_users_last_import` VALUES('161', '1', 'Contacts', '181', '1');
INSERT INTO `vtiger_users_last_import` VALUES('162', '1', 'Contacts', '182', '1');
INSERT INTO `vtiger_users_last_import` VALUES('163', '1', 'Contacts', '183', '1');
INSERT INTO `vtiger_users_last_import` VALUES('165', '1', 'Contacts', '184', '1');
INSERT INTO `vtiger_users_last_import` VALUES('166', '1', 'Contacts', '185', '1');
INSERT INTO `vtiger_users_last_import` VALUES('167', '1', 'Contacts', '186', '1');
INSERT INTO `vtiger_users_last_import` VALUES('168', '1', 'Contacts', '187', '1');
INSERT INTO `vtiger_users_last_import` VALUES('169', '1', 'Contacts', '188', '1');
INSERT INTO `vtiger_users_last_import` VALUES('170', '1', 'Contacts', '189', '1');
INSERT INTO `vtiger_users_last_import` VALUES('171', '1', 'Contacts', '190', '1');
INSERT INTO `vtiger_users_last_import` VALUES('172', '1', 'Contacts', '191', '1');
INSERT INTO `vtiger_users_last_import` VALUES('173', '1', 'Contacts', '192', '1');
INSERT INTO `vtiger_users_last_import` VALUES('174', '1', 'Contacts', '193', '1');
INSERT INTO `vtiger_users_last_import` VALUES('175', '1', 'Contacts', '194', '1');
INSERT INTO `vtiger_users_last_import` VALUES('176', '1', 'Contacts', '195', '1');
INSERT INTO `vtiger_users_last_import` VALUES('177', '1', 'Contacts', '196', '1');
INSERT INTO `vtiger_users_last_import` VALUES('178', '1', 'Contacts', '197', '1');
INSERT INTO `vtiger_users_last_import` VALUES('179', '1', 'Contacts', '198', '1');
INSERT INTO `vtiger_users_last_import` VALUES('180', '1', 'Contacts', '199', '1');
INSERT INTO `vtiger_users_last_import` VALUES('181', '1', 'Contacts', '200', '1');
INSERT INTO `vtiger_users_last_import` VALUES('182', '1', 'Contacts', '201', '1');
INSERT INTO `vtiger_users_last_import` VALUES('183', '1', 'Contacts', '202', '1');
INSERT INTO `vtiger_users_last_import` VALUES('184', '1', 'Contacts', '203', '1');
INSERT INTO `vtiger_users_last_import` VALUES('185', '1', 'Contacts', '204', '1');
INSERT INTO `vtiger_users_last_import` VALUES('186', '1', 'Contacts', '205', '1');
INSERT INTO `vtiger_users_last_import` VALUES('187', '1', 'Contacts', '206', '1');
INSERT INTO `vtiger_users_last_import` VALUES('188', '1', 'Contacts', '207', '1');
INSERT INTO `vtiger_users_last_import` VALUES('189', '1', 'Contacts', '208', '1');
INSERT INTO `vtiger_users_last_import` VALUES('190', '1', 'Contacts', '209', '1');
INSERT INTO `vtiger_users_last_import` VALUES('191', '1', 'Contacts', '210', '1');
INSERT INTO `vtiger_users_last_import` VALUES('192', '1', 'Contacts', '211', '1');
INSERT INTO `vtiger_users_last_import` VALUES('193', '1', 'Contacts', '212', '1');
INSERT INTO `vtiger_users_last_import` VALUES('194', '1', 'Contacts', '213', '1');
INSERT INTO `vtiger_users_last_import` VALUES('195', '1', 'Contacts', '214', '1');
INSERT INTO `vtiger_users_last_import` VALUES('196', '1', 'Contacts', '215', '1');
INSERT INTO `vtiger_users_last_import` VALUES('197', '1', 'Contacts', '216', '1');
INSERT INTO `vtiger_users_last_import` VALUES('198', '1', 'Contacts', '217', '1');
INSERT INTO `vtiger_users_last_import` VALUES('199', '1', 'Contacts', '218', '1');
INSERT INTO `vtiger_users_last_import` VALUES('200', '1', 'Contacts', '219', '1');
INSERT INTO `vtiger_users_last_import` VALUES('201', '1', 'Contacts', '220', '1');
INSERT INTO `vtiger_users_last_import` VALUES('202', '1', 'Contacts', '221', '1');
INSERT INTO `vtiger_users_last_import` VALUES('203', '1', 'Contacts', '222', '1');
INSERT INTO `vtiger_users_last_import` VALUES('204', '1', 'Contacts', '223', '1');
INSERT INTO `vtiger_users_last_import` VALUES('205', '1', 'Contacts', '224', '1');
INSERT INTO `vtiger_users_last_import` VALUES('206', '1', 'Contacts', '225', '1');
INSERT INTO `vtiger_users_last_import` VALUES('207', '1', 'Contacts', '226', '1');
INSERT INTO `vtiger_users_last_import` VALUES('208', '1', 'Contacts', '227', '1');
INSERT INTO `vtiger_users_last_import` VALUES('209', '1', 'Contacts', '228', '1');
INSERT INTO `vtiger_users_last_import` VALUES('210', '1', 'Contacts', '229', '1');
INSERT INTO `vtiger_users_last_import` VALUES('211', '1', 'Contacts', '230', '1');
INSERT INTO `vtiger_users_last_import` VALUES('212', '1', 'Contacts', '231', '1');
INSERT INTO `vtiger_users_last_import` VALUES('213', '1', 'Contacts', '232', '1');
INSERT INTO `vtiger_users_last_import` VALUES('214', '1', 'Contacts', '233', '1');
INSERT INTO `vtiger_users_last_import` VALUES('215', '1', 'Contacts', '234', '1');
INSERT INTO `vtiger_users_last_import` VALUES('216', '1', 'Contacts', '235', '1');
INSERT INTO `vtiger_users_last_import` VALUES('217', '1', 'Contacts', '236', '1');
INSERT INTO `vtiger_users_last_import` VALUES('218', '1', 'Contacts', '237', '1');
INSERT INTO `vtiger_users_last_import` VALUES('219', '1', 'Contacts', '238', '1');
INSERT INTO `vtiger_users_last_import` VALUES('220', '1', 'Contacts', '239', '1');
INSERT INTO `vtiger_users_last_import` VALUES('221', '1', 'Contacts', '240', '1');
INSERT INTO `vtiger_users_last_import` VALUES('222', '1', 'Contacts', '241', '1');
INSERT INTO `vtiger_users_last_import` VALUES('223', '1', 'Contacts', '242', '1');
INSERT INTO `vtiger_users_last_import` VALUES('224', '1', 'Contacts', '243', '1');
INSERT INTO `vtiger_users_last_import` VALUES('225', '1', 'Contacts', '244', '1');
INSERT INTO `vtiger_users_last_import` VALUES('226', '1', 'Contacts', '245', '1');
INSERT INTO `vtiger_users_last_import` VALUES('227', '1', 'Contacts', '246', '1');
INSERT INTO `vtiger_users_last_import` VALUES('228', '1', 'Contacts', '247', '1');
INSERT INTO `vtiger_users_last_import` VALUES('229', '1', 'Contacts', '248', '1');
INSERT INTO `vtiger_users_last_import` VALUES('230', '1', 'Contacts', '249', '1');
INSERT INTO `vtiger_users_last_import` VALUES('231', '1', 'Contacts', '250', '1');
INSERT INTO `vtiger_users_last_import` VALUES('232', '1', 'Contacts', '251', '1');
INSERT INTO `vtiger_users_last_import` VALUES('233', '1', 'Contacts', '252', '1');
INSERT INTO `vtiger_users_last_import` VALUES('234', '1', 'Contacts', '253', '1');
INSERT INTO `vtiger_users_last_import` VALUES('235', '1', 'Contacts', '254', '1');
INSERT INTO `vtiger_users_last_import` VALUES('236', '1', 'Contacts', '255', '1');
INSERT INTO `vtiger_users_last_import` VALUES('237', '1', 'Contacts', '256', '1');
INSERT INTO `vtiger_users_last_import` VALUES('238', '1', 'Contacts', '257', '1');
INSERT INTO `vtiger_users_last_import` VALUES('239', '1', 'Contacts', '258', '1');
INSERT INTO `vtiger_users_last_import` VALUES('240', '1', 'Contacts', '259', '1');
INSERT INTO `vtiger_users_last_import` VALUES('241', '1', 'Contacts', '260', '1');
INSERT INTO `vtiger_users_last_import` VALUES('242', '1', 'Contacts', '261', '1');
INSERT INTO `vtiger_users_last_import` VALUES('243', '1', 'Contacts', '262', '1');
INSERT INTO `vtiger_users_last_import` VALUES('244', '1', 'Contacts', '263', '1');
INSERT INTO `vtiger_users_last_import` VALUES('245', '1', 'Contacts', '264', '1');
INSERT INTO `vtiger_users_last_import` VALUES('246', '1', 'Contacts', '265', '1');
INSERT INTO `vtiger_users_last_import` VALUES('247', '1', 'Contacts', '266', '1');
INSERT INTO `vtiger_users_last_import` VALUES('248', '1', 'Contacts', '267', '1');
INSERT INTO `vtiger_users_last_import` VALUES('249', '1', 'Contacts', '268', '1');
INSERT INTO `vtiger_users_last_import` VALUES('250', '1', 'Contacts', '269', '1');
INSERT INTO `vtiger_users_last_import` VALUES('251', '1', 'Contacts', '270', '1');
INSERT INTO `vtiger_users_last_import` VALUES('252', '1', 'Contacts', '271', '1');
INSERT INTO `vtiger_users_last_import` VALUES('253', '1', 'Contacts', '272', '1');
INSERT INTO `vtiger_users_last_import` VALUES('254', '1', 'Contacts', '273', '1');
INSERT INTO `vtiger_users_last_import` VALUES('255', '1', 'Contacts', '274', '1');
INSERT INTO `vtiger_users_last_import` VALUES('256', '1', 'Contacts', '275', '1');
INSERT INTO `vtiger_users_last_import` VALUES('257', '1', 'Contacts', '276', '1');
INSERT INTO `vtiger_users_last_import` VALUES('258', '1', 'Contacts', '277', '1');
INSERT INTO `vtiger_users_last_import` VALUES('259', '1', 'Contacts', '278', '1');
INSERT INTO `vtiger_users_last_import` VALUES('260', '1', 'Contacts', '279', '1');
INSERT INTO `vtiger_users_last_import` VALUES('261', '1', 'Contacts', '280', '1');
INSERT INTO `vtiger_users_last_import` VALUES('262', '1', 'Contacts', '281', '1');
INSERT INTO `vtiger_users_last_import` VALUES('263', '1', 'Contacts', '282', '1');
INSERT INTO `vtiger_users_last_import` VALUES('264', '1', 'Contacts', '283', '1');
INSERT INTO `vtiger_users_last_import` VALUES('265', '1', 'Contacts', '284', '1');
INSERT INTO `vtiger_users_last_import` VALUES('266', '1', 'Contacts', '285', '1');
INSERT INTO `vtiger_users_last_import` VALUES('267', '1', 'Accounts', '286', '1');
INSERT INTO `vtiger_users_last_import` VALUES('268', '1', 'Contacts', '287', '1');
INSERT INTO `vtiger_users_last_import` VALUES('269', '1', 'Contacts', '288', '1');
INSERT INTO `vtiger_users_last_import` VALUES('270', '1', 'Contacts', '289', '1');
INSERT INTO `vtiger_users_last_import` VALUES('271', '1', 'Contacts', '290', '1');
INSERT INTO `vtiger_users_last_import` VALUES('272', '1', 'Contacts', '291', '1');
INSERT INTO `vtiger_users_last_import` VALUES('273', '1', 'Contacts', '292', '1');
INSERT INTO `vtiger_users_last_import` VALUES('274', '1', 'Contacts', '293', '1');
INSERT INTO `vtiger_users_last_import` VALUES('275', '1', 'Contacts', '294', '1');
INSERT INTO `vtiger_users_last_import` VALUES('276', '1', 'Contacts', '295', '1');
INSERT INTO `vtiger_users_last_import` VALUES('277', '1', 'Contacts', '296', '1');
INSERT INTO `vtiger_users_last_import` VALUES('278', '1', 'Contacts', '297', '1');
INSERT INTO `vtiger_users_last_import` VALUES('279', '1', 'Contacts', '298', '1');
INSERT INTO `vtiger_users_last_import` VALUES('280', '1', 'Contacts', '299', '1');
INSERT INTO `vtiger_users_last_import` VALUES('281', '1', 'Contacts', '300', '1');
INSERT INTO `vtiger_users_last_import` VALUES('282', '1', 'Contacts', '301', '1');
INSERT INTO `vtiger_users_last_import` VALUES('283', '1', 'Contacts', '302', '1');
INSERT INTO `vtiger_users_last_import` VALUES('284', '1', 'Contacts', '303', '1');
INSERT INTO `vtiger_users_last_import` VALUES('285', '1', 'Contacts', '304', '1');
INSERT INTO `vtiger_users_last_import` VALUES('286', '1', 'Contacts', '305', '1');
INSERT INTO `vtiger_users_last_import` VALUES('287', '1', 'Contacts', '306', '1');
INSERT INTO `vtiger_users_last_import` VALUES('288', '1', 'Contacts', '307', '1');
INSERT INTO `vtiger_users_last_import` VALUES('289', '1', 'Accounts', '308', '1');
INSERT INTO `vtiger_users_last_import` VALUES('290', '1', 'Contacts', '309', '1');
INSERT INTO `vtiger_users_last_import` VALUES('291', '1', 'Contacts', '310', '1');
INSERT INTO `vtiger_users_last_import` VALUES('292', '1', 'Contacts', '311', '1');
INSERT INTO `vtiger_users_last_import` VALUES('293', '1', 'Contacts', '312', '1');
INSERT INTO `vtiger_users_last_import` VALUES('294', '1', 'Contacts', '313', '1');
INSERT INTO `vtiger_users_last_import` VALUES('295', '1', 'Contacts', '314', '1');
INSERT INTO `vtiger_users_last_import` VALUES('296', '1', 'Contacts', '315', '1');
INSERT INTO `vtiger_users_last_import` VALUES('297', '1', 'Contacts', '316', '1');
INSERT INTO `vtiger_users_last_import` VALUES('298', '1', 'Contacts', '317', '1');
INSERT INTO `vtiger_users_last_import` VALUES('299', '1', 'Contacts', '318', '1');
INSERT INTO `vtiger_users_last_import` VALUES('300', '1', 'Contacts', '319', '1');
INSERT INTO `vtiger_users_last_import` VALUES('301', '1', 'Contacts', '320', '1');
INSERT INTO `vtiger_users_last_import` VALUES('302', '1', 'Contacts', '321', '1');
INSERT INTO `vtiger_users_last_import` VALUES('303', '1', 'Contacts', '322', '1');
INSERT INTO `vtiger_users_last_import` VALUES('304', '1', 'Contacts', '323', '1');
INSERT INTO `vtiger_users_last_import` VALUES('305', '1', 'Contacts', '324', '1');
INSERT INTO `vtiger_users_last_import` VALUES('306', '1', 'Contacts', '325', '1');
INSERT INTO `vtiger_users_last_import` VALUES('307', '1', 'Contacts', '326', '1');
INSERT INTO `vtiger_users_last_import` VALUES('308', '1', 'Contacts', '327', '1');
INSERT INTO `vtiger_users_last_import` VALUES('311', '1', 'Accounts', '334', '0');
INSERT INTO `vtiger_users_last_import` VALUES('312', '1', 'Accounts', '335', '0');
INSERT INTO `vtiger_users_last_import` VALUES('313', '1', 'Accounts', '336', '0');
INSERT INTO `vtiger_users_last_import` VALUES('314', '1', 'Accounts', '337', '0');
INSERT INTO `vtiger_users_last_import` VALUES('315', '1', 'Accounts', '338', '0');
INSERT INTO `vtiger_users_last_import` VALUES('316', '1', 'Accounts', '339', '0');
INSERT INTO `vtiger_users_last_import` VALUES('317', '1', 'Accounts', '340', '0');
INSERT INTO `vtiger_users_last_import` VALUES('318', '1', 'Accounts', '341', '0');
INSERT INTO `vtiger_users_last_import` VALUES('319', '1', 'Accounts', '342', '0');
INSERT INTO `vtiger_users_last_import` VALUES('320', '1', 'Accounts', '343', '0');
INSERT INTO `vtiger_users_last_import` VALUES('321', '1', 'Accounts', '344', '0');
INSERT INTO `vtiger_users_last_import` VALUES('322', '1', 'Accounts', '345', '0');
INSERT INTO `vtiger_users_last_import` VALUES('323', '1', 'Accounts', '346', '0');
INSERT INTO `vtiger_users_last_import` VALUES('324', '1', 'Accounts', '347', '0');
INSERT INTO `vtiger_users_last_import` VALUES('325', '1', 'Accounts', '348', '0');
INSERT INTO `vtiger_users_last_import` VALUES('326', '1', 'Accounts', '349', '0');
INSERT INTO `vtiger_users_last_import` VALUES('327', '1', 'Accounts', '350', '0');
INSERT INTO `vtiger_users_last_import` VALUES('328', '1', 'Accounts', '351', '0');
INSERT INTO `vtiger_users_last_import` VALUES('329', '1', 'Accounts', '352', '0');
INSERT INTO `vtiger_users_last_import` VALUES('330', '1', 'Accounts', '353', '0');
INSERT INTO `vtiger_users_last_import` VALUES('331', '1', 'Accounts', '354', '0');
INSERT INTO `vtiger_users_last_import` VALUES('332', '1', 'Accounts', '355', '0');
INSERT INTO `vtiger_users_last_import` VALUES('333', '1', 'Accounts', '356', '0');
INSERT INTO `vtiger_users_last_import` VALUES('334', '1', 'Accounts', '357', '0');
INSERT INTO `vtiger_users_last_import` VALUES('335', '1', 'Accounts', '358', '0');
INSERT INTO `vtiger_users_last_import` VALUES('336', '1', 'Accounts', '359', '0');
INSERT INTO `vtiger_users_last_import` VALUES('337', '1', 'Accounts', '360', '0');
INSERT INTO `vtiger_users_last_import` VALUES('338', '1', 'Accounts', '361', '0');
INSERT INTO `vtiger_users_last_import` VALUES('339', '1', 'Accounts', '362', '0');
INSERT INTO `vtiger_users_last_import` VALUES('340', '1', 'Accounts', '363', '0');
INSERT INTO `vtiger_users_last_import` VALUES('341', '1', 'Accounts', '364', '0');
INSERT INTO `vtiger_users_last_import` VALUES('342', '1', 'Accounts', '365', '0');
INSERT INTO `vtiger_users_last_import` VALUES('343', '1', 'Accounts', '366', '0');
INSERT INTO `vtiger_users_last_import` VALUES('344', '1', 'Accounts', '367', '0');
INSERT INTO `vtiger_users_last_import` VALUES('345', '1', 'Accounts', '368', '0');
INSERT INTO `vtiger_users_last_import` VALUES('346', '1', 'Accounts', '369', '0');
INSERT INTO `vtiger_users_last_import` VALUES('347', '1', 'Accounts', '370', '0');
INSERT INTO `vtiger_users_last_import` VALUES('348', '1', 'Accounts', '371', '0');
INSERT INTO `vtiger_users_last_import` VALUES('349', '1', 'Accounts', '372', '0');
INSERT INTO `vtiger_users_last_import` VALUES('350', '1', 'Accounts', '373', '0');
INSERT INTO `vtiger_users_last_import` VALUES('351', '1', 'Accounts', '374', '0');
INSERT INTO `vtiger_users_last_import` VALUES('352', '1', 'Accounts', '375', '0');
INSERT INTO `vtiger_users_last_import` VALUES('353', '1', 'Accounts', '376', '0');
INSERT INTO `vtiger_users_last_import` VALUES('354', '1', 'Accounts', '377', '0');
INSERT INTO `vtiger_users_last_import` VALUES('355', '1', 'Accounts', '378', '0');
INSERT INTO `vtiger_users_last_import` VALUES('356', '1', 'Accounts', '379', '0');
INSERT INTO `vtiger_users_last_import` VALUES('357', '1', 'Accounts', '380', '0');
INSERT INTO `vtiger_users_last_import` VALUES('358', '1', 'Accounts', '381', '0');
INSERT INTO `vtiger_users_last_import` VALUES('359', '1', 'Accounts', '382', '0');
INSERT INTO `vtiger_users_last_import` VALUES('360', '1', 'Accounts', '383', '0');
INSERT INTO `vtiger_users_last_import` VALUES('361', '1', 'Accounts', '384', '0');
INSERT INTO `vtiger_users_last_import` VALUES('362', '1', 'Accounts', '385', '0');
INSERT INTO `vtiger_users_last_import` VALUES('363', '1', 'Accounts', '386', '0');
INSERT INTO `vtiger_users_last_import` VALUES('364', '1', 'Accounts', '387', '0');
INSERT INTO `vtiger_users_last_import` VALUES('365', '1', 'Accounts', '388', '0');
INSERT INTO `vtiger_users_last_import` VALUES('366', '1', 'Accounts', '389', '0');
INSERT INTO `vtiger_users_last_import` VALUES('367', '1', 'Accounts', '390', '0');
INSERT INTO `vtiger_users_last_import` VALUES('368', '1', 'Accounts', '391', '0');
INSERT INTO `vtiger_users_last_import` VALUES('369', '1', 'Accounts', '392', '0');
INSERT INTO `vtiger_users_last_import` VALUES('370', '1', 'Accounts', '393', '0');
INSERT INTO `vtiger_users_last_import` VALUES('371', '1', 'Accounts', '394', '0');
INSERT INTO `vtiger_users_last_import` VALUES('372', '3', 'Contacts', '395', '0');
INSERT INTO `vtiger_users_last_import` VALUES('373', '3', 'Contacts', '396', '0');
INSERT INTO `vtiger_users_last_import` VALUES('374', '3', 'Contacts', '397', '0');
INSERT INTO `vtiger_users_last_import` VALUES('375', '3', 'Contacts', '398', '0');
INSERT INTO `vtiger_users_last_import` VALUES('376', '3', 'Contacts', '399', '0');
INSERT INTO `vtiger_users_last_import` VALUES('377', '3', 'Contacts', '400', '0');
INSERT INTO `vtiger_users_last_import` VALUES('378', '3', 'Contacts', '401', '0');
INSERT INTO `vtiger_users_last_import` VALUES('379', '3', 'Contacts', '402', '0');
INSERT INTO `vtiger_users_last_import` VALUES('380', '3', 'Contacts', '403', '0');
INSERT INTO `vtiger_users_last_import` VALUES('381', '3', 'Contacts', '404', '0');
INSERT INTO `vtiger_users_last_import` VALUES('382', '3', 'Contacts', '405', '0');
INSERT INTO `vtiger_users_last_import` VALUES('383', '3', 'Contacts', '406', '0');
INSERT INTO `vtiger_users_last_import` VALUES('384', '3', 'Contacts', '407', '0');
INSERT INTO `vtiger_users_last_import` VALUES('385', '3', 'Contacts', '408', '0');
INSERT INTO `vtiger_users_last_import` VALUES('386', '3', 'Contacts', '409', '0');
INSERT INTO `vtiger_users_last_import` VALUES('387', '3', 'Contacts', '410', '0');
INSERT INTO `vtiger_users_last_import` VALUES('388', '3', 'Contacts', '411', '0');
INSERT INTO `vtiger_users_last_import` VALUES('389', '3', 'Contacts', '412', '0');
INSERT INTO `vtiger_users_last_import` VALUES('390', '3', 'Contacts', '413', '0');
INSERT INTO `vtiger_users_last_import` VALUES('391', '3', 'Contacts', '414', '0');
INSERT INTO `vtiger_users_last_import` VALUES('392', '3', 'Contacts', '415', '0');
INSERT INTO `vtiger_users_last_import` VALUES('393', '3', 'Contacts', '416', '0');
INSERT INTO `vtiger_users_last_import` VALUES('394', '3', 'Contacts', '417', '0');
INSERT INTO `vtiger_users_last_import` VALUES('395', '3', 'Contacts', '418', '0');
INSERT INTO `vtiger_users_last_import` VALUES('396', '3', 'Contacts', '419', '0');
INSERT INTO `vtiger_users_last_import` VALUES('397', '3', 'Contacts', '420', '0');
INSERT INTO `vtiger_users_last_import` VALUES('398', '3', 'Contacts', '421', '0');
INSERT INTO `vtiger_users_last_import` VALUES('399', '3', 'Contacts', '422', '0');
INSERT INTO `vtiger_users_last_import` VALUES('400', '3', 'Contacts', '423', '0');
INSERT INTO `vtiger_users_last_import` VALUES('401', '3', 'Contacts', '424', '0');
INSERT INTO `vtiger_users_last_import` VALUES('402', '3', 'Contacts', '425', '0');
INSERT INTO `vtiger_users_last_import` VALUES('403', '3', 'Contacts', '426', '0');
INSERT INTO `vtiger_users_last_import` VALUES('404', '3', 'Contacts', '427', '0');
INSERT INTO `vtiger_users_last_import` VALUES('405', '3', 'Contacts', '428', '0');
INSERT INTO `vtiger_users_last_import` VALUES('406', '3', 'Contacts', '429', '0');
INSERT INTO `vtiger_users_last_import` VALUES('407', '3', 'Contacts', '430', '0');
INSERT INTO `vtiger_users_last_import` VALUES('408', '3', 'Contacts', '431', '0');
INSERT INTO `vtiger_users_last_import` VALUES('409', '3', 'Contacts', '432', '0');
INSERT INTO `vtiger_users_last_import` VALUES('410', '3', 'Contacts', '433', '0');
INSERT INTO `vtiger_users_last_import` VALUES('411', '3', 'Contacts', '434', '0');
INSERT INTO `vtiger_users_last_import` VALUES('412', '3', 'Contacts', '435', '0');
INSERT INTO `vtiger_users_last_import` VALUES('413', '3', 'Contacts', '436', '0');
INSERT INTO `vtiger_users_last_import` VALUES('414', '3', 'Contacts', '437', '0');
INSERT INTO `vtiger_users_last_import` VALUES('415', '3', 'Contacts', '438', '0');
INSERT INTO `vtiger_users_last_import` VALUES('416', '3', 'Contacts', '439', '0');
INSERT INTO `vtiger_users_last_import` VALUES('417', '3', 'Contacts', '440', '0');
INSERT INTO `vtiger_users_last_import` VALUES('418', '3', 'Contacts', '441', '0');
INSERT INTO `vtiger_users_last_import` VALUES('419', '3', 'Contacts', '442', '0');
INSERT INTO `vtiger_users_last_import` VALUES('420', '3', 'Contacts', '443', '0');
INSERT INTO `vtiger_users_last_import` VALUES('421', '3', 'Contacts', '444', '0');
INSERT INTO `vtiger_users_last_import` VALUES('422', '3', 'Contacts', '445', '0');
INSERT INTO `vtiger_users_last_import` VALUES('423', '3', 'Contacts', '446', '0');
INSERT INTO `vtiger_users_last_import` VALUES('424', '3', 'Accounts', '447', '0');
INSERT INTO `vtiger_users_last_import` VALUES('425', '3', 'Contacts', '448', '0');
INSERT INTO `vtiger_users_last_import` VALUES('426', '3', 'Contacts', '449', '0');
INSERT INTO `vtiger_users_last_import` VALUES('427', '3', 'Contacts', '450', '0');
INSERT INTO `vtiger_users_last_import` VALUES('428', '3', 'Contacts', '451', '0');
INSERT INTO `vtiger_users_last_import` VALUES('429', '3', 'Contacts', '452', '0');
INSERT INTO `vtiger_users_last_import` VALUES('430', '3', 'Contacts', '453', '0');
INSERT INTO `vtiger_users_last_import` VALUES('431', '3', 'Contacts', '454', '0');
INSERT INTO `vtiger_users_last_import` VALUES('432', '3', 'Contacts', '455', '0');
INSERT INTO `vtiger_users_last_import` VALUES('433', '3', 'Contacts', '456', '0');
INSERT INTO `vtiger_users_last_import` VALUES('434', '3', 'Contacts', '457', '0');
INSERT INTO `vtiger_users_last_import` VALUES('435', '3', 'Contacts', '458', '0');
INSERT INTO `vtiger_users_last_import` VALUES('436', '3', 'Contacts', '459', '0');
INSERT INTO `vtiger_users_last_import` VALUES('437', '3', 'Contacts', '460', '0');
INSERT INTO `vtiger_users_last_import` VALUES('438', '3', 'Contacts', '461', '0');
INSERT INTO `vtiger_users_last_import` VALUES('439', '3', 'Contacts', '462', '0');
INSERT INTO `vtiger_users_last_import` VALUES('440', '3', 'Contacts', '463', '0');
INSERT INTO `vtiger_users_last_import` VALUES('441', '3', 'Contacts', '464', '0');
INSERT INTO `vtiger_users_last_import` VALUES('442', '3', 'Contacts', '465', '0');
INSERT INTO `vtiger_users_last_import` VALUES('443', '3', 'Contacts', '466', '0');
INSERT INTO `vtiger_users_last_import` VALUES('444', '3', 'Contacts', '467', '0');

--
-- Table structure for table `vtiger_users_seq` 
--

CREATE TABLE `vtiger_users_seq` (
  `id` int(11) NOT NULL
) ENGINE=InnoDB DEFAULT CHARSET=latin1;

--
-- Dumping data for table `vtiger_users_seq` 
--

INSERT INTO `vtiger_users_seq` VALUES('445');

--
-- Table structure for table `vtiger_usertype` 
--

CREATE TABLE `vtiger_usertype` (
  `usertypeid` int(19) NOT NULL auto_increment,
  `usertype` varchar(200) NOT NULL,
  `sortorderid` int(19) NOT NULL default '0',
  `presence` int(1) NOT NULL default '1',
  PRIMARY KEY  (`usertypeid`),
  UNIQUE KEY `usertype_usertype_idx` (`usertype`)
) ENGINE=InnoDB DEFAULT CHARSET=latin1;

--
-- Dumping data for table `vtiger_usertype` 
--


--
-- Table structure for table `vtiger_vendor` 
--

CREATE TABLE `vtiger_vendor` (
  `vendorid` int(19) NOT NULL default '0',
  `vendorname` varchar(100) default NULL,
  `phone` varchar(100) default NULL,
  `email` varchar(100) default NULL,
  `website` varchar(100) default NULL,
  `glacct` varchar(200) default NULL,
  `category` varchar(50) default NULL,
  `street` text,
  `city` varchar(30) default NULL,
  `state` varchar(30) default NULL,
  `pobox` varchar(30) default NULL,
  `postalcode` varchar(100) default NULL,
  `country` varchar(100) default NULL,
  `description` text,
  PRIMARY KEY  (`vendorid`),
  CONSTRAINT `fk_1_vtiger_vendor` FOREIGN KEY (`vendorid`) REFERENCES `vtiger_crmentity` (`crmid`) ON DELETE CASCADE
) ENGINE=InnoDB DEFAULT CHARSET=latin1;

--
-- Dumping data for table `vtiger_vendor` 
--


--
-- Table structure for table `vtiger_vendorcf` 
--

CREATE TABLE `vtiger_vendorcf` (
  `vendorid` int(19) NOT NULL default '0',
  PRIMARY KEY  (`vendorid`),
  CONSTRAINT `fk_1_vtiger_vendorcf` FOREIGN KEY (`vendorid`) REFERENCES `vtiger_vendor` (`vendorid`) ON DELETE CASCADE
) ENGINE=InnoDB DEFAULT CHARSET=latin1;

--
-- Dumping data for table `vtiger_vendorcf` 
--


--
-- Table structure for table `vtiger_vendorcontactrel` 
--

CREATE TABLE `vtiger_vendorcontactrel` (
  `vendorid` int(19) NOT NULL default '0',
  `contactid` int(19) NOT NULL default '0',
  PRIMARY KEY  (`vendorid`,`contactid`),
  KEY `vendorcontactrel_vendorid_idx` (`vendorid`),
  KEY `vendorcontactrel_contact_idx` (`contactid`),
  CONSTRAINT `fk_2_vtiger_vendorcontactrel` FOREIGN KEY (`vendorid`) REFERENCES `vtiger_vendor` (`vendorid`) ON DELETE CASCADE
) ENGINE=InnoDB DEFAULT CHARSET=latin1;

--
-- Dumping data for table `vtiger_vendorcontactrel` 
--


--
-- Table structure for table `vtiger_version` 
--

CREATE TABLE `vtiger_version` (
  `id` int(11) NOT NULL auto_increment,
  `old_version` varchar(30) default NULL,
  `current_version` varchar(30) default NULL,
  PRIMARY KEY  (`id`)
) ENGINE=InnoDB DEFAULT CHARSET=latin1;

--
-- Dumping data for table `vtiger_version` 
--

INSERT INTO `vtiger_version` VALUES('1', '5.0.4', '5.0.4');

--
-- Table structure for table `vtiger_visibility` 
--

CREATE TABLE `vtiger_visibility` (
  `visibilityid` int(19) NOT NULL auto_increment,
  `visibility` varchar(200) NOT NULL,
  `sortorderid` int(19) NOT NULL default '0',
  `presence` int(1) NOT NULL default '1',
  PRIMARY KEY  (`visibilityid`),
  UNIQUE KEY `visibility_visibility_idx` (`visibility`)
) ENGINE=InnoDB DEFAULT CHARSET=latin1;

--
-- Dumping data for table `vtiger_visibility` 
--

INSERT INTO `vtiger_visibility` VALUES('1', 'Private', '0', '1');
INSERT INTO `vtiger_visibility` VALUES('2', 'Public', '1', '1');

--
-- Table structure for table `vtiger_visibility_seq` 
--

CREATE TABLE `vtiger_visibility_seq` (
  `id` int(11) NOT NULL
) ENGINE=InnoDB DEFAULT CHARSET=latin1;

--
-- Dumping data for table `vtiger_visibility_seq` 
--

INSERT INTO `vtiger_visibility_seq` VALUES('2');

--
-- Table structure for table `vtiger_wordtemplates` 
--

CREATE TABLE `vtiger_wordtemplates` (
  `templateid` int(19) NOT NULL,
  `filename` varchar(100) NOT NULL,
  `module` varchar(30) NOT NULL,
  `date_entered` timestamp NOT NULL default CURRENT_TIMESTAMP on update CURRENT_TIMESTAMP,
  `parent_type` varchar(50) NOT NULL,
  `data` longblob,
  `description` text,
  `filesize` varchar(50) NOT NULL,
  `filetype` varchar(20) NOT NULL,
  `deleted` int(1) NOT NULL default '0',
  PRIMARY KEY  (`templateid`)
) ENGINE=InnoDB DEFAULT CHARSET=latin1;

--
-- Dumping data for table `vtiger_wordtemplates` 
--


--
-- Table structure for table `vtiger_wordtemplates_seq` 
--

CREATE TABLE `vtiger_wordtemplates_seq` (
  `id` int(11) NOT NULL
) ENGINE=InnoDB DEFAULT CHARSET=latin1;

--
-- Dumping data for table `vtiger_wordtemplates_seq` 
--

INSERT INTO `vtiger_wordtemplates_seq` VALUES('2');
