-- Table structure for table `vtiger_invoice` 
--

CREATE TABLE `vtiger_invoice` (
  `invoiceid` int(19) NOT NULL default '0',
  `subject` varchar(100) default NULL,
  `salesorderid` int(19) default NULL,
  `customerno` varchar(100) default NULL,
  `contactid` int(19) default NULL,
  `notes` varchar(100) default NULL,
  `invoicedate` date default NULL,
  `duedate` date default NULL,
  `invoiceterms` varchar(100) default NULL,
  `type` varchar(100) default NULL,
  `adjustment` decimal(25,3) default NULL,
  `salescommission` decimal(25,3) default NULL,
  `exciseduty` decimal(25,3) default NULL,
  `subtotal` decimal(25,3) default NULL,
  `total` decimal(25,3) default NULL,
  `taxtype` varchar(25) default NULL,
  `discount_percent` decimal(25,3) default NULL,
  `discount_amount` decimal(25,3) default NULL,
  `s_h_amount` decimal(25,3) default NULL,
  `shipping` varchar(100) default NULL,
  `accountid` int(19) default NULL,
  `terms_conditions` text,
  `purchaseorder` varchar(200) default NULL,
  `invoicestatus` varchar(200) default NULL,
  `invoice_no` varchar(100) default NULL,
  PRIMARY KEY  (`invoiceid`),
  KEY `invoice_purchaseorderid_idx` (`invoiceid`),
  KEY `fk_2_vtiger_invoice` (`salesorderid`),
  CONSTRAINT `fk_2_vtiger_invoice` FOREIGN KEY (`salesorderid`) REFERENCES `vtiger_salesorder` (`salesorderid`) ON DELETE CASCADE
) ENGINE=InnoDB DEFAULT CHARSET=latin1;

--
-- Dumping data for table `vtiger_invoice` 
--

INSERT INTO `vtiger_invoice` VALUES('24', 'Devis pour la soirée du Jeudi soir', '23', '', '12', '', '2009-03-07', '2009-03-07', '', '', '0.000', '0.000', '0.000', '6817.200', '6817.200', 'individual', '0.000', '0.000', '0.000', '', '10', '- Unless otherwise agreed in writing by the supplier all invoices are payable within thirty (30) days of the date of invoice, in the currency of the invoice, drawn on a bank based in India or by such other method as is agreed in advance by the Supplier.\r\n\r\n - All prices are not inclusive of VAT which shall be payable in addition by the Customer at the applicable rate.', '', 'Approved', 'VC1001');
INSERT INTO `vtiger_invoice` VALUES('27', 'Devis pour la soirée du Jeudi soir', '', '', '0', '', '2009-03-07', '2009-03-07', '', '', '0.000', '0.000', '0.000', '6817.200', '6817.200', 'individual', '0.000', '0.000', '0.000', '', '10', '- Unless otherwise agreed in writing by the supplier all invoices are payable within thirty (30) days of the date of invoice, in the currency of the invoice, drawn on a bank based in India or by such other method as is agreed in advance by the Supplier.\r\n\r\n - All prices are not inclusive of VAT which shall be payable in addition by the Customer at the applicable rate.', '', 'Approved', 'VC1002');

--
-- Table structure for table `vtiger_invoicebillads` 
--

CREATE TABLE `vtiger_invoicebillads` (
  `invoicebilladdressid` int(19) NOT NULL default '0',
  `bill_city` varchar(30) default NULL,
  `bill_code` varchar(30) default NULL,
  `bill_country` varchar(30) default NULL,
  `bill_state` varchar(30) default NULL,
  `bill_street` varchar(250) default NULL,
  `bill_pobox` varchar(30) default NULL,
  PRIMARY KEY  (`invoicebilladdressid`),
  CONSTRAINT `fk_1_vtiger_invoicebillads` FOREIGN KEY (`invoicebilladdressid`) REFERENCES `vtiger_invoice` (`invoiceid`) ON DELETE CASCADE
) ENGINE=InnoDB DEFAULT CHARSET=latin1;

--
-- Dumping data for table `vtiger_invoicebillads` 
--

INSERT INTO `vtiger_invoicebillads` VALUES('24', 'PARIS', '75009', 'FRANCE', 'PARIS', '12 rue d\'Amsterdam', '');
INSERT INTO `vtiger_invoicebillads` VALUES('27', 'PARIS', '75009', 'FRANCE', 'PARIS', '12 rue d\'Amsterdam', '');

--
-- Table structure for table `vtiger_invoicecf` 
--

CREATE TABLE `vtiger_invoicecf` (
  `invoiceid` int(19) NOT NULL default '0',
  PRIMARY KEY  (`invoiceid`),
  CONSTRAINT `fk_1_vtiger_invoicecf` FOREIGN KEY (`invoiceid`) REFERENCES `vtiger_invoice` (`invoiceid`) ON DELETE CASCADE
) ENGINE=InnoDB DEFAULT CHARSET=latin1;

--
-- Dumping data for table `vtiger_invoicecf` 
--

INSERT INTO `vtiger_invoicecf` VALUES('24');
INSERT INTO `vtiger_invoicecf` VALUES('27');

--
-- Table structure for table `vtiger_invoicegrouprelation` 
--

CREATE TABLE `vtiger_invoicegrouprelation` (
  `invoiceid` int(19) NOT NULL,
  `groupname` varchar(100) default NULL,
  PRIMARY KEY  (`invoiceid`),
  KEY `invoicegrouprelation_groupname_invoiceid_idx` (`groupname`,`invoiceid`),
  CONSTRAINT `fk_1_vtiger_invoicegrouprelation` FOREIGN KEY (`groupname`) REFERENCES `vtiger_groups` (`groupname`) ON UPDATE CASCADE,
  CONSTRAINT `fk_2_vtiger_invoicegrouprelation` FOREIGN KEY (`invoiceid`) REFERENCES `vtiger_invoice` (`invoiceid`) ON DELETE CASCADE
) ENGINE=InnoDB DEFAULT CHARSET=latin1;

--
-- Dumping data for table `vtiger_invoicegrouprelation` 
--


--
-- Table structure for table `vtiger_invoiceshipads` 
--

CREATE TABLE `vtiger_invoiceshipads` (
  `invoiceshipaddressid` int(19) NOT NULL default '0',
  `ship_city` varchar(30) default NULL,
  `ship_code` varchar(30) default NULL,
  `ship_country` varchar(30) default NULL,
  `ship_state` varchar(30) default NULL,
  `ship_street` varchar(250) default NULL,
  `ship_pobox` varchar(30) default NULL,
  PRIMARY KEY  (`invoiceshipaddressid`),
  CONSTRAINT `fk_1_vtiger_invoiceshipads` FOREIGN KEY (`invoiceshipaddressid`) REFERENCES `vtiger_invoice` (`invoiceid`) ON DELETE CASCADE
) ENGINE=InnoDB DEFAULT CHARSET=latin1;

--
-- Dumping data for table `vtiger_invoiceshipads` 
--

INSERT INTO `vtiger_invoiceshipads` VALUES('24', 'PARIS', '75009', 'FRANCE', 'PARIS', '12 rue d\'Amsterdam', '');
INSERT INTO `vtiger_invoiceshipads` VALUES('27', 'PARIS', '75009', 'FRANCE', 'PARIS', '12 rue d\'Amsterdam', '');

--
-- Table structure for table `vtiger_invoicestatus` 
--

CREATE TABLE `vtiger_invoicestatus` (
  `inovicestatusid` int(19) NOT NULL auto_increment,
  `invoicestatus` varchar(200) NOT NULL,
  `presence` int(1) NOT NULL default '1',
  `picklist_valueid` int(19) NOT NULL default '0',
  PRIMARY KEY  (`inovicestatusid`),
  UNIQUE KEY `invoicestatus_invoiestatus_idx` (`invoicestatus`)
) ENGINE=InnoDB DEFAULT CHARSET=latin1;

--
-- Dumping data for table `vtiger_invoicestatus` 
--

INSERT INTO `vtiger_invoicestatus` VALUES('1', 'Created', '0', '170');
INSERT INTO `vtiger_invoicestatus` VALUES('2', 'Approved', '0', '171');
INSERT INTO `vtiger_invoicestatus` VALUES('3', 'Sent', '0', '172');
INSERT INTO `vtiger_invoicestatus` VALUES('4', 'Credit Invoice', '0', '173');
INSERT INTO `vtiger_invoicestatus` VALUES('5', 'Paid', '0', '174');

--
-- Table structure for table `vtiger_invoicestatus_seq` 
--

CREATE TABLE `vtiger_invoicestatus_seq` (
  `id` int(11) NOT NULL
) ENGINE=InnoDB DEFAULT CHARSET=latin1;

--
-- Dumping data for table `vtiger_invoicestatus_seq` 
--

INSERT INTO `vtiger_invoicestatus_seq` VALUES('5');

--
-- Table structure for table `vtiger_invoicestatushistory` 
--

CREATE TABLE `vtiger_invoicestatushistory` (
  `historyid` int(19) NOT NULL auto_increment,
  `invoiceid` int(19) NOT NULL,
  `accountname` varchar(100) default NULL,
  `total` decimal(10,0) default NULL,
  `invoicestatus` varchar(200) default NULL,
  `lastmodified` datetime default NULL,
  PRIMARY KEY  (`historyid`),
  KEY `invoicestatushistory_invoiceid_idx` (`invoiceid`),
  CONSTRAINT `fk_1_vtiger_invoicestatushistory` FOREIGN KEY (`invoiceid`) REFERENCES `vtiger_invoice` (`invoiceid`) ON DELETE CASCADE
) ENGINE=InnoDB DEFAULT CHARSET=latin1;

--
-- Dumping data for table `vtiger_invoicestatushistory` 
--


--
-- Table structure for table `vtiger_lar` 
--

CREATE TABLE `vtiger_lar` (
  `larid` int(19) NOT NULL default '0',
  `name` varchar(50) NOT NULL,
  `createdby` int(19) NOT NULL default '0',
  `createdon` date NOT NULL,
  PRIMARY KEY  (`larid`),
  UNIQUE KEY `lar_name_idx` (`name`),
  KEY `lar_createdby_idx` (`createdby`),
  CONSTRAINT `fk_1_vtiger_lar` FOREIGN KEY (`createdby`) REFERENCES `vtiger_users` (`id`) ON DELETE CASCADE
) ENGINE=InnoDB DEFAULT CHARSET=latin1;

--
-- Dumping data for table `vtiger_lar` 
--


--
-- Table structure for table `vtiger_lead_view` 
--

CREATE TABLE `vtiger_lead_view` (
  `lead_viewid` int(19) NOT NULL auto_increment,
  `lead_view` varchar(200) NOT NULL,
  `sortorderid` int(19) NOT NULL default '0',
  `presence` int(1) NOT NULL default '1',
  PRIMARY KEY  (`lead_viewid`)
) ENGINE=InnoDB DEFAULT CHARSET=latin1;

--
-- Dumping data for table `vtiger_lead_view` 
--

INSERT INTO `vtiger_lead_view` VALUES('1', 'Today', '0', '1');
INSERT INTO `vtiger_lead_view` VALUES('2', 'Last 2 Days', '1', '1');
INSERT INTO `vtiger_lead_view` VALUES('3', 'Last Week', '2', '1');

--
-- Table structure for table `vtiger_lead_view_seq` 
--

CREATE TABLE `vtiger_lead_view_seq` (
  `id` int(11) NOT NULL
) ENGINE=InnoDB DEFAULT CHARSET=latin1;

--
-- Dumping data for table `vtiger_lead_view_seq` 
--

INSERT INTO `vtiger_lead_view_seq` VALUES('3');

--
-- Table structure for table `vtiger_leadacctrel` 
--

CREATE TABLE `vtiger_leadacctrel` (
  `leadid` int(19) NOT NULL default '0',
  `accountid` int(19) NOT NULL default '0',
  PRIMARY KEY  (`leadid`),
  KEY `leadacctrel_accountid_idx` (`accountid`),
  CONSTRAINT `fk_2_vtiger_leadacctrel` FOREIGN KEY (`leadid`) REFERENCES `vtiger_leaddetails` (`leadid`) ON DELETE CASCADE
) ENGINE=InnoDB DEFAULT CHARSET=latin1;

--
-- Dumping data for table `vtiger_leadacctrel` 
--


--
-- Table structure for table `vtiger_leadaddress` 
--

CREATE TABLE `vtiger_leadaddress` (
  `leadaddressid` int(19) NOT NULL default '0',
  `city` varchar(30) default NULL,
  `code` varchar(30) default NULL,
  `state` varchar(30) default NULL,
  `pobox` varchar(30) default NULL,
  `country` varchar(30) default NULL,
  `phone` varchar(50) default NULL,
  `mobile` varchar(50) default NULL,
  `fax` varchar(50) default NULL,
  `lane` varchar(250) default NULL,
  `leadaddresstype` varchar(30) default 'Billing',
  PRIMARY KEY  (`leadaddressid`),
  CONSTRAINT `fk_1_vtiger_leadaddress` FOREIGN KEY (`leadaddressid`) REFERENCES `vtiger_leaddetails` (`leadid`) ON DELETE CASCADE
) ENGINE=InnoDB DEFAULT CHARSET=latin1;

--
-- Dumping data for table `vtiger_leadaddress` 
--

INSERT INTO `vtiger_leadaddress` VALUES('5', 'PARIS', '75009', 'PARIS', '', 'FRANCE', '0170991000', '0660526770', '0170911001', '12 rue d\'Amsterdam', 'Billing');
INSERT INTO `vtiger_leadaddress` VALUES('14', 'PARIS', '75009', 'PARIS', '', 'FRANCE', '0170991000', '0660526770', '0170911001', '12 rue d\'Amsterdam', 'Billing');

--
-- Table structure for table `vtiger_leadcontrel` 
--

CREATE TABLE `vtiger_leadcontrel` (
  `leadid` int(19) NOT NULL default '0',
  `contactid` int(19) NOT NULL default '0',
  PRIMARY KEY  (`leadid`),
  KEY `leadcontrel_contactid_idx` (`contactid`),
  CONSTRAINT `fk_2_vtiger_leadcontrel` FOREIGN KEY (`leadid`) REFERENCES `vtiger_leaddetails` (`leadid`) ON DELETE CASCADE
) ENGINE=InnoDB DEFAULT CHARSET=latin1;

--
-- Dumping data for table `vtiger_leadcontrel` 
--


--
-- Table structure for table `vtiger_leaddetails` 
--

CREATE TABLE `vtiger_leaddetails` (
  `leadid` int(19) NOT NULL,
  `email` varchar(100) default NULL,
  `interest` varchar(50) default NULL,
  `firstname` varchar(40) default NULL,
  `salutation` varchar(200) default NULL,
  `lastname` varchar(80) NOT NULL,
  `company` varchar(100) NOT NULL,
  `annualrevenue` int(19) default '0',
  `industry` varchar(200) default NULL,
  `campaign` varchar(30) default NULL,
  `rating` varchar(200) default NULL,
  `leadstatus` varchar(50) default NULL,
  `leadsource` varchar(200) default NULL,
  `converted` int(1) default '0',
  `designation` varchar(50) default 'SalesMan',
  `licencekeystatus` varchar(50) default NULL,
  `space` varchar(250) default NULL,
  `comments` text,
  `priority` varchar(50) default NULL,
  `demorequest` varchar(50) default NULL,
  `partnercontact` varchar(50) default NULL,
  `productversion` varchar(20) default NULL,
  `product` varchar(50) default NULL,
  `maildate` date default NULL,
  `nextstepdate` date default NULL,
  `fundingsituation` varchar(50) default NULL,
  `purpose` varchar(50) default NULL,
  `evaluationstatus` varchar(50) default NULL,
  `transferdate` date default NULL,
  `revenuetype` varchar(50) default NULL,
  `noofemployees` int(50) default NULL,
  `yahooid` varchar(100) default NULL,
  `assignleadchk` int(1) default '0',
  PRIMARY KEY  (`leadid`),
  KEY `leaddetails_converted_leadstatus_idx` (`converted`,`leadstatus`),
  CONSTRAINT `fk_1_vtiger_leaddetails` FOREIGN KEY (`leadid`) REFERENCES `vtiger_crmentity` (`crmid`) ON DELETE CASCADE
) ENGINE=InnoDB DEFAULT CHARSET=latin1;

--
-- Dumping data for table `vtiger_leaddetails` 
--

INSERT INTO `vtiger_leaddetails` VALUES('5', 'lroyant@yahoo.fr', '', 'Pierre', 'Mr.', 'HIGELIN', 'ETAP-ON-LINE', '7500000', 'Telecommunications', '', '--None--', 'Qualified', 'Salarié des Vieilles Charrues', '0', 'PDG', '', '', '', '', '', '', '', '', '', '', '', '', '', '', '', '70', '', '0');
INSERT INTO `vtiger_leaddetails` VALUES('14', 'lroyant@yahoo.fr', '', 'Pierre', 'Mr.', 'HIGELIN', 'ETAP-ON-LINE', '7500000', 'Telecommunications', '', 'Acquired', '--None--', 'Salarié des Vieilles Charrues', '0', 'PDG', '', '', '', '', '', '', '', '', '', '', '', '', '', '', '', '70', '', '0');

--
-- Table structure for table `vtiger_leadgrouprelation` 
--

CREATE TABLE `vtiger_leadgrouprelation` (
  `leadid` int(19) NOT NULL,
  `groupname` varchar(100) default NULL,
  PRIMARY KEY  (`leadid`),
  KEY `leadgrouprelation_leadid_idx` (`leadid`),
  KEY `leadgrouprelation_groupname_idx` (`groupname`),
  CONSTRAINT `fk_1_vtiger_leadgrouprelation` FOREIGN KEY (`groupname`) REFERENCES `vtiger_groups` (`groupname`) ON UPDATE CASCADE,
  CONSTRAINT `fk_2_vtiger_leadgrouprelation` FOREIGN KEY (`leadid`) REFERENCES `vtiger_leaddetails` (`leadid`) ON DELETE CASCADE
) ENGINE=InnoDB DEFAULT CHARSET=latin1;

--
-- Dumping data for table `vtiger_leadgrouprelation` 
--


--
-- Table structure for table `vtiger_leadpotrel` 
--

CREATE TABLE `vtiger_leadpotrel` (
  `leadid` int(19) NOT NULL default '0',
  `potentialid` int(19) NOT NULL default '0',
  PRIMARY KEY  (`potentialid`),
  UNIQUE KEY `leadpotrel_leadid_idx` (`leadid`),
  CONSTRAINT `fk_2_vtiger_leadpotrel` FOREIGN KEY (`potentialid`) REFERENCES `vtiger_potential` (`potentialid`) ON DELETE CASCADE
) ENGINE=InnoDB DEFAULT CHARSET=latin1;

--
-- Dumping data for table `vtiger_leadpotrel` 
--


--
-- Table structure for table `vtiger_leadscf` 
--

CREATE TABLE `vtiger_leadscf` (
  `leadid` int(19) NOT NULL default '0',
  PRIMARY KEY  (`leadid`),
  CONSTRAINT `fk_1_vtiger_leadscf` FOREIGN KEY (`leadid`) REFERENCES `vtiger_leaddetails` (`leadid`) ON DELETE CASCADE
) ENGINE=InnoDB DEFAULT CHARSET=latin1;

--
-- Dumping data for table `vtiger_leadscf` 
--

INSERT INTO `vtiger_leadscf` VALUES('5');
INSERT INTO `vtiger_leadscf` VALUES('14');

--
-- Table structure for table `vtiger_leadsource` 
--

CREATE TABLE `vtiger_leadsource` (
  `leadsourceid` int(19) NOT NULL auto_increment,
  `leadsource` varchar(200) NOT NULL,
  `presence` int(1) NOT NULL default '1',
  `picklist_valueid` int(19) NOT NULL default '0',
  PRIMARY KEY  (`leadsourceid`)
) ENGINE=InnoDB DEFAULT CHARSET=latin1;

--
-- Dumping data for table `vtiger_leadsource` 
--

INSERT INTO `vtiger_leadsource` VALUES('1', '--None--', '1', '2');
INSERT INTO `vtiger_leadsource` VALUES('2', 'Cold Call', '1', '3');
INSERT INTO `vtiger_leadsource` VALUES('3', 'Existing Customer', '1', '4');
INSERT INTO `vtiger_leadsource` VALUES('4', 'Self Generated', '1', '5');
INSERT INTO `vtiger_leadsource` VALUES('5', 'Employee', '1', '6');
INSERT INTO `vtiger_leadsource` VALUES('6', 'Partner', '1', '7');
INSERT INTO `vtiger_leadsource` VALUES('7', 'Public Relations', '1', '8');
INSERT INTO `vtiger_leadsource` VALUES('8', 'Direct Mail', '1', '9');
INSERT INTO `vtiger_leadsource` VALUES('9', 'Conference', '1', '10');
INSERT INTO `vtiger_leadsource` VALUES('10', 'Trade Show', '1', '11');
INSERT INTO `vtiger_leadsource` VALUES('11', 'Web Site', '1', '12');
INSERT INTO `vtiger_leadsource` VALUES('12', 'Word of mouth', '1', '13');
INSERT INTO `vtiger_leadsource` VALUES('13', 'Other', '1', '14');
INSERT INTO `vtiger_leadsource` VALUES('14', 'Employée de l\'association', '1', '210');
INSERT INTO `vtiger_leadsource` VALUES('15', 'Membre de l\'association', '1', '211');
INSERT INTO `vtiger_leadsource` VALUES('16', 'Salarié des Vieilles Charrues', '1', '212');
INSERT INTO `vtiger_leadsource` VALUES('17', 'Membre de l\'asso des Vieilles Charrues', '1', '213');
INSERT INTO `vtiger_leadsource` VALUES('18', 'Bénévole', '1', '217');
INSERT INTO `vtiger_leadsource` VALUES('19', 'Mécène', '1', '218');
INSERT INTO `vtiger_leadsource` VALUES('20', 'Presse', '1', '219');
INSERT INTO `vtiger_leadsource` VALUES('21', 'Prospect', '1', '220');
INSERT INTO `vtiger_leadsource` VALUES('22', 'Distributeur', '1', '221');

--
-- Table structure for table `vtiger_leadsource_seq` 
--

CREATE TABLE `vtiger_leadsource_seq` (
  `id` int(11) NOT NULL
) ENGINE=InnoDB DEFAULT CHARSET=latin1;

--
-- Dumping data for table `vtiger_leadsource_seq` 
--

INSERT INTO `vtiger_leadsource_seq` VALUES('22');

--
-- Table structure for table `vtiger_leadstage` 
--

CREATE TABLE `vtiger_leadstage` (
  `leadstageid` int(19) NOT NULL auto_increment,
  `stage` varchar(200) NOT NULL,
  `sortorderid` int(19) NOT NULL default '0',
  `presence` int(1) NOT NULL default '1',
  PRIMARY KEY  (`leadstageid`),
  UNIQUE KEY `leadstage_stage_idx` (`stage`)
) ENGINE=InnoDB DEFAULT CHARSET=latin1;

--
-- Dumping data for table `vtiger_leadstage` 
--


--
-- Table structure for table `vtiger_leadstatus` 
--

CREATE TABLE `vtiger_leadstatus` (
  `leadstatusid` int(19) NOT NULL auto_increment,
  `leadstatus` varchar(200) NOT NULL,
  `presence` int(1) NOT NULL default '1',
  `picklist_valueid` int(19) NOT NULL default '0',
  PRIMARY KEY  (`leadstatusid`)
) ENGINE=InnoDB DEFAULT CHARSET=latin1;

--
-- Dumping data for table `vtiger_leadstatus` 
--

INSERT INTO `vtiger_leadstatus` VALUES('1', '--None--', '1', '58');
INSERT INTO `vtiger_leadstatus` VALUES('2', 'Attempted to Contact', '1', '59');
INSERT INTO `vtiger_leadstatus` VALUES('3', 'Cold', '1', '60');
INSERT INTO `vtiger_leadstatus` VALUES('4', 'Contact in Future', '1', '61');
INSERT INTO `vtiger_leadstatus` VALUES('5', 'Contacted', '1', '62');
INSERT INTO `vtiger_leadstatus` VALUES('6', 'Hot', '1', '63');
INSERT INTO `vtiger_leadstatus` VALUES('7', 'Junk Lead', '1', '64');
INSERT INTO `vtiger_leadstatus` VALUES('8', 'Lost Lead', '1', '65');
INSERT INTO `vtiger_leadstatus` VALUES('9', 'Not Contacted', '1', '66');
INSERT INTO `vtiger_leadstatus` VALUES('10', 'Pre Qualified', '1', '67');
INSERT INTO `vtiger_leadstatus` VALUES('11', 'Qualified', '1', '68');
INSERT INTO `vtiger_leadstatus` VALUES('12', 'Warm', '1', '69');

--
-- Table structure for table `vtiger_leadstatus_seq` 
--

CREATE TABLE `vtiger_leadstatus_seq` (
  `id` int(11) NOT NULL
) ENGINE=InnoDB DEFAULT CHARSET=latin1;

--
-- Dumping data for table `vtiger_leadstatus_seq` 
--

INSERT INTO `vtiger_leadstatus_seq` VALUES('12');

--
-- Table structure for table `vtiger_leadsubdetails` 
--

CREATE TABLE `vtiger_leadsubdetails` (
  `leadsubscriptionid` int(19) NOT NULL default '0',
  `website` varchar(255) default NULL,
  `callornot` int(1) default '0',
  `readornot` int(1) default '0',
  `empct` int(10) default '0',
  PRIMARY KEY  (`leadsubscriptionid`),
  CONSTRAINT `fk_1_vtiger_leadsubdetails` FOREIGN KEY (`leadsubscriptionid`) REFERENCES `vtiger_leaddetails` (`leadid`) ON DELETE CASCADE
) ENGINE=InnoDB DEFAULT CHARSET=latin1;

--
-- Dumping data for table `vtiger_leadsubdetails` 
--

INSERT INTO `vtiger_leadsubdetails` VALUES('5', 'www.etaponline.fr', '0', '0', '0');
INSERT INTO `vtiger_leadsubdetails` VALUES('14', 'www.etaponline.fr', '0', '0', '0');

--
-- Table structure for table `vtiger_licencekeystatus` 
--

CREATE TABLE `vtiger_licencekeystatus` (
  `licencekeystatusid` int(19) NOT NULL auto_increment,
  `licencekeystatus` varchar(200) NOT NULL,
  `sortorderid` int(19) NOT NULL default '0',
  `presence` int(1) NOT NULL default '1',
  PRIMARY KEY  (`licencekeystatusid`)
) ENGINE=InnoDB DEFAULT CHARSET=latin1;

--
-- Dumping data for table `vtiger_licencekeystatus` 
--

INSERT INTO `vtiger_licencekeystatus` VALUES('1', '--None--', '0', '1');
INSERT INTO `vtiger_licencekeystatus` VALUES('2', 'Sent', '1', '1');
INSERT INTO `vtiger_licencekeystatus` VALUES('3', 'Not Sent', '2', '1');

--
-- Table structure for table `vtiger_licencekeystatus_seq` 
--

CREATE TABLE `vtiger_licencekeystatus_seq` (
  `id` int(11) NOT NULL
) ENGINE=InnoDB DEFAULT CHARSET=latin1;

--
-- Dumping data for table `vtiger_licencekeystatus_seq` 
--

INSERT INTO `vtiger_licencekeystatus_seq` VALUES('3');

--
-- Table structure for table `vtiger_loginhistory` 
--

CREATE TABLE `vtiger_loginhistory` (
  `login_id` int(11) NOT NULL auto_increment,
  `user_name` varchar(25) NOT NULL,
  `user_ip` varchar(25) NOT NULL,
  `logout_time` timestamp NOT NULL default CURRENT_TIMESTAMP on update CURRENT_TIMESTAMP,
  `login_time` timestamp NOT NULL default '0000-00-00 00:00:00',
  `status` varchar(25) default NULL,
  PRIMARY KEY  (`login_id`)
) ENGINE=InnoDB DEFAULT CHARSET=latin1;

--
-- Dumping data for table `vtiger_loginhistory` 
--

INSERT INTO `vtiger_loginhistory` VALUES('1', 'admin', '192.168.0.12', '2009-03-07 11:40:12', '2009-03-07 11:33:38', 'Signed off');
INSERT INTO `vtiger_loginhistory` VALUES('2', 'admin', '192.168.0.12', '2009-03-07 12:56:44', '2009-03-07 11:40:19', 'Signed off');
INSERT INTO `vtiger_loginhistory` VALUES('3', 'lroyant', '192.168.0.12', '0000-00-00 00:00:00', '2009-03-07 12:55:14', 'Signed in');
INSERT INTO `vtiger_loginhistory` VALUES('4', 'hroyant', '192.168.0.12', '2009-03-07 12:58:17', '2009-03-07 12:56:58', 'Signed off');
INSERT INTO `vtiger_loginhistory` VALUES('5', 'admin', '192.168.0.12', '2009-03-07 15:21:56', '2009-03-07 12:58:43', 'Signed off');
INSERT INTO `vtiger_loginhistory` VALUES('6', 'hroyant', '127.0.0.1', '2009-03-07 13:57:36', '2009-03-07 13:03:00', 'Signed off');
INSERT INTO `vtiger_loginhistory` VALUES('7', 'hroyant', '127.0.0.1', '0000-00-00 00:00:00', '2009-03-07 13:57:42', 'Signed in');
INSERT INTO `vtiger_loginhistory` VALUES('8', 'hroyant', '127.0.0.1', '2009-03-07 16:18:11', '2009-03-07 14:59:49', 'Signed off');
INSERT INTO `vtiger_loginhistory` VALUES('9', 'admin', '192.168.0.12', '2009-03-07 16:39:31', '2009-03-07 15:21:59', 'Signed off');
INSERT INTO `vtiger_loginhistory` VALUES('10', 'hroyant', '127.0.0.1', '2009-03-07 17:03:44', '2009-03-07 16:18:13', 'Signed off');
INSERT INTO `vtiger_loginhistory` VALUES('11', 'admin', '192.168.0.12', '2009-03-07 17:10:27', '2009-03-07 16:39:36', 'Signed off');
INSERT INTO `vtiger_loginhistory` VALUES('12', 'hroyant', '127.0.0.1', '2009-03-07 17:06:24', '2009-03-07 17:03:46', 'Signed off');
INSERT INTO `vtiger_loginhistory` VALUES('13', 'hroyant', '127.0.0.1', '2009-03-07 17:27:27', '2009-03-07 17:06:26', 'Signed off');
INSERT INTO `vtiger_loginhistory` VALUES('14', 'admin', '192.168.0.12', '2009-03-07 18:45:09', '2009-03-07 17:27:31', 'Signed off');
INSERT INTO `vtiger_loginhistory` VALUES('15', 'hroyant', '127.0.0.1', '2009-03-07 17:46:32', '2009-03-07 17:27:55', 'Signed off');
INSERT INTO `vtiger_loginhistory` VALUES('16', 'hroyant', '127.0.0.1', '2009-03-07 17:48:13', '2009-03-07 17:46:36', 'Signed off');
INSERT INTO `vtiger_loginhistory` VALUES('17', 'hroyant', '127.0.0.1', '2009-03-07 17:48:47', '2009-03-07 17:48:15', 'Signed off');
INSERT INTO `vtiger_loginhistory` VALUES('18', 'hroyant', '127.0.0.1', '2009-03-07 17:50:26', '2009-03-07 17:48:48', 'Signed off');
INSERT INTO `vtiger_loginhistory` VALUES('19', 'hroyant', '127.0.0.1', '2009-03-07 17:52:38', '2009-03-07 17:50:27', 'Signed off');
INSERT INTO `vtiger_loginhistory` VALUES('20', 'hroyant', '127.0.0.1', '2009-03-07 18:11:21', '2009-03-07 17:52:39', 'Signed off');
INSERT INTO `vtiger_loginhistory` VALUES('21', 'hroyant', '127.0.0.1', '2009-03-07 18:14:15', '2009-03-07 18:11:23', 'Signed off');
INSERT INTO `vtiger_loginhistory` VALUES('22', 'hroyant', '127.0.0.1', '2009-03-07 19:20:20', '2009-03-07 19:20:14', 'Signed off');
INSERT INTO `vtiger_loginhistory` VALUES('23', 'hroyant', '127.0.0.1', '2009-03-07 19:20:27', '2009-03-07 19:20:25', 'Signed off');
INSERT INTO `vtiger_loginhistory` VALUES('24', 'hroyant', '127.0.0.1', '2009-03-07 19:20:36', '2009-03-07 19:20:33', 'Signed off');
INSERT INTO `vtiger_loginhistory` VALUES('25', 'hroyant', '127.0.0.1', '2009-03-07 19:21:08', '2009-03-07 19:21:05', 'Signed off');
INSERT INTO `vtiger_loginhistory` VALUES('26', 'hroyant', '127.0.0.1', '2009-03-07 19:33:38', '2009-03-07 19:32:30', 'Signed off');
INSERT INTO `vtiger_loginhistory` VALUES('27', 'admin', '192.168.0.12', '0000-00-00 00:00:00', '2009-03-07 19:33:08', 'Signed in');
INSERT INTO `vtiger_loginhistory` VALUES('28', 'hroyant', '127.0.0.1', '2009-03-07 19:33:48', '2009-03-07 19:33:40', 'Signed off');
INSERT INTO `vtiger_loginhistory` VALUES('29', 'hroyant', '127.0.0.1', '2009-03-07 19:34:16', '2009-03-07 19:33:50', 'Signed off');
INSERT INTO `vtiger_loginhistory` VALUES('30', 'hroyant', '127.0.0.1', '2009-03-07 19:34:50', '2009-03-07 19:34:19', 'Signed off');
INSERT INTO `vtiger_loginhistory` VALUES('31', 'hroyant', '127.0.0.1', '0000-00-00 00:00:00', '2009-03-07 19:35:03', 'Signed in');
INSERT INTO `vtiger_loginhistory` VALUES('32', 'admin', '192.168.0.12', '2009-03-08 16:40:24', '2009-03-08 13:15:59', 'Signed off');
INSERT INTO `vtiger_loginhistory` VALUES('33', 'hroyant', '127.0.0.1', '2009-03-08 13:57:13', '2009-03-08 13:30:29', 'Signed off');
INSERT INTO `vtiger_loginhistory` VALUES('34', 'slebasque', '127.0.0.1', '2009-03-08 15:21:06', '2009-03-08 13:57:28', 'Signed off');
INSERT INTO `vtiger_loginhistory` VALUES('35', 'hroyant', '127.0.0.1', '2009-03-08 16:03:46', '2009-03-08 15:21:16', 'Signed off');
INSERT INTO `vtiger_loginhistory` VALUES('36', 'hroyant', '127.0.0.1', '2009-03-08 16:20:30', '2009-03-08 16:03:47', 'Signed off');
INSERT INTO `vtiger_loginhistory` VALUES('37', 'hroyant', '127.0.0.1', '2009-03-08 16:43:45', '2009-03-08 16:20:32', 'Signed off');
INSERT INTO `vtiger_loginhistory` VALUES('38', 'ycolin', '127.0.0.1', '2009-03-08 16:44:27', '2009-03-08 16:43:59', 'Signed off');
INSERT INTO `vtiger_loginhistory` VALUES('39', 'jtrehorel', '127.0.0.1', '2009-03-08 17:05:16', '2009-03-08 16:44:46', 'Signed off');
INSERT INTO `vtiger_loginhistory` VALUES('40', 'admin', '192.168.0.12', '2009-03-08 17:13:12', '2009-03-08 16:55:02', 'Signed off');
INSERT INTO `vtiger_loginhistory` VALUES('41', 'smarzin', '127.0.0.1', '2009-03-08 17:08:05', '2009-03-08 17:05:29', 'Signed off');
INSERT INTO `vtiger_loginhistory` VALUES('42', 'smarzin', '127.0.0.1', '2009-03-08 17:11:46', '2009-03-08 17:08:06', 'Signed off');
INSERT INTO `vtiger_loginhistory` VALUES('43', 'smarzin', '127.0.0.1', '2009-03-08 17:12:03', '2009-03-08 17:11:49', 'Signed off');
INSERT INTO `vtiger_loginhistory` VALUES('44', 'smarzin', '127.0.0.1', '2009-03-08 17:13:03', '2009-03-08 17:12:04', 'Signed off');
INSERT INTO `vtiger_loginhistory` VALUES('45', 'smarzin', '127.0.0.1', '2009-03-08 17:14:04', '2009-03-08 17:13:05', 'Signed off');
INSERT INTO `vtiger_loginhistory` VALUES('46', 'admin', '192.168.0.12', '2009-03-08 17:14:05', '2009-03-08 17:13:31', 'Signed off');
INSERT INTO `vtiger_loginhistory` VALUES('47', 'smarzin', '127.0.0.1', '2009-03-08 17:17:34', '2009-03-08 17:14:06', 'Signed off');
INSERT INTO `vtiger_loginhistory` VALUES('48', 'admin', '192.168.0.12', '2009-03-08 17:42:30', '2009-03-08 17:14:19', 'Signed off');
INSERT INTO `vtiger_loginhistory` VALUES('49', 'smarzin', '127.0.0.1', '2009-03-08 17:27:46', '2009-03-08 17:17:36', 'Signed off');
INSERT INTO `vtiger_loginhistory` VALUES('50', 'ycolin', '127.0.0.1', '2009-03-08 18:36:25', '2009-03-08 17:28:31', 'Signed off');
INSERT INTO `vtiger_loginhistory` VALUES('51', 'admin', '192.168.0.12', '2009-03-08 19:17:28', '2009-03-08 17:46:03', 'Signed off');
INSERT INTO `vtiger_loginhistory` VALUES('52', 'ycolin', '127.0.0.1', '2009-03-08 18:38:18', '2009-03-08 18:36:26', 'Signed off');
INSERT INTO `vtiger_loginhistory` VALUES('53', 'ycolin', '127.0.0.1', '2009-03-08 18:39:22', '2009-03-08 18:38:20', 'Signed off');
INSERT INTO `vtiger_loginhistory` VALUES('54', 'smarzin', '127.0.0.1', '2009-03-08 18:39:33', '2009-03-08 18:39:27', 'Signed off');
INSERT INTO `vtiger_loginhistory` VALUES('55', 'ycolin', '127.0.0.1', '2009-03-08 18:45:01', '2009-03-08 18:39:37', 'Signed off');
INSERT INTO `vtiger_loginhistory` VALUES('56', 'ycolin', '127.0.0.1', '0000-00-00 00:00:00', '2009-03-08 18:45:03', 'Signed in');
INSERT INTO `vtiger_loginhistory` VALUES('57', 'smarzin', '192.168.1.186', '0000-00-00 00:00:00', '2009-03-09 19:43:25', 'Signed in');
INSERT INTO `vtiger_loginhistory` VALUES('58', 'smarzin', '192.168.1.22', '2009-03-09 20:47:24', '2009-03-09 20:45:33', 'Signed off');
INSERT INTO `vtiger_loginhistory` VALUES('59', 'lroyant', '192.168.1.186', '0000-00-00 00:00:00', '2009-03-10 08:02:33', 'Signed in');
INSERT INTO `vtiger_loginhistory` VALUES('60', 'lroyant', '192.168.1.193', '2009-03-10 08:54:23', '2009-03-10 08:52:36', 'Signed off');
INSERT INTO `vtiger_loginhistory` VALUES('61', 'ycolin', '192.168.1.193', '0000-00-00 00:00:00', '2009-03-10 08:54:10', 'Signed in');
INSERT INTO `vtiger_loginhistory` VALUES('62', 'ycolin', '192.168.1.193', '2009-03-10 08:57:01', '2009-03-10 08:54:35', 'Signed off');
INSERT INTO `vtiger_loginhistory` VALUES('63', 'cguillerm', '192.168.1.193', '2009-03-10 08:57:40', '2009-03-10 08:57:15', 'Signed off');
INSERT INTO `vtiger_loginhistory` VALUES('64', 'spoulichet', '192.168.1.193', '2009-03-10 08:58:57', '2009-03-10 08:58:05', 'Signed off');
INSERT INTO `vtiger_loginhistory` VALUES('65', 'slebasque', '192.168.1.193', '2009-03-10 09:00:10', '2009-03-10 08:59:09', 'Signed off');
INSERT INTO `vtiger_loginhistory` VALUES('66', 'spoulichet', '192.168.1.175', '2009-03-10 15:29:11', '2009-03-10 15:27:38', 'Signed off');
INSERT INTO `vtiger_loginhistory` VALUES('67', 'ycolin', '192.168.1.175', '0000-00-00 00:00:00', '2009-03-10 15:29:32', 'Signed in');
INSERT INTO `vtiger_loginhistory` VALUES('68', 'jtrehorel', '192.168.1.183', '2009-03-13 14:42:07', '2009-03-13 14:38:50', 'Signed off');
INSERT INTO `vtiger_loginhistory` VALUES('69', 'admin', '192.168.1.186', '0000-00-00 00:00:00', '2009-03-14 10:04:20', 'Signed in');
INSERT INTO `vtiger_loginhistory` VALUES('70', 'admin', '192.168.1.186', '0000-00-00 00:00:00', '2009-03-14 10:21:18', 'Signed in');
INSERT INTO `vtiger_loginhistory` VALUES('71', 'lroyant', '192.168.1.186', '0000-00-00 00:00:00', '2009-03-14 17:24:51', 'Signed in');
INSERT INTO `vtiger_loginhistory` VALUES('72', 'lroyant', '192.168.1.186', '0000-00-00 00:00:00', '2009-03-14 18:42:15', 'Signed in');
INSERT INTO `vtiger_loginhistory` VALUES('73', 'lroyant', '192.168.1.186', '2009-03-16 10:12:14', '2009-03-16 09:09:36', 'Signed off');
INSERT INTO `vtiger_loginhistory` VALUES('74', 'hroyant', '192.168.1.192', '0000-00-00 00:00:00', '2009-03-16 09:27:25', 'Signed in');
INSERT INTO `vtiger_loginhistory` VALUES('75', 'hroyant', '192.168.1.192', '0000-00-00 00:00:00', '2009-03-16 09:32:04', 'Signed in');
INSERT INTO `vtiger_loginhistory` VALUES('76', 'lroyant', '192.168.1.186', '0000-00-00 00:00:00', '2009-03-16 14:57:44', 'Signed in');
INSERT INTO `vtiger_loginhistory` VALUES('77', 'lroyant', '192.168.1.186', '2009-03-16 19:07:21', '2009-03-16 19:00:51', 'Signed off');
INSERT INTO `vtiger_loginhistory` VALUES('78', 'hroyant', '192.168.1.192', '0000-00-00 00:00:00', '2009-03-17 09:18:53', 'Signed in');
INSERT INTO `vtiger_loginhistory` VALUES('79', 'hroyant', '192.168.1.192', '0000-00-00 00:00:00', '2009-03-18 09:32:41', 'Signed in');
INSERT INTO `vtiger_loginhistory` VALUES('80', 'hroyant', '192.168.1.192', '0000-00-00 00:00:00', '2009-03-19 10:34:58', 'Signed in');
INSERT INTO `vtiger_loginhistory` VALUES('81', 'hroyant', '192.168.1.192', '0000-00-00 00:00:00', '2009-03-19 14:13:39', 'Signed in');
INSERT INTO `vtiger_loginhistory` VALUES('82', 'hroyant', '192.168.1.192', '0000-00-00 00:00:00', '2009-03-20 09:27:17', 'Signed in');
INSERT INTO `vtiger_loginhistory` VALUES('83', 'hroyant', '192.168.1.192', '0000-00-00 00:00:00', '2009-03-20 14:04:35', 'Signed in');
INSERT INTO `vtiger_loginhistory` VALUES('84', 'hroyant', '192.168.1.192', '0000-00-00 00:00:00', '2009-03-23 10:07:48', 'Signed in');
INSERT INTO `vtiger_loginhistory` VALUES('85', 'hroyant', '192.168.1.192', '0000-00-00 00:00:00', '2009-03-23 10:34:35', 'Signed in');
INSERT INTO `vtiger_loginhistory` VALUES('86', 'jtrehorel', '192.168.1.190', '0000-00-00 00:00:00', '2009-03-23 10:36:12', 'Signed in');
INSERT INTO `vtiger_loginhistory` VALUES('87', 'hroyant', '192.168.1.192', '0000-00-00 00:00:00', '2009-03-23 11:06:18', 'Signed in');
INSERT INTO `vtiger_loginhistory` VALUES('88', 'admin', '192.168.1.191', '2009-03-23 18:34:22', '2009-03-23 18:33:08', 'Signed off');
INSERT INTO `vtiger_loginhistory` VALUES('89', 'admin', '192.168.1.191', '0000-00-00 00:00:00', '2009-03-23 18:34:26', 'Signed in');
INSERT INTO `vtiger_loginhistory` VALUES('90', 'hroyant', '192.168.1.192', '0000-00-00 00:00:00', '2009-03-24 09:45:44', 'Signed in');
INSERT INTO `vtiger_loginhistory` VALUES('91', 'hroyant', '192.168.1.192', '0000-00-00 00:00:00', '2009-03-25 09:52:19', 'Signed in');
INSERT INTO `vtiger_loginhistory` VALUES('92', 'hroyant', '192.168.1.192', '0000-00-00 00:00:00', '2009-03-25 15:34:50', 'Signed in');
INSERT INTO `vtiger_loginhistory` VALUES('93', 'admin', '192.168.1.191', '0000-00-00 00:00:00', '2009-03-26 15:08:15', 'Signed in');
INSERT INTO `vtiger_loginhistory` VALUES('94', 'hroyant', '192.168.1.192', '0000-00-00 00:00:00', '2009-03-27 09:25:21', 'Signed in');
INSERT INTO `vtiger_loginhistory` VALUES('95', 'admin', '192.168.1.191', '2009-03-27 15:04:09', '2009-03-27 15:03:18', 'Signed off');
INSERT INTO `vtiger_loginhistory` VALUES('96', 'admin', '192.168.1.191', '0000-00-00 00:00:00', '2009-03-28 16:12:23', 'Signed in');
INSERT INTO `vtiger_loginhistory` VALUES('97', 'admin', '192.168.1.183', '0000-00-00 00:00:00', '2009-03-28 17:10:24', 'Signed in');
INSERT INTO `vtiger_loginhistory` VALUES('98', 'admin', '192.168.1.191', '0000-00-00 00:00:00', '2009-03-30 08:18:32', 'Signed in');
INSERT INTO `vtiger_loginhistory` VALUES('99', 'admin', '192.168.1.191', '2009-03-31 11:37:01', '2009-03-31 11:36:13', 'Signed off');
INSERT INTO `vtiger_loginhistory` VALUES('100', 'lroyant', '192.168.1.191', '0000-00-00 00:00:00', '2009-03-31 11:42:58', 'Signed in');
INSERT INTO `vtiger_loginhistory` VALUES('101', 'hroyant', '192.168.1.192', '0000-00-00 00:00:00', '2009-04-01 15:16:46', 'Signed in');
INSERT INTO `vtiger_loginhistory` VALUES('102', 'hroyant', '192.168.1.192', '0000-00-00 00:00:00', '2009-04-02 11:01:58', 'Signed in');
INSERT INTO `vtiger_loginhistory` VALUES('103', 'hroyant', '192.168.1.192', '0000-00-00 00:00:00', '2009-04-03 10:18:15', 'Signed in');
INSERT INTO `vtiger_loginhistory` VALUES('104', 'hroyant', '192.168.1.192', '0000-00-00 00:00:00', '2009-04-06 14:54:31', 'Signed in');
INSERT INTO `vtiger_loginhistory` VALUES('105', 'hroyant', '192.168.1.192', '0000-00-00 00:00:00', '2009-04-07 15:46:05', 'Signed in');
INSERT INTO `vtiger_loginhistory` VALUES('106', 'hroyant', '192.168.1.192', '0000-00-00 00:00:00', '2009-04-07 16:03:57', 'Signed in');
INSERT INTO `vtiger_loginhistory` VALUES('107', 'jtrehorel', '192.168.1.190', '0000-00-00 00:00:00', '2009-04-07 16:17:38', 'Signed in');
INSERT INTO `vtiger_loginhistory` VALUES('108', 'hroyant', '192.168.1.192', '0000-00-00 00:00:00', '2009-04-07 16:44:07', 'Signed in');
INSERT INTO `vtiger_loginhistory` VALUES('109', 'admin', '192.168.1.183', '2009-04-08 08:14:08', '2009-04-08 08:13:39', 'Signed off');
INSERT INTO `vtiger_loginhistory` VALUES('110', 'hroyant', '192.168.1.192', '0000-00-00 00:00:00', '2009-04-08 15:42:44', 'Signed in');
INSERT INTO `vtiger_loginhistory` VALUES('111', 'hroyant', '192.168.1.192', '0000-00-00 00:00:00', '2009-04-09 12:22:32', 'Signed in');
INSERT INTO `vtiger_loginhistory` VALUES('112', 'hroyant', '192.168.1.192', '0000-00-00 00:00:00', '2009-04-10 15:39:09', 'Signed in');
INSERT INTO `vtiger_loginhistory` VALUES('113', 'hroyant', '192.168.1.192', '0000-00-00 00:00:00', '2009-04-14 09:34:45', 'Signed in');
INSERT INTO `vtiger_loginhistory` VALUES('114', 'hroyant', '192.168.1.192', '0000-00-00 00:00:00', '2009-04-14 09:34:46', 'Signed in');
INSERT INTO `vtiger_loginhistory` VALUES('115', 'admin', '192.168.1.191', '0000-00-00 00:00:00', '2009-04-14 17:30:29', 'Signed in');
INSERT INTO `vtiger_loginhistory` VALUES('116', 'admin', '192.168.1.191', '0000-00-00 00:00:00', '2009-04-15 09:09:57', 'Signed in');
INSERT INTO `vtiger_loginhistory` VALUES('117', 'hroyant', '192.168.1.192', '0000-00-00 00:00:00', '2009-04-15 09:30:31', 'Signed in');
INSERT INTO `vtiger_loginhistory` VALUES('118', 'hroyant', '192.168.1.192', '0000-00-00 00:00:00', '2009-04-15 10:08:48', 'Signed in');
INSERT INTO `vtiger_loginhistory` VALUES('119', 'hroyant', '192.168.1.192', '0000-00-00 00:00:00', '2009-04-15 11:35:35', 'Signed in');
INSERT INTO `vtiger_loginhistory` VALUES('120', 'hroyant', '192.168.1.192', '0000-00-00 00:00:00', '2009-04-15 14:33:35', 'Signed in');
INSERT INTO `vtiger_loginhistory` VALUES('121', 'admin', '192.168.1.191', '0000-00-00 00:00:00', '2009-04-15 19:12:07', 'Signed in');
INSERT INTO `vtiger_loginhistory` VALUES('122', 'hroyant', '192.168.1.192', '0000-00-00 00:00:00', '2009-04-17 09:38:06', 'Signed in');
INSERT INTO `vtiger_loginhistory` VALUES('123', 'admin', '192.168.1.191', '0000-00-00 00:00:00', '2009-04-20 15:05:27', 'Signed in');
INSERT INTO `vtiger_loginhistory` VALUES('124', 'hroyant', '192.168.1.192', '0000-00-00 00:00:00', '2009-04-20 15:09:19', 'Signed in');
INSERT INTO `vtiger_loginhistory` VALUES('125', 'hroyant', '192.168.1.192', '0000-00-00 00:00:00', '2009-04-21 10:25:33', 'Signed in');
INSERT INTO `vtiger_loginhistory` VALUES('126', 'hroyant', '192.168.1.192', '0000-00-00 00:00:00', '2009-04-22 17:21:54', 'Signed in');
INSERT INTO `vtiger_loginhistory` VALUES('127', 'admin', '192.168.1.191', '2009-04-28 11:56:37', '2009-04-28 11:56:02', 'Signed off');
INSERT INTO `vtiger_loginhistory` VALUES('128', 'hroyant', '192.168.1.192', '0000-00-00 00:00:00', '2009-04-28 16:27:50', 'Signed in');
INSERT INTO `vtiger_loginhistory` VALUES('129', 'hroyant', '192.168.1.192', '0000-00-00 00:00:00', '2009-04-29 14:31:57', 'Signed in');
INSERT INTO `vtiger_loginhistory` VALUES('130', 'hroyant', '192.168.1.192', '0000-00-00 00:00:00', '2009-04-30 15:20:20', 'Signed in');
INSERT INTO `vtiger_loginhistory` VALUES('131', 'hroyant', '192.168.1.192', '0000-00-00 00:00:00', '2009-05-06 12:41:20', 'Signed in');
INSERT INTO `vtiger_loginhistory` VALUES('132', 'hroyant', '192.168.1.192', '0000-00-00 00:00:00', '2009-05-06 15:05:03', 'Signed in');
INSERT INTO `vtiger_loginhistory` VALUES('133', 'hroyant', '192.168.1.192', '0000-00-00 00:00:00', '2009-05-06 16:38:32', 'Signed in');
INSERT INTO `vtiger_loginhistory` VALUES('134', 'hroyant', '192.168.1.192', '0000-00-00 00:00:00', '2009-05-11 11:19:41', 'Signed in');
INSERT INTO `vtiger_loginhistory` VALUES('135', 'hroyant', '192.168.1.192', '0000-00-00 00:00:00', '2009-05-12 11:36:26', 'Signed in');
INSERT INTO `vtiger_loginhistory` VALUES('136', 'hroyant', '192.168.1.192', '0000-00-00 00:00:00', '2009-05-12 17:43:42', 'Signed in');
INSERT INTO `vtiger_loginhistory` VALUES('137', 'hroyant', '192.168.1.192', '0000-00-00 00:00:00', '2009-05-13 10:38:03', 'Signed in');
INSERT INTO `vtiger_loginhistory` VALUES('138', 'hroyant', '192.168.1.192', '0000-00-00 00:00:00', '2009-05-14 10:35:01', 'Signed in');
INSERT INTO `vtiger_loginhistory` VALUES('139', 'hroyant', '192.168.1.192', '0000-00-00 00:00:00', '2009-05-15 10:09:50', 'Signed in');
INSERT INTO `vtiger_loginhistory` VALUES('140', 'lroyant', '192.168.1.51', '0000-00-00 00:00:00', '2009-05-17 17:03:45', 'Signed in');
INSERT INTO `vtiger_loginhistory` VALUES('141', 'jtrehorel', '192.168.1.198', '0000-00-00 00:00:00', '2009-05-18 10:19:18', 'Signed in');
INSERT INTO `vtiger_loginhistory` VALUES('142', 'hroyant', '192.168.1.192', '0000-00-00 00:00:00', '2009-05-18 15:44:52', 'Signed in');
INSERT INTO `vtiger_loginhistory` VALUES('143', 'hroyant', '192.168.1.192', '0000-00-00 00:00:00', '2009-05-19 15:03:25', 'Signed in');
INSERT INTO `vtiger_loginhistory` VALUES('144', 'hroyant', '192.168.1.192', '0000-00-00 00:00:00', '2009-05-25 17:41:19', 'Signed in');
INSERT INTO `vtiger_loginhistory` VALUES('145', 'hroyant', '192.168.1.192', '0000-00-00 00:00:00', '2009-05-26 10:00:15', 'Signed in');
INSERT INTO `vtiger_loginhistory` VALUES('146', 'hroyant', '192.168.1.192', '0000-00-00 00:00:00', '2009-05-26 10:51:54', 'Signed in');
INSERT INTO `vtiger_loginhistory` VALUES('147', 'hroyant', '192.168.1.192', '0000-00-00 00:00:00', '2009-05-26 12:11:58', 'Signed in');
INSERT INTO `vtiger_loginhistory` VALUES('148', 'hroyant', '192.168.1.192', '0000-00-00 00:00:00', '2009-05-27 17:23:12', 'Signed in');
INSERT INTO `vtiger_loginhistory` VALUES('149', 'hroyant', '192.168.1.192', '0000-00-00 00:00:00', '2009-05-28 12:34:32', 'Signed in');
INSERT INTO `vtiger_loginhistory` VALUES('150', 'hroyant', '192.168.1.192', '0000-00-00 00:00:00', '2009-05-28 17:12:51', 'Signed in');
INSERT INTO `vtiger_loginhistory` VALUES('151', 'hroyant', '192.168.1.192', '0000-00-00 00:00:00', '2009-06-02 10:32:34', 'Signed in');
INSERT INTO `vtiger_loginhistory` VALUES('152', 'hroyant', '192.168.1.192', '0000-00-00 00:00:00', '2009-06-03 10:08:22', 'Signed in');
INSERT INTO `vtiger_loginhistory` VALUES('153', 'hroyant', '192.168.1.192', '0000-00-00 00:00:00', '2009-06-03 14:44:49', 'Signed in');
INSERT INTO `vtiger_loginhistory` VALUES('154', 'hroyant', '192.168.1.192', '0000-00-00 00:00:00', '2009-06-04 11:26:00', 'Signed in');
INSERT INTO `vtiger_loginhistory` VALUES('155', 'hroyant', '192.168.1.192', '0000-00-00 00:00:00', '2009-06-05 09:58:01', 'Signed in');
INSERT INTO `vtiger_loginhistory` VALUES('156', 'hroyant', '192.168.1.192', '0000-00-00 00:00:00', '2009-06-08 11:50:29', 'Signed in');
INSERT INTO `vtiger_loginhistory` VALUES('157', 'hroyant', '192.168.1.192', '0000-00-00 00:00:00', '2009-06-09 14:49:05', 'Signed in');
INSERT INTO `vtiger_loginhistory` VALUES('158', 'hroyant', '192.168.1.192', '0000-00-00 00:00:00', '2009-06-10 17:03:00', 'Signed in');
INSERT INTO `vtiger_loginhistory` VALUES('159', 'hroyant', '192.168.1.192', '0000-00-00 00:00:00', '2009-06-11 11:46:16', 'Signed in');
INSERT INTO `vtiger_loginhistory` VALUES('160', 'hroyant', '192.168.1.192', '0000-00-00 00:00:00', '2009-06-22 11:23:49', 'Signed in');
INSERT INTO `vtiger_loginhistory` VALUES('161', 'hroyant', '192.168.1.192', '0000-00-00 00:00:00', '2009-06-23 10:02:54', 'Signed in');
INSERT INTO `vtiger_loginhistory` VALUES('162', 'hroyant', '192.168.1.192', '0000-00-00 00:00:00', '2009-06-23 12:01:13', 'Signed in');
INSERT INTO `vtiger_loginhistory` VALUES('163', 'hroyant', '192.168.1.192', '0000-00-00 00:00:00', '2009-06-24 10:40:45', 'Signed in');
INSERT INTO `vtiger_loginhistory` VALUES('164', 'hroyant', '192.168.1.192', '0000-00-00 00:00:00', '2009-06-24 12:00:56', 'Signed in');
INSERT INTO `vtiger_loginhistory` VALUES('165', 'hroyant', '192.168.1.192', '0000-00-00 00:00:00', '2009-06-26 16:51:02', 'Signed in');
INSERT INTO `vtiger_loginhistory` VALUES('166', 'admin', '127.0.0.1', '0000-00-00 00:00:00', '2009-07-12 11:48:32', 'Signed in');
INSERT INTO `vtiger_loginhistory` VALUES('167', 'admin', '127.0.0.1', '2009-07-12 12:25:56', '2009-07-12 12:25:30', 'Signed off');
INSERT INTO `vtiger_loginhistory` VALUES('168', 'hroyant', '192.168.1.194', '0000-00-00 00:00:00', '2009-07-12 15:50:23', 'Signed in');
INSERT INTO `vtiger_loginhistory` VALUES('169', 'hroyant', '192.168.1.111', '0000-00-00 00:00:00', '2009-07-30 11:48:58', 'Signed in');
INSERT INTO `vtiger_loginhistory` VALUES('170', 'hroyant', '192.168.1.111', '0000-00-00 00:00:00', '2009-07-30 17:39:55', 'Signed in');
INSERT INTO `vtiger_loginhistory` VALUES('171', 'hroyant', '192.168.1.111', '0000-00-00 00:00:00', '2009-07-31 12:26:01', 'Signed in');
INSERT INTO `vtiger_loginhistory` VALUES('172', 'admin', '192.168.1.110', '2009-08-14 08:08:42', '2009-08-14 08:08:09', 'Signed off');
INSERT INTO `vtiger_loginhistory` VALUES('173', 'admin', '192.168.1.101', '0000-00-00 00:00:00', '2009-08-17 16:42:18', 'Signed in');
INSERT INTO `vtiger_loginhistory` VALUES('174', 'admin', '192.168.1.101', '2009-10-01 10:51:05', '2009-10-01 10:43:01', 'Signed off');
INSERT INTO `vtiger_loginhistory` VALUES('175', 'jrolland', '192.168.1.101', '2009-10-01 10:52:26', '2009-10-01 10:52:06', 'Signed off');
INSERT INTO `vtiger_loginhistory` VALUES('176', 'admin', '192.168.1.101', '2009-10-01 10:52:58', '2009-10-01 10:52:33', 'Signed off');
INSERT INTO `vtiger_loginhistory` VALUES('177', 'admin', '192.168.1.101', '0000-00-00 00:00:00', '2009-10-01 10:53:03', 'Signed in');

--
-- Table structure for table `vtiger_mail_accounts` 
--

CREATE TABLE `vtiger_mail_accounts` (
  `account_id` int(11) NOT NULL,
  `user_id` int(11) NOT NULL,
  `display_name` varchar(50) default NULL,
  `mail_id` varchar(50) default NULL,
  `account_name` varchar(50) default NULL,
  `mail_protocol` varchar(20) default NULL,
  `mail_username` varchar(50) NOT NULL,
  `mail_password` varchar(250) NOT NULL,
  `mail_servername` varchar(50) default NULL,
  `box_refresh` int(10) default NULL,
  `mails_per_page` int(10) default NULL,
  `ssltype` varchar(50) default NULL,
  `sslmeth` varchar(50) default NULL,
  `int_mailer` int(1) default '0',
  `status` varchar(10) default NULL,
  `set_default` int(2) default NULL,
  PRIMARY KEY  (`account_id`)
) ENGINE=InnoDB DEFAULT CHARSET=latin1;

--
-- Dumping data for table `vtiger_mail_accounts` 
--


--
-- Table structure for table `vtiger_manufacturer` 
--

CREATE TABLE `vtiger_manufacturer` (
  `manufacturerid` int(19) NOT NULL auto_increment,
  `manufacturer` varchar(200) NOT NULL,
  `presence` int(1) NOT NULL default '1',
  `picklist_valueid` int(19) NOT NULL default '0',
  PRIMARY KEY  (`manufacturerid`),
  UNIQUE KEY `manufacturer_manufacturer_idx` (`manufacturer`)
) ENGINE=InnoDB DEFAULT CHARSET=latin1;

--
-- Dumping data for table `vtiger_manufacturer` 
--

INSERT INTO `vtiger_manufacturer` VALUES('1', '--None--', '1', '122');
INSERT INTO `vtiger_manufacturer` VALUES('2', 'AltvetPet Inc.', '1', '123');
INSERT INTO `vtiger_manufacturer` VALUES('3', 'LexPon Inc.', '1', '124');
INSERT INTO `vtiger_manufacturer` VALUES('4', 'MetBeat Corp', '1', '125');

--
-- Table structure for table `vtiger_manufacturer_seq` 
--

CREATE TABLE `vtiger_manufacturer_seq` (
  `id` int(11) NOT NULL
) ENGINE=InnoDB DEFAULT CHARSET=latin1;

--
-- Dumping data for table `vtiger_manufacturer_seq` 
--

INSERT INTO `vtiger_manufacturer_seq` VALUES('4');

--
-- Table structure for table `vtiger_moduleowners` 
--

CREATE TABLE `vtiger_moduleowners` (
  `tabid` int(19) NOT NULL default '0',
  `user_id` varchar(11) NOT NULL,
  PRIMARY KEY  (`tabid`),
  KEY `moduleowners_tabid_user_id_idx` (`tabid`,`user_id`),
  CONSTRAINT `fk_1_vtiger_moduleowners` FOREIGN KEY (`tabid`) REFERENCES `vtiger_tab` (`tabid`) ON DELETE CASCADE
) ENGINE=InnoDB DEFAULT CHARSET=latin1;

--
-- Dumping data for table `vtiger_moduleowners` 
--

INSERT INTO `vtiger_moduleowners` VALUES('2', '1');
INSERT INTO `vtiger_moduleowners` VALUES('4', '1');
INSERT INTO `vtiger_moduleowners` VALUES('6', '1');
INSERT INTO `vtiger_moduleowners` VALUES('7', '1');
INSERT INTO `vtiger_moduleowners` VALUES('8', '1');
INSERT INTO `vtiger_moduleowners` VALUES('9', '1');
INSERT INTO `vtiger_moduleowners` VALUES('10', '1');
INSERT INTO `vtiger_moduleowners` VALUES('13', '1');
INSERT INTO `vtiger_moduleowners` VALUES('14', '1');
INSERT INTO `vtiger_moduleowners` VALUES('15', '1');
INSERT INTO `vtiger_moduleowners` VALUES('18', '1');
INSERT INTO `vtiger_moduleowners` VALUES('19', '1');
INSERT INTO `vtiger_moduleowners` VALUES('20', '1');
INSERT INTO `vtiger_moduleowners` VALUES('21', '1');
INSERT INTO `vtiger_moduleowners` VALUES('22', '1');
INSERT INTO `vtiger_moduleowners` VALUES('23', '1');
INSERT INTO `vtiger_moduleowners` VALUES('25', '1');
INSERT INTO `vtiger_moduleowners` VALUES('26', '1');

--
-- Table structure for table `vtiger_notes` 
--

CREATE TABLE `vtiger_notes` (
  `notesid` int(19) NOT NULL default '0',
  `contact_id` int(19) default '0',
  `title` varchar(50) NOT NULL,
  `filename` varchar(50) default NULL,
  `notecontent` text,
  PRIMARY KEY  (`notesid`),
  KEY `notes_title_idx` (`title`),
  KEY `notes_notesid_idx` (`notesid`),
  CONSTRAINT `fk_1_vtiger_notes` FOREIGN KEY (`notesid`) REFERENCES `vtiger_crmentity` (`crmid`) ON DELETE CASCADE
) ENGINE=InnoDB DEFAULT CHARSET=latin1;

--
-- Dumping data for table `vtiger_notes` 
--

INSERT INTO `vtiger_notes` VALUES('17', '', 'Notes', '', '');
INSERT INTO `vtiger_notes` VALUES('468', '0', 'Historique mécénat 2008', 'Contrat_de_M&eacute;c&eacute;nat_ETG.doc', 'Convention de m&eacute;c&eacute;nat - Apport financier de 10 000 &euro;<br />Don en nature: fourniture et livraison de panneaux de signal&eacute;tique.');
INSERT INTO `vtiger_notes` VALUES('469', '0', 'Historique mécénats 2008', 'Contrat_de_Mécénat_avenir_decaux08.doc', 'Convention de m&eacute;c&eacute;nat - apport de 12 394 &euro;.<br />');
INSERT INTO `vtiger_notes` VALUES('470', '0', 'Historique mécénats 2008', '', '2008 : <br />M&eacute;c&eacute;nat - apport financier de 10000&euro;<br />');
INSERT INTO `vtiger_notes` VALUES('471', '0', 'Historique mécénat 2008', 'Contrat_de_M&eacute;c&eacute;nat_bosher_volailles.', 'M&eacute;c&eacute;nat - Apport de 5000&euro;<br /><br />');
INSERT INTO `vtiger_notes` VALUES('472', '0', 'Historique mécénat 2008', 'Contrat_de_Mécénat_bretagne_viandes.doc', 'Convention m&eacute;c&eacute;nat 2008 - Apport : 5 000 &euro;');
INSERT INTO `vtiger_notes` VALUES('473', '0', 'Historique mécénat 2008', '', 'Apport financier de 5 000 &euro;');
INSERT INTO `vtiger_notes` VALUES('474', '0', 'Historique mécénat 2008', 'Contrat_de_Mécénat_GH_martel.doc', 'Convention 2008.<br />Apport de 10 000&euro;');
INSERT INTO `vtiger_notes` VALUES('475', '0', 'Historique mécénat 2008', 'Contrat_de_Mécénatcarhaix_poids_lourds.doc', 'Convention 2008.<br />Apport financier de 5 000 &euro;<br /><br />Pour la petite histoire, Mr Scouarnec tient &agrave; la fois la SARL Carhaix poids lourds et la soci&eacute;t&eacute; Renault Trucks bas&eacute;e &agrave; St Martin des champs.');
INSERT INTO `vtiger_notes` VALUES('476', '0', 'Historique mécénat 2008', '', 'Apport financier de 5 000&euro;.');
INSERT INTO `vtiger_notes` VALUES('477', '0', 'Historique mécénats 2008', 'Contrat_de_Mécénat_Groupe_Pierre_Le_Goff.doc', 'Convention de m&eacute;c&eacute;nat 2008 - Apport financier de 5 000&euro;.');
INSERT INTO `vtiger_notes` VALUES('478', '0', 'Historique mécénat 2008', 'Contrat_de_Mécénat_Guyot_Environnement.doc', 'Convention m&eacute;c&eacute;nat 2008 - Apport financier de 10 000 &euro;');
INSERT INTO `vtiger_notes` VALUES('479', '0', 'Historique mécénat 2008', 'Contrat_de_Mécénat_horizon_auto.doc', 'Apport financier de 5 000 &euro;.');
INSERT INTO `vtiger_notes` VALUES('480', '0', 'Historique partenariats 2008', '', 'Pr&ecirc;t de mat&eacute;riel d\'une valeur de 37 960 &euro;.');
INSERT INTO `vtiger_notes` VALUES('482', '0', 'Historique mécénats 2007', 'Contrat_de_Mécénat_Armor_Vins.doc', 'Convention de m&eacute;c&eacute;nat 2007.<br />Apport financier de 10 000 &euro;.');
INSERT INTO `vtiger_notes` VALUES('484', '0', 'Historique partenariats 2007', '', '');
INSERT INTO `vtiger_notes` VALUES('485', '0', 'Historique partenariats 2006', 'convention_signée.pdf', 'Convention 2006 non sign&eacute;e par directeur des Vieilles Charrues.<br /><br />Pr&ecirc;t de mat&eacute;riel d\'une valeur de 37 960 &euro;.');
INSERT INTO `vtiger_notes` VALUES('487', '0', 'Historique partenariats 2008', 'partenariat-Audition_mutualiste08.doc', '17 000 bouchons d\'oreille avec logo charrues - co&ucirc;t 4500&euro;');
INSERT INTO `vtiger_notes` VALUES('489', '0', 'Historique partenariats 2006', 'Bilan_2006.doc', '17000 bouchons - valeur de 4500&euro;');
INSERT INTO `vtiger_notes` VALUES('493', '0', 'Historique partenariats 2008', 'Convention-breizh_cola_08.doc', 'Convention 2008 - apport de 20 000&euro;<br /><br />Fourniture de boissons et &eacute;l&eacute;ments techniques: <br />&bull;&nbsp;&nbsp;&nbsp; Gobelets 20 cl : 8 gobelets par PET de 1,5L<br />&bull;&nbsp;&nbsp;&nbsp; Vitrines r&eacute;frig&eacute;r&eacute;es : livr&eacute;es en 2007<br />&bull;&nbsp;&nbsp;&nbsp; B&acirc;che &laquo; Festival des Vieilles Charrues &raquo; sur les camions de l&rsquo;entreprise<br />&bull;&nbsp;&nbsp;&nbsp; Mise en place d&rsquo;une animation sur le camping b&eacute;n&eacute;voles : &agrave; d&eacute;finir<br />&bull;&nbsp;&nbsp;&nbsp; Liste des boissons : Limonade &laquo; 1905 &raquo; PET 1L, Breizh Cola PET 1,5L');
INSERT INTO `vtiger_notes` VALUES('495', '0', 'Historique partenariats 2007', 'convention_Breizh_Cola_2007-projet.doc', 'Convention 2007 - Apport de 20 000&euro;<br /><br />Fourniture de boissons et &eacute;l&eacute;ments techniques');
INSERT INTO `vtiger_notes` VALUES('498', '0', 'Historique mécénat 2007', 'Contrat_de_Mécénat_Bretagne_Viandes.doc', 'Convention 2007 - Apport 5 000 &euro;');
INSERT INTO `vtiger_notes` VALUES('500', '0', 'Historique mécénat 2007', 'Contrat_de_Mécénat_Cadet_Gestion.doc', 'Convention 2007<br />Apport de 5 000 &euro;');
INSERT INTO `vtiger_notes` VALUES('502', '0', 'Historique mécénat 2006', 'Contrat_de_Mécénat_Cadet_Gestion.doc', 'Convention 2006.<br />Apport 5 000 &euro;.');
INSERT INTO `vtiger_notes` VALUES('505', '0', 'Historique partenariats 2008', 'convention_cochon_de_bretagne_2008.doc', 'Convention 2008.<br />Apport de 7500 &euro;.');
INSERT INTO `vtiger_notes` VALUES('507', '0', 'Historique partenariats 2007', 'convention_cochon_de_bretagne_2007.doc', 'Convention 2007.<br />Apport de 10 000 &euro;.');
INSERT INTO `vtiger_notes` VALUES('509', '0', 'Historique partenariats 2006', 'convention_Cochon_de_B_2006V1.doc', 'Convention 2006.<br />Apport de 10 000 &euro;.');
INSERT INTO `vtiger_notes` VALUES('512', '0', 'Convention 2009', '', 'Avenir est un prestataire pour les campagnes d\'affichage.<br />Le total de la commande s\'&eacute;l&egrave;ve &agrave; 32 293 &euro; HT.<br /><br />Yves (budget com) r&egrave;gle <span style="color: rgb(255, 0, 0);">18 638 &euro; HT </span>&agrave; titre de r&egrave;glement effectif.<br /><br />Avenir prend en charge <span style="color: rgb(255, 0, 0);"><span style="font-weight: bold;">13 655 &euro; HT = montant valoris&eacute; au titre de m&eacute;c&eacute;nat.</span></span><br /><br />D&eacute;tail du montant valoris&eacute;:<br /><br />- N&eacute;gociation contractuelle sup&eacute;rieure aux conditions de march&eacute; : 7455&euro;.<br /><span style="color: rgb(255, 102, 0);">(Ce sont les conditions d\'achat d\'espaces publicitaires du march&eacute;. Le march&eacute; repr&eacute;sente environ 74000&euro;. Pour des clients &quot;normaux&quot;, Avenir fait une remise de 65%. Pour les Vieilles Charrues, Avenir fait une remise de 75%, soit 10 points de mieux. Cette diff&eacute;rence de 10 % repr&eacute;sente le montant valoris&eacute; au titre de n&eacute;gociation contractuelle sup&eacute;rieure aux conditions du march&eacute;)</span> <br />- Exon&eacute;ration des taxes municipales: 2300 &euro;.<br />- Frais de fabrication des affiches: 3900 &euro;.<br />&nbsp;<br /><br /><span style="color: rgb(0, 255, 0); font-weight: bold;">Contrepartie du montant valoris&eacute;: 3413.75 &euro;</span>');
INSERT INTO `vtiger_notes` VALUES('516', '0', 'Historique mécénat 2008', '', 'Don num&eacute;raire de 5 000 &euro;.<br />Pas de convention papier ni informatique.');
INSERT INTO `vtiger_notes` VALUES('517', '0', 'Partenariat 2009', 'Convention_Coreff_2009.doc', 'Contrat en attente.<br />Apport de 8 000 &euro;.');
INSERT INTO `vtiger_notes` VALUES('519', '0', 'Historique partenariats 2008', 'Convention_Coreff_2008-V1.doc', 'Boissons et &eacute;l&eacute;ments techniques.<br />Apport de 7 000 &euro;.<br /><br />Contrepartie:<br /><br />Places:<br />20 places festivaliers (5 par jour).<br />20 places backstage (5 par jour).<br /><br />Pr&eacute;sence dans les buvettes d&rsquo;un panneau publicitaire par structure bar de 24 m et 3 panneaux publicitaires dans le bar rond.<br /><br />Pr&eacute;sence de votre logo:<br />&bull;&nbsp;&nbsp;&nbsp; dossier de presse (1 000 exemplaires)<br />&bull;&nbsp;&nbsp;&nbsp; programme &ndash; page partenaires (200 000 exemplaires)<br />&bull;&nbsp;&nbsp;&nbsp; plan-programme (100 000 exemplaires)<br />&bull;&nbsp;&nbsp;&nbsp; site internet<br />&bull;&nbsp;&nbsp;&nbsp; revue de presse (500 exemplaires)<br /><br />Pr&eacute;sence sur le site internet:<br />&bull;&nbsp;&nbsp;&nbsp; un lien vers votre site &agrave; partir de la rubrique &laquo; partenaires &raquo; du site du Festival des Vieilles Charrues : www.vieillescharrues.asso.fr.<br />&bull;&nbsp;&nbsp;&nbsp; mise en avant de la marque par le biais d&rsquo;un jeu-concours<br /><br />Espaces publicitaires:<br />&bull;&nbsp;&nbsp;&nbsp; 1 page de publicit&eacute; dans le programme officiel (200 000 exemplaires)<br /><br />&bull;&nbsp;&nbsp;&nbsp; 1 bandeau (125x80mm) dans le suppl&eacute;ment &laquo; LE TELEGRAMME &raquo;, 300 000<br />exemplaires toutes &eacute;ditions).<br /><br />&bull;&nbsp;&nbsp;&nbsp; 1 bandeau (125x80 mm) dans le suppl&eacute;ment &laquo; LE POHER HEBDO &raquo;, 8 000<br />exemplaires en &eacute;ditions 22, 29 et 56.');
INSERT INTO `vtiger_notes` VALUES('521', '0', 'Historique partenariats 2007', 'Convention_Coreff_2007.doc', 'Partenariat financier de 4000 &euro;.');
INSERT INTO `vtiger_notes` VALUES('523', '0', 'Historique partenariats 2006', 'Convention_Coreff_2006V1.doc', 'Partenariat financier de 3800 &euro;');
INSERT INTO `vtiger_notes` VALUES('525', '0', 'Partenariat 2009', 'Dossier_partenariat_Jeunes_Charrues_2009.pdf', 'Partenariat pour les Jeunes Charrues.<br />Apport de 20000&euro;. <span style="color: rgb(255, 0, 0); font-weight: bold;">A confirmer</span>');
INSERT INTO `vtiger_notes` VALUES('527', '0', 'Historique partenariats 2007', 'Convention_Jeunes_Charrues_2007.doc', 'Convention Jeunes charrues 2007.<br />Apport de 20 000 &euro; HT');
INSERT INTO `vtiger_notes` VALUES('529', '0', 'Historique partenariats 2008', '', 'Cozigou est un distributeur de boissons, notamment Kronenbourg et Perrier.<br />');
INSERT INTO `vtiger_notes` VALUES('530', '0', 'Partenariat 2009', 'Convention-Crédit_Agricole-2009.doc', 'Apport financier et technique de 25 000 &euro;.');
INSERT INTO `vtiger_notes` VALUES('532', '0', 'Historique partenariats 2008', 'Convention-Crédit_Agricole-2008VF.doc', 'Apport financier et technique de 25 000 &euro;.');
INSERT INTO `vtiger_notes` VALUES('534', '0', 'Historique partenariats 2007', 'Convention-Avenant_Crédit_Agricole-2007VF.doc', 'Apport financier et technique de 25 000 &euro;.');
INSERT INTO `vtiger_notes` VALUES('536', '0', 'Historique partenariats 2006', 'Convention-Avenant_Crédit_Agricole-2006VF.doc', 'Apport financier et technique de 25 000 &euro;.');
INSERT INTO `vtiger_notes` VALUES('538', '0', 'Historique partenariats 2008', 'Convention_de_partenariat_Décathlon.doc', 'Convention de partenariat 2008.<br /><br /><span style="font-weight: bold; text-decoration: underline;">Apport de 5000&euro; + r&eacute;duction sur mat&eacute;riel.</span><br /><br />Commande constitu&eacute;e de :<br />&bull;&nbsp;&nbsp;&nbsp; 75 Chasubles jaunes fluo<br />&bull;&nbsp;&nbsp;&nbsp; 50 Chasubles perfor&eacute;s verts<br />&bull;&nbsp;&nbsp;&nbsp; 50 Chasubles perfor&eacute;s Bleus<br />&bull;&nbsp;&nbsp;&nbsp; 10 Bombe anti crevaison pour v&eacute;lo<br />&bull;&nbsp;&nbsp;&nbsp; 1 Filet ping pong<br />&bull;&nbsp;&nbsp;&nbsp; 10 Raquettes ping pong&nbsp;&nbsp;&nbsp; <br />&bull;&nbsp;&nbsp;&nbsp; 2 Balles ping pong (conditionnement de 10)<br />La r&eacute;duction de 50% s&rsquo;applique &agrave; la totalit&eacute; de la commande.<br /><br /><br /><span style="text-decoration: underline; font-weight: bold;">Contrepartie:</span><br /><br />Droit d&rsquo;utilisation: <br />&bull;&nbsp;&nbsp;&nbsp; Du nom &laquo; Festival des Vieilles Charrues &raquo; et des logos sur vos documents de communication, votre site internet ou sur tout autre support.<br /><br />ZONE PUBLIC:<br />&bull;&nbsp;&nbsp;&nbsp; Mise &agrave; disposition d&rsquo;un stand de 40m2 (8x5 m) &agrave; l&rsquo;entr&eacute;e du camping du festival pour de la vente d&rsquo;articles D&eacute;cathlon.<br />La s&eacute;curit&eacute; du stand est &agrave; la charge de D&eacute;cathlon Carhaix.<br /><br />Places:<br />&bull;&nbsp;&nbsp;&nbsp; Places festivaliers pour un jeu concours en magasin : 2 places par jour soit un total de 8 places<br />&bull;&nbsp;&nbsp;&nbsp; Acc&egrave;s &laquo; VIP backstage &raquo; pour visiter les coulisses du festival &agrave; faire gagner chaque jour dans la boutique D&eacute;cathlon du camping : 2 places pour 2 par jour soit 8 acc&egrave;s (pour 2) au total<br />');
INSERT INTO `vtiger_notes` VALUES('541', '0', 'Historique partenariats 2007', 'Contrat_de_Parrainage_Vieilles_Charrues_2007.doc', 'Contrat de parrainage Grandjouan Saco pour promouvoir la marque Veolia Propret&eacute;.<br />Apport de 6000&euro; - 5000 cendriers.');
INSERT INTO `vtiger_notes` VALUES('542', '0', 'Historique mécénat 2007', 'Contrat_de_Mécénat_ETG.doc', 'Apport en nature de 15000&euro;.<br />Fourniture et livraison de panneaux de signal&eacute;tique.');
INSERT INTO `vtiger_notes` VALUES('544', '0', 'Historique mécénat 2006', 'Contrat_de_Mécénat_ETG.doc', 'Apport en nature de 15000&euro; de panneaux de signal&eacute;tique (fourniture et livraison).');
INSERT INTO `vtiger_notes` VALUES('546', '0', 'Historique partenariats 2008', 'Convention_de_partenariat_Véolia_Propreté.doc', 'Convention 2008.<br />Apport de 6000&euro; - pr&eacute;paration de goodies pour les points r&eacute;cup&eacute;ration gobelets.');
INSERT INTO `vtiger_notes` VALUES('549', '0', 'Historique partenariats 2006', 'Convention_Véolia.doc', 'Convention de parrainage 2006.<br />Apport de 3000&euro;.');
INSERT INTO `vtiger_notes` VALUES('552', '0', 'Historique mécénat 2007', 'Contrat_de_Mécénat_groupe_Pierre_Le_Goff.doc', 'Convention de partenariat 2007.<br />Apport de 5000&euro;.');
INSERT INTO `vtiger_notes` VALUES('555', '0', 'Historique mécénat 2007', 'Contrat_de_Mécénat_Guyot_Environnement.doc', 'Convention m&eacute;c&eacute;nat 2007.<br />Apport de 10000&euro;.');
INSERT INTO `vtiger_notes` VALUES('557', '0', 'Historique mécénat 2006', 'Contrat_de_Mécénat_Guyot_Environnement.doc', 'Convention 2006.<br />Apport de 10 000&euro;.');
INSERT INTO `vtiger_notes` VALUES('560', '0', 'Historique mécénat 2008', '', 'Pas de convention au format informatique.<br />Apport financier de 5 000 &euro;.');
INSERT INTO `vtiger_notes` VALUES('561', '0', 'Historique mécénat 2008', 'Contrat_de_Mécénat_Jean_Floc\'h08.doc', 'Convention 2008.<br />Apport de 5 000 &euro;.');
INSERT INTO `vtiger_notes` VALUES('563', '0', 'Historique mécénat 2007', 'Contrat_de_Mécénat_Jean_Floc\'h.doc', 'Convention 2007.<br />Apport de 5 000 &euro;.');
INSERT INTO `vtiger_notes` VALUES('565', '0', 'Historique mécénat 2008', '', 'Pas de convention au format informatique.<br />Apport de 5 000 &euro;.');
INSERT INTO `vtiger_notes` VALUES('566', '0', 'Historique partenariats 2008', 'RETOUR_KRO_VC_CONTRAT_PARTENARIAT_VIEILLES_CHARRUE', 'Contrat de partenariat Kronenbourg.<br />Apport de 115 000 &euro;.');
INSERT INTO `vtiger_notes` VALUES('568', '0', 'Historique partenariats 2008', 'Convention_2008_v1.doc', 'Convention 2008.<br />Apport financier de 12350 &euro; HT.<br /><br />Pr&eacute;sence d\'un bureau nomade sur le site.');
INSERT INTO `vtiger_notes` VALUES('570', '0', 'Historique partenariats 2007', 'Convention_La_Poste_2007.doc', 'Partenariat 2007.<br />Apport financier de 12 332,50 &euro; HT.');
INSERT INTO `vtiger_notes` VALUES('572', '0', 'Historique partenariats 2006', 'Convention_de_partenariat_La_Poste_V1.doc', 'Bureau nomade');
INSERT INTO `vtiger_notes` VALUES('574', '0', 'Historique mécénat 2007', 'Contrat_de_Mécénat_Gaudron.doc', 'Convention 2007.<br />Apport financier de 5 000 &euro;.');
INSERT INTO `vtiger_notes` VALUES('576', '0', 'Historique mécénat 2006', 'Contrat_de_M&eacute;c&eacute;nat_Gaudron.doc', 'Convention 2006.<br />Apport financier de 5 000 &euro;.');
INSERT INTO `vtiger_notes` VALUES('578', '0', 'Historique mécénat 2008', '', 'Convention 2008 pas disponible au format informatique.<br />Apport de 5 000 &euro;.');
INSERT INTO `vtiger_notes` VALUES('579', '0', 'Historique mécénat 2007', 'Contrat_de_Mécénat_Lagadec.doc', 'Convention 2007.<br />Apport financier de 5 000 &euro;.');
INSERT INTO `vtiger_notes` VALUES('581', '0', 'Historique mécénat 2008', 'Contrat_de_Mécénat_lagadec08.doc', 'Convention 2008.<br />Apport financier de 5 000 &euro;.');
INSERT INTO `vtiger_notes` VALUES('583', '0', 'Historique mécénat 2008', 'Contrat_de_Mécénat_le_floch_dépollution.doc', 'Convention 2008.<br />Apport de 15 000 &euro;.');
INSERT INTO `vtiger_notes` VALUES('585', '0', 'Historique mécénat 2008', 'Contrat_de_Mécénat_le_manach.doc', 'Convention 2008.<br />Apport de 2 000 &euro;.');
INSERT INTO `vtiger_notes` VALUES('587', '0', 'Historique mécénat 2008', 'Contrat_de_Mécénat_Le_Saint.doc', 'Convention 2008.<br />Apport financier de 10 000 &euro;.');
INSERT INTO `vtiger_notes` VALUES('589', '0', 'Historique mécénat 2007', 'Contrat_de_Mécénat_Le_Saint.doc', 'Convention 2007.<br />Apport de 10 000 &euro;.');
INSERT INTO `vtiger_notes` VALUES('591', '0', 'Historique mécénat 2008', 'Contrat_de_Mécénat_Le_Teuf.doc', 'Convention 2008 - Apport de 5 000 &euro;.');
INSERT INTO `vtiger_notes` VALUES('593', '0', 'Historique mécénat 2008', 'Contrat_de_Mécénat_fourmi.doc', 'Convention 2008 - apport de 1 000 &euro;.');
INSERT INTO `vtiger_notes` VALUES('595', '0', 'Historique mécénat 2008', 'Contrat_de_Mécénat_Locarmor.doc', 'Convention 2008 - apport de 5 000 &euro;.');
INSERT INTO `vtiger_notes` VALUES('597', '0', 'Historique mécénat 2007', 'Contrat_de_Mécénat_Locarmor.doc', 'Convention 2007 - apport de 5 000 &euro;.');
INSERT INTO `vtiger_notes` VALUES('599', '0', 'Historique partenariats 2008', 'convention_Mc_Cain_2008-VF.doc', 'Partenariat financier de 10 000 &euro;. A renouveler en 2009.');
INSERT INTO `vtiger_notes` VALUES('601', '0', 'Historique partenariats 2008', 'convention_orangina.doc', 'Partenariat financier de 10 000 &euro;.<br /><span style="font-weight: bold; background-color: rgb(255, 0, 0);">Convention 2007 !! pas de convention 2008.</span>');
INSERT INTO `vtiger_notes` VALUES('603', '0', 'Historique partenariats 2007', 'convention_Orangina_2007-projet.doc', '<span style="font-weight: bold; color: rgb(255, 0, 0);">Partenariat financier de 12 500 &euro; ??</span>');
INSERT INTO `vtiger_notes` VALUES('605', '0', 'Historique mécénat 2008', 'Contrat_de_Mécénat_OTOR.doc', 'M&eacute;c&eacute;nat 2008 - apport de 4 000 &euro;.<br />Fabrication des pr&eacute;sentoirs de programmes.');
INSERT INTO `vtiger_notes` VALUES('607', '0', 'Historique partenariats 2008', 'Convention-Perrier_2008_(2).doc', 'Gratuit&eacute;s de bouteilles<br />gratuit&eacute;s - 2 palettes Perrier nature + petites bouteilles pour conf de presse');
INSERT INTO `vtiger_notes` VALUES('609', '0', 'Historique partenariats 2007', 'Convention-Perrier_V1.doc', 'Gratuit&eacute;: 1 palette de Perrier Nature (PET:1,25 L)');
INSERT INTO `vtiger_notes` VALUES('611', '0', 'Historique partenariats 2008', 'Convention_Plancoët_2008.doc', 'Partenariat 2008<br />Gratuit&eacute;s - palettes de St Alix et Planco&euml;t<br /><br />GRATUITES<br /><br />La soci&eacute;t&eacute; PLANCO&Euml;T fournit &agrave; l&rsquo;Association les Vieilles Charrues une participation sous la forme de palettes d&rsquo;eau gratuites :<br /><br />-&nbsp;&nbsp;&nbsp; 32 palettes de Saint Alix 1,5 L<br />-&nbsp;&nbsp;&nbsp; 2 palettes de Planco&euml;t 1,5 L<br />-&nbsp;&nbsp;&nbsp; 1 palette de Planco&euml;t 0,5 L<br />-&nbsp;&nbsp;&nbsp; 3 palettes de Saint Alix 0,5 L<br /><br />La soci&eacute;t&eacute; Planco&euml;t &eacute;ditera 2 millions d&rsquo;&eacute;tiquettes St Alix &agrave; l&rsquo;effigie du festival des Vieilles Charrues, distribu&eacute;es &agrave; partir de d&eacute;but mai. <br /><br />CONDITIONS DE FOURNITURE<br />La soci&eacute;t&eacute; Planco&euml;t s\'engage &agrave; fournir aux Vieilles Charrues<br />-&nbsp;&nbsp;&nbsp; 6 palettes (dont 2 palettes de St Alix 0,5 L) seront livr&eacute;es par la Soci&eacute;t&eacute; PLANCO&Euml;T avant le Festival (&agrave; d&eacute;finir ensemble)<br />-&nbsp;&nbsp;&nbsp; Une semi-remorque b&acirc;ch&eacute;e de 24 palettes compl&eacute;mentaires, sera &agrave; disposition sur le site des Vieilles Charrues du mercredi 16 juillet 13h30 au lundi 21 juillet apr&egrave;s-midi.<br />-&nbsp;&nbsp;&nbsp; Un semi-frigorifique de 22 palettes sera mis &agrave; disposition des Vieilles Charrues pendant le festival. Les bouteilles d&rsquo;eau Planco&euml;t seront situ&eacute;es &agrave; l&rsquo;arri&egrave;re du semi. Arriv&eacute;e sur le site le mercredi 16 juillet &agrave; 13h30, d&eacute;part le mardi 22 juillet matin.');
INSERT INTO `vtiger_notes` VALUES('613', '0', 'Historique partenariats 2007', 'Convention_Plancoët_2007.doc', 'Partenariat 2007.<br /><br />GRATUITES<br /><br />La soci&eacute;t&eacute; PLANCO&Euml;T fournit &agrave; l&rsquo;Association les Vieilles Charrues une participation sous la forme de palettes d&rsquo;eau gratuites :<br /><br />-&nbsp;&nbsp;&nbsp; 32 palettes de Saint Alix 1,5 L<br />-&nbsp;&nbsp;&nbsp; 2 palettes de Planco&euml;t 1,5 L<br />-&nbsp;&nbsp;&nbsp; 1 palette de Planco&euml;t 0,5 L<br />-&nbsp;&nbsp;&nbsp; 3 palettes de Saint Alix 0,5 L<br /><br />La soci&eacute;t&eacute; Planco&euml;t &eacute;ditera 4 millions d&rsquo;&eacute;tiquettes Placnco&euml;t &agrave; l&rsquo;effigie du festival des Vieilles Charrues, distribu&eacute;es &agrave; partir de d&eacute;but mai. <br /><br />CONDITIONS DE FOURNITURE<br />La soci&eacute;t&eacute; Planco&euml;t s\'engage &agrave; fournir aux Vieilles Charrues<br />-&nbsp;&nbsp;&nbsp; 6 palettes seront livr&eacute;es par la Soci&eacute;t&eacute; PLANCO&Euml;T avant le Festival (&agrave; d&eacute;finir ensemble)<br />-&nbsp;&nbsp;&nbsp; Une semi-remorque b&acirc;ch&eacute;e de 24 palettes compl&eacute;mentaires, sera &agrave; disposition sur le site des Vieilles Charrues du mercredi 18 juillet 13h30 au lundi 23 juillet apr&egrave;s-midi.<br />-&nbsp;&nbsp;&nbsp; Un semi-frigorifique de 22 palettes sera mis &agrave; disposition des Vieilles Charrues pendant le festival. Les bouteilles d&rsquo;eau Planco&euml;t seront situ&eacute;es &agrave; l&rsquo;arri&egrave;re du semi. Arriv&eacute;e sur le site le mercredi 18 juillet &agrave; 13h30, d&eacute;part le mardi 24 juillet matin.<br /><br />');
INSERT INTO `vtiger_notes` VALUES('615', '0', 'Historique partenariats 2006', 'Convention_Plancoët_2006_VF.doc', 'Partenariat 2006<br /><br /><br />GRATUITES<br /><br />La soci&eacute;t&eacute; PLANCO&Euml;T fournit &agrave; l&rsquo;Association les Vieilles Charrues une participation sous la forme de palettes d&rsquo;eau gratuites :<br /><br />-&nbsp;&nbsp;&nbsp; 11 palettes de Saint Alix 1,5 L<br />-&nbsp;&nbsp;&nbsp; 2 palettes de Planco&euml;t 1,5 L (&eacute;tiquettes Vieilles Charrues)<br />-&nbsp;&nbsp;&nbsp; 3 palettes de Planco&euml;t 0,5 L <br /><br />La soci&eacute;t&eacute; Planco&euml;t &eacute;ditera 4 millions d&rsquo;&eacute;tiquettes Planco&euml;t &agrave; l&rsquo;effigie du festival des Vieilles Charrues, distribu&eacute;es &agrave; partir de d&eacute;but mai. <br /><br />CONDITIONS DE FOURNITURE<br />La soci&eacute;t&eacute; Planco&euml;t s\'engage &agrave; fournir aux Vieilles Charrues, le distributeur &eacute;tant France Boissons Gourin<br />-&nbsp;&nbsp;&nbsp; 8 palettes seront livr&eacute;es par la Soci&eacute;t&eacute; PLANCO&Euml;T sur le site du Festival vers le 10 Juillet 2006. <br />-&nbsp;&nbsp;&nbsp; Une semi-remorque b&acirc;ch&eacute;e de 24 palettes compl&eacute;mentaires, sera &agrave; disposition sur le site des Vieilles Charrues du mercredi 19 juillet 13h30 au lundi 24 juillet matin.<br />-&nbsp;&nbsp;&nbsp; Un semi-frigorifique de 22 palettes (incluant les 16 palettes gratuites) sera mis &agrave; disposition des Vieilles Charrues pendant le festival. Les bouteilles d&rsquo;eau Planco&euml;t seront situ&eacute;es &agrave; l&rsquo;arri&egrave;re du semi. Arriv&eacute;e sur le site le mercredi 19 juillet &agrave; 13h30, d&eacute;part le mardi 25 juillet matin<br />');
INSERT INTO `vtiger_notes` VALUES('617', '0', 'Historique mécénat 2008', 'Contrat_de_Mécénat_poher_propreté.doc', 'Convention 2008.<br />Apport de 5 000 &euro;.');
INSERT INTO `vtiger_notes` VALUES('619', '0', 'Historique mécénat 2008', 'Contrat_de_Mécénat_pôle_funéraire08.doc', 'Convention 2008.<br />Apport de 5 000 &euro;.');
INSERT INTO `vtiger_notes` VALUES('621', '0', 'Historique mécénat 2007', 'Contrat_de_Mécénat_Pôle_funéraire.doc', 'Convention 2007<br />Apport de 5 000 &euro;.');
INSERT INTO `vtiger_notes` VALUES('623', '0', 'Historique partenariats 2008', 'Convention_partenariat_Quéguiner_2008.doc', '2008 - partenariat financier de 20 000 &euro;.');
INSERT INTO `vtiger_notes` VALUES('625', '0', 'Historique partenariats 2007', 'convention_Quéguiner_2007-projetVF.doc', '2007 - Apport de 25 000 &euro; : apport financier de 20 000 &euro; + 5 000 &euro; de fournitures');
INSERT INTO `vtiger_notes` VALUES('627', '0', 'Historique partenariats 2006', 'convention_Quéguiner_2006.doc', '2006<br />Apport de 25 000 &euro; : apport financier de 20 000 &euro; + 5 000 &euro; en fournitures.');
INSERT INTO `vtiger_notes` VALUES('629', '0', 'Historique mécénat 2008', 'Contrat_de_Mécénat_Quéguiner_Matériaux.doc', '2008: apport financier de 6 000 &euro;.');
INSERT INTO `vtiger_notes` VALUES('632', '0', 'Historique partenariats 2008', 'Facture_Ricard-page_de_publicité_2008.xls', 'Facture page de publicit&eacute; dans le programme des VC - 4 000 &euro;');
INSERT INTO `vtiger_notes` VALUES('634', '0', 'Historique partenariats 2008', 'Facture_Ricard-partenariat_2008.xls', 'Facture de partenariat - 3010 &euro;');
INSERT INTO `vtiger_notes` VALUES('636', '0', 'Historique partenariats 2007', 'Facture_Ricard-partenariat.xls', 'Facture partenariat Ricard - 3010 &euro;');
INSERT INTO `vtiger_notes` VALUES('638', '0', 'Historique partenariats 2006', 'Facture_Ricard-partenariat.xls', 'Facture partenariat Ricard - 3010 &euro; HT');
INSERT INTO `vtiger_notes` VALUES('640', '0', 'Historique mécénat 2008', 'Contrat_de_Mécénat_Rizzon_2.doc', 'Apport financier de 10 000 &euro;.<br />');
INSERT INTO `vtiger_notes` VALUES('641', '0', 'Historique mécénat 2008', 'Contrat_de_Mécénat_RJPG_ouest.doc', 'Convention 2008 - apport financier de 5 000 &euro;.');
INSERT INTO `vtiger_notes` VALUES('643', '0', 'Historique mécénat 2008', '', 'Apport de 5 000 &euro;.<br />Pas de convention informatique mais convention papier.');
INSERT INTO `vtiger_notes` VALUES('644', '0', 'Historique partenariats 2008', 'Facture_GALEC-Partenariat_Jeunes_Charrues_2008.xls', 'Partenaire Jeunes Charrues - apport de 20 000 &euro;');
INSERT INTO `vtiger_notes` VALUES('647', '0', 'Historique partenariats 2007', 'Convention_Jeunes_Charrues_2007.doc', 'Convention 2007 - apport de 20 000 &euro; HT');
INSERT INTO `vtiger_notes` VALUES('649', '0', 'Historique partenariats 2008', '', 'Un voyage &agrave; Cuba pour 2 personnes dans le cadre du Jeu Concours Internet &quot;La chasse au tr&eacute;sor&quot;.');
INSERT INTO `vtiger_notes` VALUES('650', '0', 'Mécénat 2009', 'Contrat_de_Mécénat_SDT_sas.doc', 'Contrat 2009 - Apport de 3 000 &euro;.');
INSERT INTO `vtiger_notes` VALUES('652', '0', 'Historique mécénat 2008', '', '2008 - Apport de 5 000 &euro; HT.<br />Pas de fichier informatique. Format papier');
INSERT INTO `vtiger_notes` VALUES('653', '0', 'Historique mécénat 2007', 'Contrat_de_Mécénat_SDY_Hyper_U.doc', 'Apport de 5 000 &euro;.');
INSERT INTO `vtiger_notes` VALUES('655', '0', 'Historique mécénat 2006', 'Contrat_de_Mécénat_SDY_Hyper_U.doc', 'Apport de 5 000 &euro;.');
INSERT INTO `vtiger_notes` VALUES('657', '0', 'Historique mécénat 2008', 'Contrat_de_Mécénat_SN_Youinou.doc', 'Apport de 5 000 &euro;');
INSERT INTO `vtiger_notes` VALUES('659', '0', 'Historique mécénat 2007', 'Contrat_de_Mécénat_SN_Youinou.doc', 'M&eacute;c&eacute;nat financier de 5 000 &euro;');
INSERT INTO `vtiger_notes` VALUES('661', '0', 'Historique mécénat 2008', 'contrat_STAT_2008.pdf', 'M&eacute;c&eacute;nat financier de 5 000 &euro;.');
INSERT INTO `vtiger_notes` VALUES('663', '0', 'Historique mécénat 2008', '', 'Pas de convention au format informatique mais format papier - apport de 5 000 &euro;');
INSERT INTO `vtiger_notes` VALUES('664', '0', 'Historique mécénat 2008', '', 'Pas de convention informatique - format papier - apport de 5 000 &euro;');
INSERT INTO `vtiger_notes` VALUES('665', '0', 'Historique mécénat 2008', 'contrat_TUFFIGO_2008.pdf', 'M&eacute;c&eacute;nat en nature: mat&eacute;riel &eacute;lectrique &agrave; hauteur de 10 000 &euro;<br /><br />Soci&eacute;t&eacute; de Jean Luc Martin, pr&eacute;sident des VC.');
INSERT INTO `vtiger_notes` VALUES('667', '0', 'Historique mécénat 2008', '', 'Pas de convention informatique mais convention papier. Apport de 5 000 &euro;.');
INSERT INTO `vtiger_notes` VALUES('668', '0', 'Historique mécénat 2008', 'Contrat_de_Mécénat_Yprema.doc', 'Apport de 5 000 &euro;.');
INSERT INTO `vtiger_notes` VALUES('710', '0', 'Historique mécénat 2007', 'Contrat_de_Mécénat_Jampi.doc', 'Convention m&eacute;c&eacute;nat 2007 - 5 000 &euro;.');
INSERT INTO `vtiger_notes` VALUES('713', '0', 'Historique partenariats 2008', 'convention_L\'Ethiket\'Bus_2008.doc', 'Convention de partenariat 2008 - Bus sur le camping festivalier - 1 000 &euro;');
INSERT INTO `vtiger_notes` VALUES('717', '0', 'Partenariat 2009', '', 'Compte - rendu / mail de Pascal du 27/03/09<br /><br />Bonjour,<br />&nbsp;<br />Pour faire suite &agrave; des contacts t&eacute;l&eacute;phoniques avec Franck RENAUDIN (RICARD),<br />J&eacute;rome et moi sommes aller le rencontrer mercredi dernier (Dom, J&eacute;rome et moi &eacute;tions sur RENNES pour une pr&eacute;sentation de la soci&eacute;t&eacute; EFFIGIE) pour une premi&egrave;re prise de contact.<br />&nbsp;<br />Voici r&eacute;sum&eacute; en quelques points, les &eacute;l&eacute;ments principaux de notre conversation :<br />&nbsp;<br />- pr&eacute;sentation de J&eacute;rome et des &eacute;volutions 2009 de notre festival.<br />- augmentation souhait&eacute;e de la dotation financi&egrave;re (7500 =&gt; 10000 EUR)<br />- pas de contrepartie places VIP le jeudi (en 2008 : 20 le jeudi + 30 r&eacute;parties sur VSD)<br />- diminution de la dotation bouteilles (au prorata de la diminution places VIP offertes)<br />- absence de &quot;stand RICARD&quot; (idem pour Cochon de Bretagne) au niveau du club VIP (on veut monter en gamme sur cet espace).<br />- pr&eacute;sence d\'un stand (ou bar ?) pour l\'ap&eacute;ro habituel de 30 minutes au bar VIP (on le maintient ?)<br />- Franck souhaiterait enfin la pr&eacute;sence (payante ?) d\'un produit nomm&eacute; &quot;LILLET&quot; qu\'on va pouvoir go&ucirc;ter ce soir ... (en contrepartie de l\'augmentation dotation financi&egrave;re).<br />&nbsp;<br />Dans tous les cas, on en reparle.<br />&nbsp;');
INSERT INTO `vtiger_notes` VALUES('718', '0', 'Partenariat 2009', 'proposition_de_BAR_pour_les_vieilles_charrues.doc', 'Proposition de stands bars - proposition de mars 2009');
INSERT INTO `vtiger_notes` VALUES('793', '0', 'Partenariat 2010', '', 'Augmentation du partenariat en 2010 :<br /><br />- Qt&eacute; de parasols, salons jardin &agrave; d&eacute;finir<br />- Goodies');

--
-- Table structure for table `vtiger_notificationscheduler` 
--

CREATE TABLE `vtiger_notificationscheduler` (
  `schedulednotificationid` int(19) NOT NULL auto_increment,
  `schedulednotificationname` varchar(200) default NULL,
  `active` int(1) default NULL,
  `notificationsubject` varchar(200) default NULL,
  `notificationbody` text,
  `label` varchar(50) default NULL,
  `type` varchar(10) default NULL,
  PRIMARY KEY  (`schedulednotificationid`),
  UNIQUE KEY `notificationscheduler_schedulednotificationname_idx` (`schedulednotificationname`)
) ENGINE=InnoDB DEFAULT CHARSET=latin1;

--
-- Dumping data for table `vtiger_notificationscheduler` 
--

INSERT INTO `vtiger_notificationscheduler` VALUES('1', 'LBL_TASK_NOTIFICATION_DESCRITPION', '1', 'Task Delay Notification', 'Tasks delayed beyond 24 hrs ', 'LBL_TASK_NOTIFICATION', '');
INSERT INTO `vtiger_notificationscheduler` VALUES('2', 'LBL_BIG_DEAL_DESCRIPTION', '1', 'Big Deal notification', 'Success! A big deal has been won! ', 'LBL_BIG_DEAL', '');
INSERT INTO `vtiger_notificationscheduler` VALUES('3', 'LBL_TICKETS_DESCRIPTION', '1', 'Pending Tickets notification', 'Ticket pending please ', 'LBL_PENDING_TICKETS', '');
INSERT INTO `vtiger_notificationscheduler` VALUES('4', 'LBL_MANY_TICKETS_DESCRIPTION', '1', 'Too many tickets Notification', 'Too many tickets pending against this entity ', 'LBL_MANY_TICKETS', '');
INSERT INTO `vtiger_notificationscheduler` VALUES('5', 'LBL_START_DESCRIPTION', '1', 'Support Start Notification', '10', 'LBL_START_NOTIFICATION', 'select');
INSERT INTO `vtiger_notificationscheduler` VALUES('6', 'LBL_SUPPORT_DESCRIPTION', '1', 'Support ending please', '11', 'LBL_SUPPORT_NOTICIATION', 'select');
INSERT INTO `vtiger_notificationscheduler` VALUES('7', 'LBL_SUPPORT_DESCRIPTION_MONTH', '1', 'Support ending please', '12', 'LBL_SUPPORT_NOTICIATION_MONTH', 'select');
INSERT INTO `vtiger_notificationscheduler` VALUES('8', 'LBL_ACTIVITY_REMINDER_DESCRIPTION', '1', 'Activity Reminder Notification', 'This is a reminder notification for the Activity', 'LBL_ACTIVITY_NOTIFICATION', '');

--
-- Table structure for table `vtiger_notificationscheduler_seq` 
--

CREATE TABLE `vtiger_notificationscheduler_seq` (
  `id` int(11) NOT NULL
) ENGINE=InnoDB DEFAULT CHARSET=latin1;

--
-- Dumping data for table `vtiger_notificationscheduler_seq` 
--

INSERT INTO `vtiger_notificationscheduler_seq` VALUES('8');

--
-- Table structure for table `vtiger_opportunity_type` 
--

CREATE TABLE `vtiger_opportunity_type` (
  `opptypeid` int(19) NOT NULL auto_increment,
  `opportunity_type` varchar(200) NOT NULL,
  `presence` int(1) NOT NULL default '1',
  `picklist_valueid` int(19) NOT NULL default '0',
  PRIMARY KEY  (`opptypeid`),
  UNIQUE KEY `opportunity_type_opportunity_type_idx` (`opportunity_type`)
) ENGINE=InnoDB DEFAULT CHARSET=latin1;

--
-- Dumping data for table `vtiger_opportunity_type` 
--

INSERT INTO `vtiger_opportunity_type` VALUES('1', '--None--', '1', '76');
INSERT INTO `vtiger_opportunity_type` VALUES('2', 'Existing Business', '1', '77');
INSERT INTO `vtiger_opportunity_type` VALUES('3', 'New Business', '1', '78');

--
-- Table structure for table `vtiger_opportunity_type_seq` 
--

CREATE TABLE `vtiger_opportunity_type_seq` (
  `id` int(11) NOT NULL
) ENGINE=InnoDB DEFAULT CHARSET=latin1;

--
-- Dumping data for table `vtiger_opportunity_type_seq` 
--

INSERT INTO `vtiger_opportunity_type_seq` VALUES('3');

--
-- Table structure for table `vtiger_opportunitystage` 
--

CREATE TABLE `vtiger_opportunitystage` (
  `potstageid` int(19) NOT NULL auto_increment,
  `stage` varchar(200) NOT NULL,
  `sortorderid` int(19) NOT NULL default '0',
  `presence` int(1) NOT NULL default '1',
  `probability` decimal(3,2) default '0.00',
  PRIMARY KEY  (`potstageid`),
  UNIQUE KEY `opportunitystage_stage_idx` (`stage`)
) ENGINE=InnoDB DEFAULT CHARSET=latin1;

--
-- Dumping data for table `vtiger_opportunitystage` 
--


--
-- Table structure for table `vtiger_org_share_action2tab` 
--

CREATE TABLE `vtiger_org_share_action2tab` (
  `share_action_id` int(19) NOT NULL,
  `tabid` int(19) NOT NULL,
  PRIMARY KEY  (`share_action_id`,`tabid`),
  KEY `fk_2_vtiger_org_share_action2tab` (`tabid`),
  CONSTRAINT `fk_2_vtiger_org_share_action2tab` FOREIGN KEY (`tabid`) REFERENCES `vtiger_tab` (`tabid`) ON DELETE CASCADE
) ENGINE=InnoDB DEFAULT CHARSET=latin1;

--
-- Dumping data for table `vtiger_org_share_action2tab` 
--

INSERT INTO `vtiger_org_share_action2tab` VALUES('0', '2');
INSERT INTO `vtiger_org_share_action2tab` VALUES('1', '2');
INSERT INTO `vtiger_org_share_action2tab` VALUES('2', '2');
INSERT INTO `vtiger_org_share_action2tab` VALUES('3', '2');
INSERT INTO `vtiger_org_share_action2tab` VALUES('0', '4');
INSERT INTO `vtiger_org_share_action2tab` VALUES('1', '4');
INSERT INTO `vtiger_org_share_action2tab` VALUES('2', '4');
INSERT INTO `vtiger_org_share_action2tab` VALUES('3', '4');
INSERT INTO `vtiger_org_share_action2tab` VALUES('0', '6');
INSERT INTO `vtiger_org_share_action2tab` VALUES('1', '6');
INSERT INTO `vtiger_org_share_action2tab` VALUES('2', '6');
INSERT INTO `vtiger_org_share_action2tab` VALUES('3', '6');
INSERT INTO `vtiger_org_share_action2tab` VALUES('0', '7');
INSERT INTO `vtiger_org_share_action2tab` VALUES('1', '7');
INSERT INTO `vtiger_org_share_action2tab` VALUES('2', '7');
INSERT INTO `vtiger_org_share_action2tab` VALUES('3', '7');
INSERT INTO `vtiger_org_share_action2tab` VALUES('0', '9');
INSERT INTO `vtiger_org_share_action2tab` VALUES('1', '9');
INSERT INTO `vtiger_org_share_action2tab` VALUES('2', '9');
INSERT INTO `vtiger_org_share_action2tab` VALUES('3', '9');
INSERT INTO `vtiger_org_share_action2tab` VALUES('0', '10');
INSERT INTO `vtiger_org_share_action2tab` VALUES('1', '10');
INSERT INTO `vtiger_org_share_action2tab` VALUES('2', '10');
INSERT INTO `vtiger_org_share_action2tab` VALUES('3', '10');
INSERT INTO `vtiger_org_share_action2tab` VALUES('0', '13');
INSERT INTO `vtiger_org_share_action2tab` VALUES('1', '13');
INSERT INTO `vtiger_org_share_action2tab` VALUES('2', '13');
INSERT INTO `vtiger_org_share_action2tab` VALUES('3', '13');
INSERT INTO `vtiger_org_share_action2tab` VALUES('0', '16');
INSERT INTO `vtiger_org_share_action2tab` VALUES('1', '16');
INSERT INTO `vtiger_org_share_action2tab` VALUES('2', '16');
INSERT INTO `vtiger_org_share_action2tab` VALUES('3', '16');
INSERT INTO `vtiger_org_share_action2tab` VALUES('0', '20');
INSERT INTO `vtiger_org_share_action2tab` VALUES('1', '20');
INSERT INTO `vtiger_org_share_action2tab` VALUES('2', '20');
INSERT INTO `vtiger_org_share_action2tab` VALUES('3', '20');
INSERT INTO `vtiger_org_share_action2tab` VALUES('0', '21');
INSERT INTO `vtiger_org_share_action2tab` VALUES('1', '21');
INSERT INTO `vtiger_org_share_action2tab` VALUES('2', '21');
INSERT INTO `vtiger_org_share_action2tab` VALUES('3', '21');
INSERT INTO `vtiger_org_share_action2tab` VALUES('0', '22');
INSERT INTO `vtiger_org_share_action2tab` VALUES('1', '22');
INSERT INTO `vtiger_org_share_action2tab` VALUES('2', '22');
INSERT INTO `vtiger_org_share_action2tab` VALUES('3', '22');
INSERT INTO `vtiger_org_share_action2tab` VALUES('0', '23');
INSERT INTO `vtiger_org_share_action2tab` VALUES('1', '23');
INSERT INTO `vtiger_org_share_action2tab` VALUES('2', '23');
INSERT INTO `vtiger_org_share_action2tab` VALUES('3', '23');
INSERT INTO `vtiger_org_share_action2tab` VALUES('0', '26');
INSERT INTO `vtiger_org_share_action2tab` VALUES('1', '26');
INSERT INTO `vtiger_org_share_action2tab` VALUES('2', '26');
INSERT INTO `vtiger_org_share_action2tab` VALUES('3', '26');

--
-- Table structure for table `vtiger_org_share_action_mapping` 
--

CREATE TABLE `vtiger_org_share_action_mapping` (
  `share_action_id` int(19) NOT NULL,
  `share_action_name` varchar(200) default NULL,
  PRIMARY KEY  (`share_action_id`)
) ENGINE=InnoDB DEFAULT CHARSET=latin1;

--
-- Dumping data for table `vtiger_org_share_action_mapping` 
--

INSERT INTO `vtiger_org_share_action_mapping` VALUES('0', 'Public: Read Only');
INSERT INTO `vtiger_org_share_action_mapping` VALUES('1', 'Public: Read, Create/Edit');
INSERT INTO `vtiger_org_share_action_mapping` VALUES('2', 'Public: Read, Create/Edit, Delete');
INSERT INTO `vtiger_org_share_action_mapping` VALUES('3', 'Private');
INSERT INTO `vtiger_org_share_action_mapping` VALUES('4', 'Hide Details');
INSERT INTO `vtiger_org_share_action_mapping` VALUES('5', 'Hide Details and Add Events');
INSERT INTO `vtiger_org_share_action_mapping` VALUES('6', 'Show Details');
INSERT INTO `vtiger_org_share_action_mapping` VALUES('7', 'Show Details and Add Events');

--
-- Table structure for table `vtiger_organizationdetails` 
--

CREATE TABLE `vtiger_organizationdetails` (
  `organizationname` varchar(60) NOT NULL,
  `address` varchar(150) default NULL,
  `city` varchar(100) default NULL,
  `state` varchar(100) default NULL,
  `country` varchar(100) default NULL,
  `code` varchar(30) default NULL,
  `phone` varchar(30) default NULL,
  `fax` varchar(30) default NULL,
  `website` varchar(100) default NULL,
  `logoname` varchar(50) default NULL,
  `logo` text,
  PRIMARY KEY  (`organizationname`)
) ENGINE=InnoDB DEFAULT CHARSET=latin1;

--
-- Dumping data for table `vtiger_organizationdetails` 
--

INSERT INTO `vtiger_organizationdetails` VALUES('Association des Vieilles Charrues', '17 place de la Mairie', 'CARHAIX', 'Finistère', 'BRETAGNE / FRANCE ', '29834', '+33 2 98 99 25 45', '+33 2 98 99 25 46', 'ww.vieillescharrues.asso.fr', 'logovc.jpg', '');

--
-- Table structure for table `vtiger_ownernotify` 
--

CREATE TABLE `vtiger_ownernotify` (
  `crmid` int(19) default NULL,
  `smownerid` int(19) default NULL,
  `flag` int(3) default NULL,
  KEY `ownernotify_crmid_flag_idx` (`crmid`,`flag`)
) ENGINE=InnoDB DEFAULT CHARSET=latin1;

--
-- Dumping data for table `vtiger_ownernotify` 
--

INSERT INTO `vtiger_ownernotify` VALUES('151', '0', '');
INSERT INTO `vtiger_ownernotify` VALUES('132', '0', '');
INSERT INTO `vtiger_ownernotify` VALUES('202', '0', '');
INSERT INTO `vtiger_ownernotify` VALUES('235', '0', '');
INSERT INTO `vtiger_ownernotify` VALUES('239', '0', '');
INSERT INTO `vtiger_ownernotify` VALUES('329', '0', '');
INSERT INTO `vtiger_ownernotify` VALUES('252', '0', '');
INSERT INTO `vtiger_ownernotify` VALUES('360', '0', '');
INSERT INTO `vtiger_ownernotify` VALUES('334', '0', '');
INSERT INTO `vtiger_ownernotify` VALUES('336', '0', '');
INSERT INTO `vtiger_ownernotify` VALUES('337', '0', '');
INSERT INTO `vtiger_ownernotify` VALUES('396', '0', '');
INSERT INTO `vtiger_ownernotify` VALUES('338', '0', '');
INSERT INTO `vtiger_ownernotify` VALUES('425', '0', '');
INSERT INTO `vtiger_ownernotify` VALUES('455', '0', '');
INSERT INTO `vtiger_ownernotify` VALUES('343', '0', '');
INSERT INTO `vtiger_ownernotify` VALUES('355', '0', '');
INSERT INTO `vtiger_ownernotify` VALUES('346', '0', '');
INSERT INTO `vtiger_ownernotify` VALUES('347', '0', '');
INSERT INTO `vtiger_ownernotify` VALUES('350', '0', '');
INSERT INTO `vtiger_ownernotify` VALUES('351', '0', '');
INSERT INTO `vtiger_ownernotify` VALUES('361', '0', '');
INSERT INTO `vtiger_ownernotify` VALUES('353', '0', '');
INSERT INTO `vtiger_ownernotify` VALUES('344', '0', '');
INSERT INTO `vtiger_ownernotify` VALUES('354', '0', '');
INSERT INTO `vtiger_ownernotify` VALUES('675', '0', '');
INSERT INTO `vtiger_ownernotify` VALUES('673', '0', '');
INSERT INTO `vtiger_ownernotify` VALUES('463', '0', '');
INSERT INTO `vtiger_ownernotify` VALUES('352', '0', '');
INSERT INTO `vtiger_ownernotify` VALUES('678', '0', '');
INSERT INTO `vtiger_ownernotify` VALUES('680', '0', '');
INSERT INTO `vtiger_ownernotify` VALUES('684', '0', '');
INSERT INTO `vtiger_ownernotify` VALUES('688', '0', '');
INSERT INTO `vtiger_ownernotify` VALUES('374', '0', '');
INSERT INTO `vtiger_ownernotify` VALUES('414', '0', '');
INSERT INTO `vtiger_ownernotify` VALUES('415', '0', '');
INSERT INTO `vtiger_ownernotify` VALUES('692', '0', '');
INSERT INTO `vtiger_ownernotify` VALUES('693', '0', '');
INSERT INTO `vtiger_ownernotify` VALUES('458', '0', '');
INSERT INTO `vtiger_ownernotify` VALUES('358', '0', '');
INSERT INTO `vtiger_ownernotify` VALUES('389', '0', '');
INSERT INTO `vtiger_ownernotify` VALUES('434', '0', '');
INSERT INTO `vtiger_ownernotify` VALUES('699', '0', '');
INSERT INTO `vtiger_ownernotify` VALUES('445', '0', '');
INSERT INTO `vtiger_ownernotify` VALUES('705', '0', '');
INSERT INTO `vtiger_ownernotify` VALUES('690', '0', '');
INSERT INTO `vtiger_ownernotify` VALUES('712', '0', '');
INSERT INTO `vtiger_ownernotify` VALUES('513', '0', '');
INSERT INTO `vtiger_ownernotify` VALUES('729', '0', '');
INSERT INTO `vtiger_ownernotify` VALUES('732', '0', '');
INSERT INTO `vtiger_ownernotify` VALUES('733', '0', '');
INSERT INTO `vtiger_ownernotify` VALUES('421', '0', '');
INSERT INTO `vtiger_ownernotify` VALUES('428', '0', '');
INSERT INTO `vtiger_ownernotify` VALUES('410', '0', '');
INSERT INTO `vtiger_ownernotify` VALUES('456', '0', '');
INSERT INTO `vtiger_ownernotify` VALUES('443', '0', '');
INSERT INTO `vtiger_ownernotify` VALUES('357', '0', '');
INSERT INTO `vtiger_ownernotify` VALUES('397', '0', '');
INSERT INTO `vtiger_ownernotify` VALUES('406', '0', '');
INSERT INTO `vtiger_ownernotify` VALUES('745', '0', '');
INSERT INTO `vtiger_ownernotify` VALUES('453', '0', '');
INSERT INTO `vtiger_ownernotify` VALUES('440', '0', '');
INSERT INTO `vtiger_ownernotify` VALUES('395', '0', '');
INSERT INTO `vtiger_ownernotify` VALUES('335', '0', '');
INSERT INTO `vtiger_ownernotify` VALUES('399', '0', '');
INSERT INTO `vtiger_ownernotify` VALUES('401', '0', '');
INSERT INTO `vtiger_ownernotify` VALUES('747', '0', '');
INSERT INTO `vtiger_ownernotify` VALUES('404', '0', '');
INSERT INTO `vtiger_ownernotify` VALUES('408', '0', '');
INSERT INTO `vtiger_ownernotify` VALUES('402', '0', '');
INSERT INTO `vtiger_ownernotify` VALUES('741', '0', '');
INSERT INTO `vtiger_ownernotify` VALUES('459', '0', '');
INSERT INTO `vtiger_ownernotify` VALUES('748', '0', '');
INSERT INTO `vtiger_ownernotify` VALUES('764', '0', '');
INSERT INTO `vtiger_ownernotify` VALUES('761', '0', '');
INSERT INTO `vtiger_ownernotify` VALUES('467', '0', '');
INSERT INTO `vtiger_ownernotify` VALUES('769', '0', '');
INSERT INTO `vtiger_ownernotify` VALUES('772', '0', '');
INSERT INTO `vtiger_ownernotify` VALUES('777', '0', '');
INSERT INTO `vtiger_ownernotify` VALUES('457', '0', '');
INSERT INTO `vtiger_ownernotify` VALUES('696', '0', '');
INSERT INTO `vtiger_ownernotify` VALUES('349', '0', '');
INSERT INTO `vtiger_ownernotify` VALUES('366', '0', '');
INSERT INTO `vtiger_ownernotify` VALUES('779', '0', '');
INSERT INTO `vtiger_ownernotify` VALUES('780', '0', '');
INSERT INTO `vtiger_ownernotify` VALUES('423', '0', '');
INSERT INTO `vtiger_ownernotify` VALUES('781', '0', '');
INSERT INTO `vtiger_ownernotify` VALUES('782', '0', '');
INSERT INTO `vtiger_ownernotify` VALUES('436', '0', '');
INSERT INTO `vtiger_ownernotify` VALUES('794', '0', '');
INSERT INTO `vtiger_ownernotify` VALUES('776', '0', '');
INSERT INTO `vtiger_ownernotify` VALUES('441', '0', '');
INSERT INTO `vtiger_ownernotify` VALUES('796', '0', '');
INSERT INTO `vtiger_ownernotify` VALUES('359', '0', '');
INSERT INTO `vtiger_ownernotify` VALUES('400', '0', '');
INSERT INTO `vtiger_ownernotify` VALUES('746', '0', '');
INSERT INTO `vtiger_ownernotify` VALUES('798', '0', '');
INSERT INTO `vtiger_ownernotify` VALUES('800', '0', '');
INSERT INTO `vtiger_ownernotify` VALUES('682', '0', '');
INSERT INTO `vtiger_ownernotify` VALUES('416', '0', '');
INSERT INTO `vtiger_ownernotify` VALUES('446', '0', '');
INSERT INTO `vtiger_ownernotify` VALUES('342', '0', '');
INSERT INTO `vtiger_ownernotify` VALUES('452', '0', '');
INSERT INTO `vtiger_ownernotify` VALUES('703', '0', '');
INSERT INTO `vtiger_ownernotify` VALUES('767', '0', '');
INSERT INTO `vtiger_ownernotify` VALUES('768', '0', '');
INSERT INTO `vtiger_ownernotify` VALUES('743', '0', '');
INSERT INTO `vtiger_ownernotify` VALUES('744', '0', '');
INSERT INTO `vtiger_ownernotify` VALUES('403', '0', '');
INSERT INTO `vtiger_ownernotify` VALUES('345', '0', '');
INSERT INTO `vtiger_ownernotify` VALUES('726', '0', '');
INSERT INTO `vtiger_ownernotify` VALUES('766', '0', '');
INSERT INTO `vtiger_ownernotify` VALUES('774', '0', '');
INSERT INTO `vtiger_ownernotify` VALUES('797', '0', '');
INSERT INTO `vtiger_ownernotify` VALUES('367', '0', '');
INSERT INTO `vtiger_ownernotify` VALUES('407', '0', '');
INSERT INTO `vtiger_ownernotify` VALUES('805', '0', '');
INSERT INTO `vtiger_ownernotify` VALUES('784', '0', '');
INSERT INTO `vtiger_ownernotify` VALUES('412', '0', '');
INSERT INTO `vtiger_ownernotify` VALUES('417', '0', '');
INSERT INTO `vtiger_ownernotify` VALUES('418', '0', '');
INSERT INTO `vtiger_ownernotify` VALUES('348', '0', '');
INSERT INTO `vtiger_ownernotify` VALUES('672', '0', '');
INSERT INTO `vtiger_ownernotify` VALUES('460', '0', '');
INSERT INTO `vtiger_ownernotify` VALUES('807', '0', '');
INSERT INTO `vtiger_ownernotify` VALUES('791', '0', '');
INSERT INTO `vtiger_ownernotify` VALUES('462', '0', '');
INSERT INTO `vtiger_ownernotify` VALUES('514', '0', '');
INSERT INTO `vtiger_ownernotify` VALUES('773', '0', '');
INSERT INTO `vtiger_ownernotify` VALUES('811', '0', '');
INSERT INTO `vtiger_ownernotify` VALUES('464', '0', '');
INSERT INTO `vtiger_ownernotify` VALUES('426', '0', '');
INSERT INTO `vtiger_ownernotify` VALUES('384', '0', '');
INSERT INTO `vtiger_ownernotify` VALUES('427', '0', '');
INSERT INTO `vtiger_ownernotify` VALUES('429', '0', '');
INSERT INTO `vtiger_ownernotify` VALUES('814', '0', '');
INSERT INTO `vtiger_ownernotify` VALUES('818', '0', '');
INSERT INTO `vtiger_ownernotify` VALUES('430', '0', '');
INSERT INTO `vtiger_ownernotify` VALUES('431', '0', '');
INSERT INTO `vtiger_ownernotify` VALUES('432', '0', '');
INSERT INTO `vtiger_ownernotify` VALUES('433', '0', '');
INSERT INTO `vtiger_ownernotify` VALUES('820', '0', '');
INSERT INTO `vtiger_ownernotify` VALUES('393', '0', '');
INSERT INTO `vtiger_ownernotify` VALUES('438', '0', '');
INSERT INTO `vtiger_ownernotify` VALUES('783', '0', '');
INSERT INTO `vtiger_ownernotify` VALUES('822', '0', '');

--
-- Table structure for table `vtiger_parenttab` 
--

CREATE TABLE `vtiger_parenttab` (
  `parenttabid` int(19) NOT NULL,
  `parenttab_label` varchar(100) NOT NULL,
  `sequence` int(10) NOT NULL,
  `visible` int(2) NOT NULL default '0',
  PRIMARY KEY  (`parenttabid`),
  KEY `parenttab_parenttabid_parenttabl_label_visible_idx` (`parenttabid`,`parenttab_label`,`visible`)
) ENGINE=InnoDB DEFAULT CHARSET=latin1;

--
-- Dumping data for table `vtiger_parenttab` 
--

INSERT INTO `vtiger_parenttab` VALUES('1', 'My Home Page', '1', '0');
INSERT INTO `vtiger_parenttab` VALUES('2', 'Marketing', '2', '0');
INSERT INTO `vtiger_parenttab` VALUES('3', 'Sales', '3', '0');
INSERT INTO `vtiger_parenttab` VALUES('4', 'Support', '4', '0');
INSERT INTO `vtiger_parenttab` VALUES('5', 'Analytics', '5', '0');
INSERT INTO `vtiger_parenttab` VALUES('6', 'Inventory', '6', '0');
INSERT INTO `vtiger_parenttab` VALUES('7', 'Tools', '7', '0');
INSERT INTO `vtiger_parenttab` VALUES('8', 'Settings', '8', '0');

--
-- Table structure for table `vtiger_parenttabrel` 
--

CREATE TABLE `vtiger_parenttabrel` (
  `parenttabid` int(19) NOT NULL,
  `tabid` int(19) NOT NULL,
  `sequence` int(3) NOT NULL,
  KEY `parenttabrel_tabid_parenttabid_idx` (`tabid`,`parenttabid`),
  KEY `fk_2_vtiger_parenttabrel` (`parenttabid`),
  CONSTRAINT `fk_1_vtiger_parenttabrel` FOREIGN KEY (`tabid`) REFERENCES `vtiger_tab` (`tabid`) ON DELETE CASCADE,
  CONSTRAINT `fk_2_vtiger_parenttabrel` FOREIGN KEY (`parenttabid`) REFERENCES `vtiger_parenttab` (`parenttabid`) ON DELETE CASCADE
) ENGINE=InnoDB DEFAULT CHARSET=latin1;

--
-- Dumping data for table `vtiger_parenttabrel` 
--

INSERT INTO `vtiger_parenttabrel` VALUES('1', '9', '2');
INSERT INTO `vtiger_parenttabrel` VALUES('1', '28', '4');
INSERT INTO `vtiger_parenttabrel` VALUES('1', '3', '1');
INSERT INTO `vtiger_parenttabrel` VALUES('3', '7', '1');
INSERT INTO `vtiger_parenttabrel` VALUES('3', '6', '2');
INSERT INTO `vtiger_parenttabrel` VALUES('3', '4', '3');
INSERT INTO `vtiger_parenttabrel` VALUES('3', '2', '4');
INSERT INTO `vtiger_parenttabrel` VALUES('3', '20', '5');
INSERT INTO `vtiger_parenttabrel` VALUES('3', '22', '6');
INSERT INTO `vtiger_parenttabrel` VALUES('3', '23', '7');
INSERT INTO `vtiger_parenttabrel` VALUES('3', '14', '8');
INSERT INTO `vtiger_parenttabrel` VALUES('3', '19', '9');
INSERT INTO `vtiger_parenttabrel` VALUES('3', '8', '10');
INSERT INTO `vtiger_parenttabrel` VALUES('4', '13', '1');
INSERT INTO `vtiger_parenttabrel` VALUES('4', '15', '2');
INSERT INTO `vtiger_parenttabrel` VALUES('4', '6', '3');
INSERT INTO `vtiger_parenttabrel` VALUES('4', '4', '4');
INSERT INTO `vtiger_parenttabrel` VALUES('4', '14', '5');
INSERT INTO `vtiger_parenttabrel` VALUES('4', '8', '6');
INSERT INTO `vtiger_parenttabrel` VALUES('5', '1', '1');
INSERT INTO `vtiger_parenttabrel` VALUES('5', '25', '2');
INSERT INTO `vtiger_parenttabrel` VALUES('6', '14', '1');
INSERT INTO `vtiger_parenttabrel` VALUES('6', '18', '2');
INSERT INTO `vtiger_parenttabrel` VALUES('6', '19', '3');
INSERT INTO `vtiger_parenttabrel` VALUES('6', '21', '4');
INSERT INTO `vtiger_parenttabrel` VALUES('6', '22', '5');
INSERT INTO `vtiger_parenttabrel` VALUES('6', '20', '6');
INSERT INTO `vtiger_parenttabrel` VALUES('6', '23', '7');
INSERT INTO `vtiger_parenttabrel` VALUES('7', '24', '1');
INSERT INTO `vtiger_parenttabrel` VALUES('7', '27', '2');
INSERT INTO `vtiger_parenttabrel` VALUES('7', '8', '3');
INSERT INTO `vtiger_parenttabrel` VALUES('2', '26', '1');
INSERT INTO `vtiger_parenttabrel` VALUES('2', '6', '2');
INSERT INTO `vtiger_parenttabrel` VALUES('2', '4', '3');
INSERT INTO `vtiger_parenttabrel` VALUES('2', '28', '4');
INSERT INTO `vtiger_parenttabrel` VALUES('4', '28', '7');
INSERT INTO `vtiger_parenttabrel` VALUES('2', '7', '5');
INSERT INTO `vtiger_parenttabrel` VALUES('2', '9', '6');
INSERT INTO `vtiger_parenttabrel` VALUES('4', '9', '8');
INSERT INTO `vtiger_parenttabrel` VALUES('2', '8', '8');
INSERT INTO `vtiger_parenttabrel` VALUES('3', '9', '11');

--
-- Table structure for table `vtiger_picklist` 
--

CREATE TABLE `vtiger_picklist` (
  `picklistid` int(19) NOT NULL auto_increment,
  `name` varchar(200) NOT NULL,
  PRIMARY KEY  (`picklistid`),
  UNIQUE KEY `picklist_name_idx` (`name`)
) ENGINE=InnoDB DEFAULT CHARSET=latin1;

--
-- Dumping data for table `vtiger_picklist` 
--

INSERT INTO `vtiger_picklist` VALUES('2', 'accounttype');
INSERT INTO `vtiger_picklist` VALUES('28', 'campaignstatus');
INSERT INTO `vtiger_picklist` VALUES('27', 'campaigntype');
INSERT INTO `vtiger_picklist` VALUES('22', 'carrier');
INSERT INTO `vtiger_picklist` VALUES('13', 'eventstatus');
INSERT INTO `vtiger_picklist` VALUES('29', 'expectedresponse');
INSERT INTO `vtiger_picklist` VALUES('18', 'faqcategories');
INSERT INTO `vtiger_picklist` VALUES('23', 'faqstatus');
INSERT INTO `vtiger_picklist` VALUES('20', 'glacct');
INSERT INTO `vtiger_picklist` VALUES('3', 'industry');
INSERT INTO `vtiger_picklist` VALUES('24', 'invoicestatus');
INSERT INTO `vtiger_picklist` VALUES('1', 'leadsource');
INSERT INTO `vtiger_picklist` VALUES('4', 'leadstatus');
INSERT INTO `vtiger_picklist` VALUES('16', 'manufacturer');
INSERT INTO `vtiger_picklist` VALUES('6', 'opportunity_type');
INSERT INTO `vtiger_picklist` VALUES('25', 'postatus');
INSERT INTO `vtiger_picklist` VALUES('17', 'productcategory');
INSERT INTO `vtiger_picklist` VALUES('21', 'quotestage');
INSERT INTO `vtiger_picklist` VALUES('5', 'rating');
INSERT INTO `vtiger_picklist` VALUES('8', 'sales_stage');
INSERT INTO `vtiger_picklist` VALUES('7', 'salutationtype');
INSERT INTO `vtiger_picklist` VALUES('26', 'sostatus');
INSERT INTO `vtiger_picklist` VALUES('15', 'taskpriority');
INSERT INTO `vtiger_picklist` VALUES('14', 'taskstatus');
INSERT INTO `vtiger_picklist` VALUES('12', 'ticketcategories');
INSERT INTO `vtiger_picklist` VALUES('10', 'ticketpriorities');
INSERT INTO `vtiger_picklist` VALUES('11', 'ticketseverities');
INSERT INTO `vtiger_picklist` VALUES('9', 'ticketstatus');
INSERT INTO `vtiger_picklist` VALUES('19', 'usageunit');

--
-- Table structure for table `vtiger_picklist_seq` 
--

CREATE TABLE `vtiger_picklist_seq` (
  `id` int(11) NOT NULL
) ENGINE=InnoDB DEFAULT CHARSET=latin1;

--
-- Dumping data for table `vtiger_picklist_seq` 
--

INSERT INTO `vtiger_picklist_seq` VALUES('29');

--
-- Table structure for table `vtiger_picklistvalues_seq` 
--

CREATE TABLE `vtiger_picklistvalues_seq` (
  `id` int(11) default NULL
) ENGINE=InnoDB DEFAULT CHARSET=latin1;

--
-- Dumping data for table `vtiger_picklistvalues_seq` 
--

INSERT INTO `vtiger_picklistvalues_seq` VALUES('227');

--
-- Table structure for table `vtiger_pobillads` 
--

CREATE TABLE `vtiger_pobillads` (
  `pobilladdressid` int(19) NOT NULL default '0',
  `bill_city` varchar(30) default NULL,
  `bill_code` varchar(30) default NULL,
  `bill_country` varchar(30) default NULL,
  `bill_state` varchar(30) default NULL,
  `bill_street` varchar(250) default NULL,
  `bill_pobox` varchar(30) default NULL,
  PRIMARY KEY  (`pobilladdressid`),
  CONSTRAINT `fk_1_vtiger_pobillads` FOREIGN KEY (`pobilladdressid`) REFERENCES `vtiger_purchaseorder` (`purchaseorderid`) ON DELETE CASCADE
) ENGINE=InnoDB DEFAULT CHARSET=latin1;

--
-- Dumping data for table `vtiger_pobillads` 
--


--
-- Table structure for table `vtiger_pogrouprelation` 
--

CREATE TABLE `vtiger_pogrouprelation` (
  `purchaseorderid` int(19) NOT NULL,
  `groupname` varchar(100) default NULL,
  PRIMARY KEY  (`purchaseorderid`),
  KEY `pogrouprelation_groupname_purchaseorderid_idx` (`groupname`,`purchaseorderid`),
  CONSTRAINT `fk_1_vtiger_pogrouprelation` FOREIGN KEY (`groupname`) REFERENCES `vtiger_groups` (`groupname`) ON UPDATE CASCADE,
  CONSTRAINT `fk_2_vtiger_pogrouprelation` FOREIGN KEY (`purchaseorderid`) REFERENCES `vtiger_purchaseorder` (`purchaseorderid`) ON DELETE CASCADE
) ENGINE=InnoDB DEFAULT CHARSET=latin1;

--
-- Dumping data for table `vtiger_pogrouprelation` 
--


--
-- Table structure for table `vtiger_portal` 
--

CREATE TABLE `vtiger_portal` (
  `portalid` int(19) NOT NULL,
  `portalname` varchar(200) NOT NULL,
  `portalurl` varchar(255) NOT NULL,
  `sequence` int(3) NOT NULL,
  `setdefault` int(3) NOT NULL default '0',
  PRIMARY KEY  (`portalid`),
  KEY `portal_portalname_idx` (`portalname`)
) ENGINE=InnoDB DEFAULT CHARSET=latin1;

--
-- Dumping data for table `vtiger_portal` 
--


--
-- Table structure for table `vtiger_portalinfo` 
--

CREATE TABLE `vtiger_portalinfo` (
  `id` int(11) NOT NULL,
  `user_name` varchar(50) default NULL,
  `user_password` varchar(30) default NULL,
  `type` varchar(5) default NULL,
  `last_login_time` datetime NOT NULL,
  `login_time` datetime NOT NULL,
  `logout_time` datetime NOT NULL,
  `isactive` int(1) default NULL,
  PRIMARY KEY  (`id`),
  CONSTRAINT `fk_1_vtiger_portalinfo` FOREIGN KEY (`id`) REFERENCES `vtiger_contactdetails` (`contactid`) ON DELETE CASCADE
) ENGINE=InnoDB DEFAULT CHARSET=latin1;

--
-- Dumping data for table `vtiger_portalinfo` 
--


--
-- Table structure for table `vtiger_poshipads` 
--

CREATE TABLE `vtiger_poshipads` (
  `poshipaddressid` int(19) NOT NULL default '0',
  `ship_city` varchar(30) default NULL,
  `ship_code` varchar(30) default NULL,
  `ship_country` varchar(30) default NULL,
  `ship_state` varchar(30) default NULL,
  `ship_street` varchar(250) default NULL,
  `ship_pobox` varchar(30) default NULL,
  PRIMARY KEY  (`poshipaddressid`),
  CONSTRAINT `fk_1_vtiger_poshipads` FOREIGN KEY (`poshipaddressid`) REFERENCES `vtiger_purchaseorder` (`purchaseorderid`) ON DELETE CASCADE
) ENGINE=InnoDB DEFAULT CHARSET=latin1;

--
-- Dumping data for table `vtiger_poshipads` 
--


--
-- Table structure for table `vtiger_postatus` 
--

CREATE TABLE `vtiger_postatus` (
  `postatusid` int(19) NOT NULL auto_increment,
  `postatus` varchar(200) NOT NULL,
  `presence` int(1) NOT NULL default '1',
  `picklist_valueid` int(19) NOT NULL default '0',
  PRIMARY KEY  (`postatusid`),
  UNIQUE KEY `postatus_postatus_idx` (`postatus`)
) ENGINE=InnoDB DEFAULT CHARSET=latin1;

--
-- Dumping data for table `vtiger_postatus` 
--

INSERT INTO `vtiger_postatus` VALUES('1', 'Created', '0', '175');
INSERT INTO `vtiger_postatus` VALUES('2', 'Approved', '0', '176');
INSERT INTO `vtiger_postatus` VALUES('3', 'Delivered', '0', '177');
INSERT INTO `vtiger_postatus` VALUES('4', 'Cancelled', '0', '178');
INSERT INTO `vtiger_postatus` VALUES('5', 'Received Shipment', '0', '179');

--
-- Table structure for table `vtiger_postatus_seq` 
--

CREATE TABLE `vtiger_postatus_seq` (
  `id` int(11) NOT NULL
) ENGINE=InnoDB DEFAULT CHARSET=latin1;

--
-- Dumping data for table `vtiger_postatus_seq` 
--

INSERT INTO `vtiger_postatus_seq` VALUES('5');

--
-- Table structure for table `vtiger_postatushistory` 
--

CREATE TABLE `vtiger_postatushistory` (
  `historyid` int(19) NOT NULL auto_increment,
  `purchaseorderid` int(19) NOT NULL,
  `vendorname` varchar(100) default NULL,
  `total` decimal(10,0) default NULL,
  `postatus` varchar(200) default NULL,
  `lastmodified` datetime default NULL,
  PRIMARY KEY  (`historyid`),
  KEY `postatushistory_purchaseorderid_idx` (`purchaseorderid`),
  CONSTRAINT `fk_1_vtiger_postatushistory` FOREIGN KEY (`purchaseorderid`) REFERENCES `vtiger_purchaseorder` (`purchaseorderid`) ON DELETE CASCADE
) ENGINE=InnoDB DEFAULT CHARSET=latin1;

--
-- Dumping data for table `vtiger_postatushistory` 
--


--
-- Table structure for table `vtiger_potcompetitorrel` 
--

CREATE TABLE `vtiger_potcompetitorrel` (
  `potentialid` int(19) NOT NULL,
  `competitorid` int(19) NOT NULL,
  PRIMARY KEY  (`potentialid`,`competitorid`),
  KEY `potcompetitorrel_potentialid_idx` (`potentialid`),
  KEY `potcompetitorrel_competitorid_idx` (`competitorid`),
  CONSTRAINT `fk_2_vtiger_potcompetitorrel` FOREIGN KEY (`potentialid`) REFERENCES `vtiger_potential` (`potentialid`) ON DELETE CASCADE
) ENGINE=InnoDB DEFAULT CHARSET=latin1;

--
-- Dumping data for table `vtiger_potcompetitorrel` 
--


--
-- Table structure for table `vtiger_potential` 
--

CREATE TABLE `vtiger_potential` (
  `potentialid` int(19) NOT NULL default '0',
  `accountid` int(19) default NULL,
  `potentialname` varchar(120) NOT NULL,
  `amount` decimal(14,2) default '0.00',
  `currency` varchar(20) default NULL,
  `closingdate` date default NULL,
  `typeofrevenue` varchar(50) default NULL,
  `nextstep` varchar(100) default NULL,
  `private` int(1) default '0',
  `probability` decimal(7,3) default '0.000',
  `campaignid` int(19) default NULL,
  `sales_stage` varchar(200) default NULL,
  `potentialtype` varchar(200) default NULL,
  `leadsource` varchar(200) default NULL,
  `productid` int(50) default NULL,
  `productversion` varchar(50) default NULL,
  `quotationref` varchar(50) default NULL,
  `partnercontact` varchar(50) default NULL,
  `remarks` varchar(50) default NULL,
  `runtimefee` int(19) default '0',
  `followupdate` date default NULL,
  `evaluationstatus` varchar(50) default NULL,
  `description` text,
  `forecastcategory` int(19) default '0',
  `outcomeanalysis` int(19) default '0',
  PRIMARY KEY  (`potentialid`),
  KEY `potential_accountid_idx` (`accountid`),
  KEY `potential_potentialid_idx` (`potentialid`),
  KEY `potentail_sales_stage_idx` (`sales_stage`),
  CONSTRAINT `fk_1_vtiger_potential` FOREIGN KEY (`potentialid`) REFERENCES `vtiger_crmentity` (`crmid`) ON DELETE CASCADE
) ENGINE=InnoDB DEFAULT CHARSET=latin1;

--
-- Dumping data for table `vtiger_potential` 
--


--
-- Table structure for table `vtiger_potentialgrouprelation` 
--

CREATE TABLE `vtiger_potentialgrouprelation` (
  `potentialid` int(19) NOT NULL,
  `groupname` varchar(100) default NULL,
  PRIMARY KEY  (`potentialid`),
  KEY `potentialgrouprelation_groupname_idx` (`groupname`),
  CONSTRAINT `fk_1_vtiger_potentialgrouprelation` FOREIGN KEY (`groupname`) REFERENCES `vtiger_groups` (`groupname`) ON UPDATE CASCADE,
  CONSTRAINT `fk_2_vtiger_potentialgrouprelation` FOREIGN KEY (`potentialid`) REFERENCES `vtiger_potential` (`potentialid`) ON DELETE CASCADE
) ENGINE=InnoDB DEFAULT CHARSET=latin1;

--
-- Dumping data for table `vtiger_potentialgrouprelation` 
--


--
-- Table structure for table `vtiger_potentialscf` 
--

CREATE TABLE `vtiger_potentialscf` (
  `potentialid` int(19) NOT NULL default '0',
  PRIMARY KEY  (`potentialid`),
  CONSTRAINT `fk_1_vtiger_potentialscf` FOREIGN KEY (`potentialid`) REFERENCES `vtiger_potential` (`potentialid`) ON DELETE CASCADE
) ENGINE=InnoDB DEFAULT CHARSET=latin1;

--
-- Dumping data for table `vtiger_potentialscf` 
--


--
-- Table structure for table `vtiger_potstagehistory` 
--

CREATE TABLE `vtiger_potstagehistory` (
  `historyid` int(19) NOT NULL auto_increment,
  `potentialid` int(19) NOT NULL,
  `amount` decimal(10,0) default NULL,
  `stage` varchar(100) default NULL,
  `probability` decimal(7,3) default NULL,
  `expectedrevenue` decimal(10,0) default NULL,
  `closedate` date default NULL,
  `lastmodified` datetime default NULL,
  PRIMARY KEY  (`historyid`),
  KEY `potstagehistory_potentialid_idx` (`potentialid`),
  CONSTRAINT `fk_1_vtiger_potstagehistory` FOREIGN KEY (`potentialid`) REFERENCES `vtiger_potential` (`potentialid`) ON DELETE CASCADE
) ENGINE=InnoDB DEFAULT CHARSET=latin1;

--
-- Dumping data for table `vtiger_potstagehistory` 
--


--
-- Table structure for table `vtiger_pricebook` 
--

CREATE TABLE `vtiger_pricebook` (
  `pricebookid` int(19) NOT NULL default '0',
  `bookname` varchar(100) default NULL,
  `active` int(1) default NULL,
  `description` text,
  PRIMARY KEY  (`pricebookid`),
  CONSTRAINT `fk_1_vtiger_pricebook` FOREIGN KEY (`pricebookid`) REFERENCES `vtiger_crmentity` (`crmid`) ON DELETE CASCADE
) ENGINE=InnoDB DEFAULT CHARSET=latin1;

--
-- Dumping data for table `vtiger_pricebook` 
--

INSERT INTO `vtiger_pricebook` VALUES('28', '1', '1', '');

--
-- Table structure for table `vtiger_pricebookcf` 
--

CREATE TABLE `vtiger_pricebookcf` (
  `pricebookid` int(19) NOT NULL default '0',
  PRIMARY KEY  (`pricebookid`),
  CONSTRAINT `fk_1_vtiger_pricebookcf` FOREIGN KEY (`pricebookid`) REFERENCES `vtiger_pricebook` (`pricebookid`) ON DELETE CASCADE
) ENGINE=InnoDB DEFAULT CHARSET=latin1;

--
-- Dumping data for table `vtiger_pricebookcf` 
--

INSERT INTO `vtiger_pricebookcf` VALUES('28');

--
-- Table structure for table `vtiger_pricebookproductrel` 
--

CREATE TABLE `vtiger_pricebookproductrel` (
  `pricebookid` int(19) NOT NULL,
  `productid` int(19) NOT NULL,
  `listprice` decimal(25,3) default NULL,
  PRIMARY KEY  (`pricebookid`,`productid`),
  KEY `pricebookproductrel_pricebookid_idx` (`pricebookid`),
  KEY `pricebookproductrel_productid_idx` (`productid`),
  CONSTRAINT `fk_2_vtiger_pricebookproductrel` FOREIGN KEY (`productid`) REFERENCES `vtiger_products` (`productid`) ON DELETE CASCADE
) ENGINE=InnoDB DEFAULT CHARSET=latin1;

--
-- Dumping data for table `vtiger_pricebookproductrel` 
--

INSERT INTO `vtiger_pricebookproductrel` VALUES('28', '18', '165.000');
INSERT INTO `vtiger_pricebookproductrel` VALUES('28', '19', '135.000');
INSERT INTO `vtiger_pricebookproductrel` VALUES('28', '20', '135.000');
INSERT INTO `vtiger_pricebookproductrel` VALUES('28', '21', '135.000');

--
-- Table structure for table `vtiger_priority` 
--

CREATE TABLE `vtiger_priority` (
  `priorityid` int(19) NOT NULL auto_increment,
  `priority` varchar(200) NOT NULL,
  `sortorderid` int(19) NOT NULL default '0',
  `presence` int(1) NOT NULL default '1',
  PRIMARY KEY  (`priorityid`),
  UNIQUE KEY `priority_priority_idx` (`priority`)
) ENGINE=InnoDB DEFAULT CHARSET=latin1;

--
-- Dumping data for table `vtiger_priority` 
--


--
-- Table structure for table `vtiger_productcategory` 
--

CREATE TABLE `vtiger_productcategory` (
  `productcategoryid` int(19) NOT NULL auto_increment,
  `productcategory` varchar(200) NOT NULL,
  `presence` int(1) NOT NULL default '1',
  `picklist_valueid` int(19) NOT NULL default '0',
  PRIMARY KEY  (`productcategoryid`),
  UNIQUE KEY `productcategory_productcategory_idx` (`productcategory`)
) ENGINE=InnoDB DEFAULT CHARSET=latin1;

--
-- Dumping data for table `vtiger_productcategory` 
--

INSERT INTO `vtiger_productcategory` VALUES('1', '--None--', '1', '126');
INSERT INTO `vtiger_productcategory` VALUES('2', 'Hardware', '1', '127');
INSERT INTO `vtiger_productcategory` VALUES('3', 'Software', '1', '128');
INSERT INTO `vtiger_productcategory` VALUES('4', 'CRM Applications', '1', '129');
INSERT INTO `vtiger_productcategory` VALUES('5', 'Place à la journée', '1', '208');
INSERT INTO `vtiger_productcategory` VALUES('6', 'Forfait', '1', '209');

--
-- Table structure for table `vtiger_productcategory_seq` 
--

CREATE TABLE `vtiger_productcategory_seq` (
  `id` int(11) NOT NULL
) ENGINE=InnoDB DEFAULT CHARSET=latin1;

--
-- Dumping data for table `vtiger_productcategory_seq` 
--

INSERT INTO `vtiger_productcategory_seq` VALUES('6');

--
-- Table structure for table `vtiger_productcf` 
--

CREATE TABLE `vtiger_productcf` (
  `productid` int(19) NOT NULL default '0',
  PRIMARY KEY  (`productid`),
  CONSTRAINT `fk_1_vtiger_productcf` FOREIGN KEY (`productid`) REFERENCES `vtiger_products` (`productid`) ON DELETE CASCADE
) ENGINE=InnoDB DEFAULT CHARSET=latin1;

--
-- Dumping data for table `vtiger_productcf` 
--

INSERT INTO `vtiger_productcf` VALUES('18');
INSERT INTO `vtiger_productcf` VALUES('19');
INSERT INTO `vtiger_productcf` VALUES('20');
INSERT INTO `vtiger_productcf` VALUES('21');
INSERT INTO `vtiger_productcf` VALUES('823');

--
-- Table structure for table `vtiger_productcollaterals` 
--

CREATE TABLE `vtiger_productcollaterals` (
  `productid` int(11) NOT NULL,
  `date_entered` timestamp NOT NULL default CURRENT_TIMESTAMP on update CURRENT_TIMESTAMP,
  `data` longblob,
  `description` text,
  `filename` varchar(50) default NULL,
  `filesize` varchar(50) NOT NULL,
  `filetype` varchar(20) NOT NULL,
  PRIMARY KEY  (`productid`),
  KEY `productcollaterals_productid_filename_idx` (`productid`,`filename`),
  CONSTRAINT `fk_1_vtiger_productcollaterals` FOREIGN KEY (`productid`) REFERENCES `vtiger_products` (`productid`) ON DELETE CASCADE
) ENGINE=InnoDB DEFAULT CHARSET=latin1;

--
-- Dumping data for table `vtiger_productcollaterals` 
--


--
-- Table structure for table `vtiger_products` 
--

CREATE TABLE `vtiger_products` (
  `productid` int(11) NOT NULL,
  `productname` varchar(50) NOT NULL,
  `productcode` varchar(40) default NULL,
  `productcategory` varchar(200) default NULL,
  `manufacturer` varchar(200) default NULL,
  `product_description` text,
  `qty_per_unit` decimal(11,2) default '0.00',
  `unit_price` decimal(25,2) default NULL,
  `weight` decimal(11,3) default NULL,
  `pack_size` int(11) default NULL,
  `sales_start_date` date default NULL,
  `sales_end_date` date default NULL,
  `start_date` date default NULL,
  `expiry_date` date default NULL,
  `cost_factor` int(11) default NULL,
  `commissionrate` decimal(7,3) default NULL,
  `commissionmethod` varchar(50) default NULL,
  `discontinued` int(1) NOT NULL default '0',
  `usageunit` varchar(200) default NULL,
  `handler` int(11) default NULL,
  `currency` varchar(200) default NULL,
  `reorderlevel` int(11) default NULL,
  `website` varchar(100) default NULL,
  `taxclass` varchar(200) default NULL,
  `mfr_part_no` varchar(200) default NULL,
  `vendor_part_no` varchar(200) default NULL,
  `serialno` varchar(200) default NULL,
  `qtyinstock` decimal(25,3) default NULL,
  `productsheet` varchar(200) default NULL,
  `qtyindemand` int(11) default NULL,
  `glacct` varchar(200) default NULL,
  `vendor_id` int(11) default NULL,
  `imagename` text,
  PRIMARY KEY  (`productid`),
  CONSTRAINT `fk_1_vtiger_products` FOREIGN KEY (`productid`) REFERENCES `vtiger_crmentity` (`crmid`) ON DELETE CASCADE
) ENGINE=InnoDB DEFAULT CHARSET=latin1;

--
-- Dumping data for table `vtiger_products` 
--

INSERT INTO `vtiger_products` VALUES('18', 'PLACE VIP JEUDI 16 JUILLET 2009', '', 'Place à la journée', '--None--', 'Place VIP pour la soirée du Jeudi 16 Juillet 2009', '1.00', '165.00', '', '', '', '2009-07-16', '', '', '', '0.000', '', '1', 'Quantity', '1', '', '0', 'www.vieillescharrues.asso.fr', '', '', '', '', '780.000', '', '0', '300- Vente Billetterie', '0', '');
INSERT INTO `vtiger_products` VALUES('19', 'PLACE VIP VENDREDI 17 JUILLET 2009', '', 'Place à la journée', '--None--', 'Place VIP pour la journée du Vendredi', '1.00', '135.00', '', '', '', '2009-07-17', '', '', '', '0.000', '', '1', 'Quantity', '1', '', '0', 'www.vieillescharrues.asso.fr', '', '', '', '', '1180.000', '', '0', '300- Vente Billetterie', '0', '');
INSERT INTO `vtiger_products` VALUES('20', 'PLACE VIP SAMEDI 18 JUILLET 2009', '', 'Place à la journée', '--None--', 'Place VIP pour la journée du Samedi', '1.00', '135.00', '', '', '', '2009-07-18', '', '', '', '0.000', '', '1', 'Quantity', '1', '', '0', 'www.vieillescharrues.asso.fr', '', '', '', '', '1180.000', '', '0', '300- Vente Billetterie', '0', '');
INSERT INTO `vtiger_products` VALUES('21', 'PLACE VIP DIMANCHE 19 JUILLET 2009', '', 'Place à la journée', '--None--', 'Place VIP pour la journée du Dimanche', '1.00', '135.00', '', '', '', '2009-07-19', '', '', '', '0.000', '', '1', 'Quantity', '1', '', '0', 'www.vieillescharrues.asso.fr', '', '', '4', '', '1180.000', '', '0', '300- Vente Billetterie', '0', '');
INSERT INTO `vtiger_products` VALUES('823', 'test produit', '', 'Hardware', '--None--', '', '0.00', '0.00', '', '', '', '', '', '', '', '0.000', '', '1', 'Box', '1', '', '0', '', '', '', '', '', '0.000', '', '0', '300- Vente Billetterie', '0', '');

--
-- Table structure for table `vtiger_producttaxrel` 
--

CREATE TABLE `vtiger_producttaxrel` (
  `productid` int(11) NOT NULL,
  `taxid` int(3) NOT NULL,
  `taxpercentage` decimal(7,3) default NULL,
  KEY `producttaxrel_productid_idx` (`productid`),
  KEY `producttaxrel_taxid_idx` (`taxid`),
  CONSTRAINT `fk_1_vtiger_producttaxrel` FOREIGN KEY (`productid`) REFERENCES `vtiger_products` (`productid`) ON DELETE CASCADE
) ENGINE=InnoDB DEFAULT CHARSET=latin1;

--
-- Dumping data for table `vtiger_producttaxrel` 
--

INSERT INTO `vtiger_producttaxrel` VALUES('18', '1', '19.600');
INSERT INTO `vtiger_producttaxrel` VALUES('20', '1', '19.600');
INSERT INTO `vtiger_producttaxrel` VALUES('19', '1', '19.600');
INSERT INTO `vtiger_producttaxrel` VALUES('21', '1', '19.600');

--
-- Table structure for table `vtiger_profile` 
--

CREATE TABLE `vtiger_profile` (
  `profileid` int(10) NOT NULL auto_increment,
  `profilename` varchar(50) NOT NULL,
  `description` text,
  PRIMARY KEY  (`profileid`)
) ENGINE=InnoDB DEFAULT CHARSET=latin1;

--
-- Dumping data for table `vtiger_profile` 
--

INSERT INTO `vtiger_profile` VALUES('1', 'Administrator', 'Admin Profile');
INSERT INTO `vtiger_profile` VALUES('2', 'Profile de l\'équipe Partenaires et Mécènes', 'Profile de l\'équipe Partenaires et Mécènes');
INSERT INTO `vtiger_profile` VALUES('3', 'Support Profile', 'Profile Related to Support');
INSERT INTO `vtiger_profile` VALUES('4', 'Guest Profile', 'Guest Profile for Test Users');
INSERT INTO `vtiger_profile` VALUES('5', 'Profile de l\'équipe Presse des Vieilles Charrues', 'Profile dédié aux membres de la cellule Presse des Vieilles Charrues ');
INSERT INTO `vtiger_profile` VALUES('6', 'Profile de l\'équipe Régie Presse des Vieilles Char', 'Profile dédié aux membres de la régie Technique du Festival des Vieilles Charrues ');
INSERT INTO `vtiger_profile` VALUES('7', 'Profile de l\'équipe Bénévoles des Vieilles Charrue', 'Profile dédiée à la gestion des bénévoles du Festival des Vieilles Charrues. ');
INSERT INTO `vtiger_profile` VALUES('8', 'Profile de visualisation ', ' Profile dédié pour la visualisation des informations uniquement');

--
-- Table structure for table `vtiger_profile2field` 
--

CREATE TABLE `vtiger_profile2field` (
  `profileid` int(11) NOT NULL,
  `tabid` int(10) default NULL,
  `fieldid` int(19) NOT NULL,
  `visible` int(19) default NULL,
  `readonly` int(19) default NULL,
  PRIMARY KEY  (`profileid`,`fieldid`),
  KEY `profile2field_profileid_tabid_fieldname_idx` (`profileid`,`tabid`),
  KEY `profile2field_tabid_profileid_idx` (`tabid`,`profileid`),
  KEY `profile2field_visible_profileid_idx` (`visible`,`profileid`)
) ENGINE=InnoDB DEFAULT CHARSET=latin1;

--
-- Dumping data for table `vtiger_profile2field` 
--

INSERT INTO `vtiger_profile2field` VALUES('1', '6', '1', '0', '1');
INSERT INTO `vtiger_profile2field` VALUES('1', '6', '2', '0', '1');
INSERT INTO `vtiger_profile2field` VALUES('1', '6', '3', '0', '1');
INSERT INTO `vtiger_profile2field` VALUES('1', '6', '4', '0', '1');
INSERT INTO `vtiger_profile2field` VALUES('1', '6', '5', '0', '1');
INSERT INTO `vtiger_profile2field` VALUES('1', '6', '6', '0', '1');
INSERT INTO `vtiger_profile2field` VALUES('1', '6', '7', '0', '1');
INSERT INTO `vtiger_profile2field` VALUES('1', '6', '8', '0', '1');
INSERT INTO `vtiger_profile2field` VALUES('1', '6', '9', '0', '1');
INSERT INTO `vtiger_profile2field` VALUES('1', '6', '10', '0', '1');
INSERT INTO `vtiger_profile2field` VALUES('1', '6', '11', '0', '1');
INSERT INTO `vtiger_profile2field` VALUES('1', '6', '12', '0', '1');
INSERT INTO `vtiger_profile2field` VALUES('1', '6', '13', '0', '1');
INSERT INTO `vtiger_profile2field` VALUES('1', '6', '14', '0', '1');
INSERT INTO `vtiger_profile2field` VALUES('1', '6', '15', '0', '1');
INSERT INTO `vtiger_profile2field` VALUES('1', '6', '16', '0', '1');
INSERT INTO `vtiger_profile2field` VALUES('1', '6', '17', '0', '1');
INSERT INTO `vtiger_profile2field` VALUES('1', '6', '18', '0', '1');
INSERT INTO `vtiger_profile2field` VALUES('1', '6', '19', '0', '1');
INSERT INTO `vtiger_profile2field` VALUES('1', '6', '20', '0', '1');
INSERT INTO `vtiger_profile2field` VALUES('1', '6', '21', '0', '1');
INSERT INTO `vtiger_profile2field` VALUES('1', '6', '22', '0', '1');
INSERT INTO `vtiger_profile2field` VALUES('1', '6', '23', '0', '1');
INSERT INTO `vtiger_profile2field` VALUES('1', '6', '24', '0', '1');
INSERT INTO `vtiger_profile2field` VALUES('1', '6', '25', '0', '1');
INSERT INTO `vtiger_profile2field` VALUES('1', '6', '26', '0', '1');
INSERT INTO `vtiger_profile2field` VALUES('1', '6', '27', '0', '1');
INSERT INTO `vtiger_profile2field` VALUES('1', '6', '28', '0', '1');
INSERT INTO `vtiger_profile2field` VALUES('1', '6', '29', '0', '1');
INSERT INTO `vtiger_profile2field` VALUES('1', '6', '30', '0', '1');
INSERT INTO `vtiger_profile2field` VALUES('1', '6', '31', '0', '1');
INSERT INTO `vtiger_profile2field` VALUES('1', '6', '32', '0', '1');
INSERT INTO `vtiger_profile2field` VALUES('1', '6', '33', '0', '1');
INSERT INTO `vtiger_profile2field` VALUES('1', '6', '34', '0', '1');
INSERT INTO `vtiger_profile2field` VALUES('1', '7', '35', '0', '1');
INSERT INTO `vtiger_profile2field` VALUES('1', '7', '36', '0', '1');
INSERT INTO `vtiger_profile2field` VALUES('1', '7', '37', '0', '1');
INSERT INTO `vtiger_profile2field` VALUES('1', '7', '38', '0', '1');
INSERT INTO `vtiger_profile2field` VALUES('1', '7', '39', '0', '1');
INSERT INTO `vtiger_profile2field` VALUES('1', '7', '40', '0', '1');
INSERT INTO `vtiger_profile2field` VALUES('1', '7', '41', '0', '1');
INSERT INTO `vtiger_profile2field` VALUES('1', '7', '42', '0', '1');
INSERT INTO `vtiger_profile2field` VALUES('1', '7', '43', '0', '1');
INSERT INTO `vtiger_profile2field` VALUES('1', '7', '44', '0', '1');
INSERT INTO `vtiger_profile2field` VALUES('1', '7', '45', '0', '1');
INSERT INTO `vtiger_profile2field` VALUES('1', '7', '46', '0', '1');
INSERT INTO `vtiger_profile2field` VALUES('1', '7', '47', '0', '1');
INSERT INTO `vtiger_profile2field` VALUES('1', '7', '48', '0', '1');
INSERT INTO `vtiger_profile2field` VALUES('1', '7', '49', '0', '1');
INSERT INTO `vtiger_profile2field` VALUES('1', '7', '50', '0', '1');
INSERT INTO `vtiger_profile2field` VALUES('1', '7', '51', '0', '1');
INSERT INTO `vtiger_profile2field` VALUES('1', '7', '52', '0', '1');
INSERT INTO `vtiger_profile2field` VALUES('1', '7', '53', '0', '1');
INSERT INTO `vtiger_profile2field` VALUES('1', '7', '54', '0', '1');
INSERT INTO `vtiger_profile2field` VALUES('1', '7', '55', '0', '1');
INSERT INTO `vtiger_profile2field` VALUES('1', '7', '56', '0', '1');
INSERT INTO `vtiger_profile2field` VALUES('1', '7', '57', '0', '1');
INSERT INTO `vtiger_profile2field` VALUES('1', '7', '58', '0', '1');
INSERT INTO `vtiger_profile2field` VALUES('1', '7', '59', '0', '1');
INSERT INTO `vtiger_profile2field` VALUES('1', '7', '60', '0', '1');
INSERT INTO `vtiger_profile2field` VALUES('1', '7', '61', '0', '1');
INSERT INTO `vtiger_profile2field` VALUES('1', '4', '62', '0', '1');
INSERT INTO `vtiger_profile2field` VALUES('1', '4', '63', '0', '1');
INSERT INTO `vtiger_profile2field` VALUES('1', '4', '64', '0', '1');
INSERT INTO `vtiger_profile2field` VALUES('1', '4', '65', '0', '1');
INSERT INTO `vtiger_profile2field` VALUES('1', '4', '66', '0', '1');
INSERT INTO `vtiger_profile2field` VALUES('1', '4', '67', '0', '1');
INSERT INTO `vtiger_profile2field` VALUES('1', '4', '68', '0', '1');
INSERT INTO `vtiger_profile2field` VALUES('1', '4', '69', '0', '1');
INSERT INTO `vtiger_profile2field` VALUES('1', '4', '70', '0', '1');
INSERT INTO `vtiger_profile2field` VALUES('1', '4', '71', '0', '1');
INSERT INTO `vtiger_profile2field` VALUES('1', '4', '72', '0', '1');
INSERT INTO `vtiger_profile2field` VALUES('1', '4', '73', '0', '1');
INSERT INTO `vtiger_profile2field` VALUES('1', '4', '74', '0', '1');
INSERT INTO `vtiger_profile2field` VALUES('1', '4', '75', '0', '1');
INSERT INTO `vtiger_profile2field` VALUES('1', '4', '76', '0', '1');
INSERT INTO `vtiger_profile2field` VALUES('1', '4', '77', '0', '1');
INSERT INTO `vtiger_profile2field` VALUES('1', '4', '78', '0', '1');
INSERT INTO `vtiger_profile2field` VALUES('1', '4', '79', '0', '1');
INSERT INTO `vtiger_profile2field` VALUES('1', '4', '80', '0', '1');
INSERT INTO `vtiger_profile2field` VALUES('1', '4', '81', '0', '1');
INSERT INTO `vtiger_profile2field` VALUES('1', '4', '82', '0', '1');
INSERT INTO `vtiger_profile2field` VALUES('1', '4', '83', '0', '1');
INSERT INTO `vtiger_profile2field` VALUES('1', '4', '84', '0', '1');
INSERT INTO `vtiger_profile2field` VALUES('1', '4', '85', '0', '1');
INSERT INTO `vtiger_profile2field` VALUES('1', '4', '86', '0', '1');
INSERT INTO `vtiger_profile2field` VALUES('1', '4', '87', '0', '1');
INSERT INTO `vtiger_profile2field` VALUES('1', '4', '88', '0', '1');
INSERT INTO `vtiger_profile2field` VALUES('1', '4', '89', '0', '1');
INSERT INTO `vtiger_profile2field` VALUES('1', '4', '90', '0', '1');
INSERT INTO `vtiger_profile2field` VALUES('1', '4', '91', '0', '1');
INSERT INTO `vtiger_profile2field` VALUES('1', '4', '92', '0', '1');
INSERT INTO `vtiger_profile2field` VALUES('1', '4', '93', '0', '1');
INSERT INTO `vtiger_profile2field` VALUES('1', '4', '94', '0', '1');
INSERT INTO `vtiger_profile2field` VALUES('1', '4', '95', '0', '1');
INSERT INTO `vtiger_profile2field` VALUES('1', '4', '96', '0', '1');
INSERT INTO `vtiger_profile2field` VALUES('1', '4', '97', '0', '1');
INSERT INTO `vtiger_profile2field` VALUES('1', '4', '98', '0', '1');
INSERT INTO `vtiger_profile2field` VALUES('1', '4', '99', '0', '1');
INSERT INTO `vtiger_profile2field` VALUES('1', '4', '100', '0', '1');
INSERT INTO `vtiger_profile2field` VALUES('1', '4', '101', '0', '1');
INSERT INTO `vtiger_profile2field` VALUES('1', '4', '102', '0', '1');
INSERT INTO `vtiger_profile2field` VALUES('1', '4', '103', '0', '1');
INSERT INTO `vtiger_profile2field` VALUES('1', '2', '104', '0', '1');
INSERT INTO `vtiger_profile2field` VALUES('1', '2', '105', '0', '1');
INSERT INTO `vtiger_profile2field` VALUES('1', '2', '106', '0', '1');
INSERT INTO `vtiger_profile2field` VALUES('1', '2', '107', '0', '1');
INSERT INTO `vtiger_profile2field` VALUES('1', '2', '108', '0', '1');
INSERT INTO `vtiger_profile2field` VALUES('1', '2', '109', '0', '1');
INSERT INTO `vtiger_profile2field` VALUES('1', '2', '110', '0', '1');
INSERT INTO `vtiger_profile2field` VALUES('1', '2', '111', '0', '1');
INSERT INTO `vtiger_profile2field` VALUES('1', '2', '112', '0', '1');
INSERT INTO `vtiger_profile2field` VALUES('1', '2', '113', '0', '1');
INSERT INTO `vtiger_profile2field` VALUES('1', '2', '114', '0', '1');
INSERT INTO `vtiger_profile2field` VALUES('1', '2', '115', '0', '1');
INSERT INTO `vtiger_profile2field` VALUES('1', '2', '116', '0', '1');
INSERT INTO `vtiger_profile2field` VALUES('1', '2', '117', '0', '1');
INSERT INTO `vtiger_profile2field` VALUES('1', '26', '118', '0', '1');
INSERT INTO `vtiger_profile2field` VALUES('1', '26', '119', '0', '1');
INSERT INTO `vtiger_profile2field` VALUES('1', '26', '120', '0', '1');
INSERT INTO `vtiger_profile2field` VALUES('1', '26', '121', '0', '1');
INSERT INTO `vtiger_profile2field` VALUES('1', '26', '122', '0', '1');
INSERT INTO `vtiger_profile2field` VALUES('1', '26', '123', '0', '1');
INSERT INTO `vtiger_profile2field` VALUES('1', '26', '124', '0', '1');
INSERT INTO `vtiger_profile2field` VALUES('1', '26', '125', '0', '1');
INSERT INTO `vtiger_profile2field` VALUES('1', '26', '126', '0', '1');
INSERT INTO `vtiger_profile2field` VALUES('1', '26', '127', '0', '1');
INSERT INTO `vtiger_profile2field` VALUES('1', '26', '128', '0', '1');
INSERT INTO `vtiger_profile2field` VALUES('1', '26', '129', '0', '1');
INSERT INTO `vtiger_profile2field` VALUES('1', '26', '130', '0', '1');
INSERT INTO `vtiger_profile2field` VALUES('1', '26', '131', '0', '1');
INSERT INTO `vtiger_profile2field` VALUES('1', '26', '132', '0', '1');
INSERT INTO `vtiger_profile2field` VALUES('1', '26', '133', '0', '1');
INSERT INTO `vtiger_profile2field` VALUES('1', '26', '134', '0', '1');
INSERT INTO `vtiger_profile2field` VALUES('1', '26', '135', '0', '1');
INSERT INTO `vtiger_profile2field` VALUES('1', '26', '136', '0', '1');
INSERT INTO `vtiger_profile2field` VALUES('1', '26', '137', '0', '1');
INSERT INTO `vtiger_profile2field` VALUES('1', '26', '138', '0', '1');
INSERT INTO `vtiger_profile2field` VALUES('1', '26', '139', '0', '1');
INSERT INTO `vtiger_profile2field` VALUES('1', '26', '140', '0', '1');
INSERT INTO `vtiger_profile2field` VALUES('1', '13', '141', '0', '1');
INSERT INTO `vtiger_profile2field` VALUES('1', '13', '142', '0', '1');
INSERT INTO `vtiger_profile2field` VALUES('1', '13', '143', '0', '1');
INSERT INTO `vtiger_profile2field` VALUES('1', '13', '144', '0', '1');
INSERT INTO `vtiger_profile2field` VALUES('1', '13', '145', '0', '1');
INSERT INTO `vtiger_profile2field` VALUES('1', '13', '146', '0', '1');
INSERT INTO `vtiger_profile2field` VALUES('1', '13', '147', '0', '1');
INSERT INTO `vtiger_profile2field` VALUES('1', '13', '148', '0', '1');
INSERT INTO `vtiger_profile2field` VALUES('1', '13', '149', '0', '1');
INSERT INTO `vtiger_profile2field` VALUES('1', '13', '150', '0', '1');
INSERT INTO `vtiger_profile2field` VALUES('1', '13', '151', '0', '1');
INSERT INTO `vtiger_profile2field` VALUES('1', '13', '152', '0', '1');
INSERT INTO `vtiger_profile2field` VALUES('1', '13', '153', '0', '1');
INSERT INTO `vtiger_profile2field` VALUES('1', '13', '154', '0', '1');
INSERT INTO `vtiger_profile2field` VALUES('1', '13', '155', '0', '1');
INSERT INTO `vtiger_profile2field` VALUES('1', '14', '156', '0', '1');
INSERT INTO `vtiger_profile2field` VALUES('1', '14', '157', '0', '1');
INSERT INTO `vtiger_profile2field` VALUES('1', '14', '158', '0', '1');
INSERT INTO `vtiger_profile2field` VALUES('1', '14', '159', '0', '1');
INSERT INTO `vtiger_profile2field` VALUES('1', '14', '160', '0', '1');
INSERT INTO `vtiger_profile2field` VALUES('1', '14', '161', '0', '1');
INSERT INTO `vtiger_profile2field` VALUES('1', '14', '162', '0', '1');
INSERT INTO `vtiger_profile2field` VALUES('1', '14', '163', '0', '1');
INSERT INTO `vtiger_profile2field` VALUES('1', '14', '164', '0', '1');
INSERT INTO `vtiger_profile2field` VALUES('1', '14', '165', '0', '1');
INSERT INTO `vtiger_profile2field` VALUES('1', '14', '166', '0', '1');
INSERT INTO `vtiger_profile2field` VALUES('1', '14', '167', '0', '1');
INSERT INTO `vtiger_profile2field` VALUES('1', '14', '168', '0', '1');
INSERT INTO `vtiger_profile2field` VALUES('1', '14', '169', '0', '1');
INSERT INTO `vtiger_profile2field` VALUES('1', '14', '170', '0', '1');
INSERT INTO `vtiger_profile2field` VALUES('1', '14', '171', '0', '1');
INSERT INTO `vtiger_profile2field` VALUES('1', '14', '172', '0', '1');
INSERT INTO `vtiger_profile2field` VALUES('1', '14', '173', '0', '1');
INSERT INTO `vtiger_profile2field` VALUES('1', '14', '174', '0', '1');
INSERT INTO `vtiger_profile2field` VALUES('1', '14', '175', '0', '1');
INSERT INTO `vtiger_profile2field` VALUES('1', '14', '176', '0', '1');
INSERT INTO `vtiger_profile2field` VALUES('1', '14', '177', '0', '1');
INSERT INTO `vtiger_profile2field` VALUES('1', '14', '178', '0', '1');
INSERT INTO `vtiger_profile2field` VALUES('1', '14', '179', '0', '1');
INSERT INTO `vtiger_profile2field` VALUES('1', '14', '180', '0', '1');
INSERT INTO `vtiger_profile2field` VALUES('1', '14', '181', '0', '1');
INSERT INTO `vtiger_profile2field` VALUES('1', '14', '182', '0', '1');
INSERT INTO `vtiger_profile2field` VALUES('1', '14', '183', '0', '1');
INSERT INTO `vtiger_profile2field` VALUES('1', '14', '184', '0', '1');
INSERT INTO `vtiger_profile2field` VALUES('1', '8', '185', '0', '1');
INSERT INTO `vtiger_profile2field` VALUES('1', '8', '186', '0', '1');
INSERT INTO `vtiger_profile2field` VALUES('1', '8', '187', '0', '1');
INSERT INTO `vtiger_profile2field` VALUES('1', '8', '188', '0', '1');
INSERT INTO `vtiger_profile2field` VALUES('1', '8', '189', '0', '1');
INSERT INTO `vtiger_profile2field` VALUES('1', '8', '190', '0', '1');
INSERT INTO `vtiger_profile2field` VALUES('1', '8', '191', '0', '1');
INSERT INTO `vtiger_profile2field` VALUES('1', '10', '192', '0', '1');
INSERT INTO `vtiger_profile2field` VALUES('1', '10', '193', '0', '1');
INSERT INTO `vtiger_profile2field` VALUES('1', '10', '194', '0', '1');
INSERT INTO `vtiger_profile2field` VALUES('1', '10', '195', '0', '1');
INSERT INTO `vtiger_profile2field` VALUES('1', '10', '196', '0', '1');
INSERT INTO `vtiger_profile2field` VALUES('1', '10', '197', '0', '1');
INSERT INTO `vtiger_profile2field` VALUES('1', '10', '198', '0', '1');
INSERT INTO `vtiger_profile2field` VALUES('1', '10', '199', '0', '1');
INSERT INTO `vtiger_profile2field` VALUES('1', '10', '200', '0', '1');
INSERT INTO `vtiger_profile2field` VALUES('1', '10', '201', '0', '1');
INSERT INTO `vtiger_profile2field` VALUES('1', '10', '202', '0', '1');
INSERT INTO `vtiger_profile2field` VALUES('1', '9', '203', '0', '1');
INSERT INTO `vtiger_profile2field` VALUES('1', '9', '204', '0', '1');
INSERT INTO `vtiger_profile2field` VALUES('1', '9', '205', '0', '1');
INSERT INTO `vtiger_profile2field` VALUES('1', '9', '206', '0', '1');
INSERT INTO `vtiger_profile2field` VALUES('1', '9', '207', '0', '1');
INSERT INTO `vtiger_profile2field` VALUES('1', '9', '208', '0', '1');
INSERT INTO `vtiger_profile2field` VALUES('1', '9', '209', '0', '1');
INSERT INTO `vtiger_profile2field` VALUES('1', '9', '210', '0', '1');
INSERT INTO `vtiger_profile2field` VALUES('1', '9', '211', '0', '1');
INSERT INTO `vtiger_profile2field` VALUES('1', '9', '212', '0', '1');
INSERT INTO `vtiger_profile2field` VALUES('1', '9', '213', '0', '1');
INSERT INTO `vtiger_profile2field` VALUES('1', '9', '214', '0', '1');
INSERT INTO `vtiger_profile2field` VALUES('1', '9', '215', '0', '1');
INSERT INTO `vtiger_profile2field` VALUES('1', '9', '216', '0', '1');
INSERT INTO `vtiger_profile2field` VALUES('1', '9', '217', '0', '1');
INSERT INTO `vtiger_profile2field` VALUES('1', '9', '218', '0', '1');
INSERT INTO `vtiger_profile2field` VALUES('1', '9', '219', '0', '1');
INSERT INTO `vtiger_profile2field` VALUES('1', '9', '220', '0', '1');
INSERT INTO `vtiger_profile2field` VALUES('1', '9', '221', '0', '1');
INSERT INTO `vtiger_profile2field` VALUES('1', '9', '222', '0', '1');
INSERT INTO `vtiger_profile2field` VALUES('1', '9', '223', '0', '1');
INSERT INTO `vtiger_profile2field` VALUES('1', '9', '224', '0', '1');
INSERT INTO `vtiger_profile2field` VALUES('1', '9', '225', '0', '1');
INSERT INTO `vtiger_profile2field` VALUES('1', '16', '226', '0', '1');
INSERT INTO `vtiger_profile2field` VALUES('1', '16', '227', '0', '1');
INSERT INTO `vtiger_profile2field` VALUES('1', '16', '228', '0', '1');
INSERT INTO `vtiger_profile2field` VALUES('1', '16', '229', '0', '1');
INSERT INTO `vtiger_profile2field` VALUES('1', '16', '230', '0', '1');
INSERT INTO `vtiger_profile2field` VALUES('1', '16', '231', '0', '1');
INSERT INTO `vtiger_profile2field` VALUES('1', '16', '232', '0', '1');
INSERT INTO `vtiger_profile2field` VALUES('1', '16', '233', '0', '1');
INSERT INTO `vtiger_profile2field` VALUES('1', '16', '234', '0', '1');
INSERT INTO `vtiger_profile2field` VALUES('1', '16', '235', '0', '1');
INSERT INTO `vtiger_profile2field` VALUES('1', '16', '236', '0', '1');
INSERT INTO `vtiger_profile2field` VALUES('1', '16', '237', '0', '1');
INSERT INTO `vtiger_profile2field` VALUES('1', '16', '238', '0', '1');
INSERT INTO `vtiger_profile2field` VALUES('1', '16', '239', '0', '1');
INSERT INTO `vtiger_profile2field` VALUES('1', '16', '240', '0', '1');
INSERT INTO `vtiger_profile2field` VALUES('1', '16', '241', '0', '1');
INSERT INTO `vtiger_profile2field` VALUES('1', '16', '242', '0', '1');
INSERT INTO `vtiger_profile2field` VALUES('1', '16', '243', '0', '1');
INSERT INTO `vtiger_profile2field` VALUES('1', '16', '244', '0', '1');
INSERT INTO `vtiger_profile2field` VALUES('1', '16', '245', '0', '1');
INSERT INTO `vtiger_profile2field` VALUES('1', '16', '246', '0', '1');
INSERT INTO `vtiger_profile2field` VALUES('1', '15', '247', '0', '1');
INSERT INTO `vtiger_profile2field` VALUES('1', '15', '248', '0', '1');
INSERT INTO `vtiger_profile2field` VALUES('1', '15', '249', '0', '1');
INSERT INTO `vtiger_profile2field` VALUES('1', '15', '250', '0', '1');
INSERT INTO `vtiger_profile2field` VALUES('1', '15', '251', '0', '1');
INSERT INTO `vtiger_profile2field` VALUES('1', '15', '252', '0', '1');
INSERT INTO `vtiger_profile2field` VALUES('1', '15', '253', '0', '1');
INSERT INTO `vtiger_profile2field` VALUES('1', '15', '254', '0', '1');
INSERT INTO `vtiger_profile2field` VALUES('1', '18', '255', '0', '1');
INSERT INTO `vtiger_profile2field` VALUES('1', '18', '256', '0', '1');
INSERT INTO `vtiger_profile2field` VALUES('1', '18', '257', '0', '1');
INSERT INTO `vtiger_profile2field` VALUES('1', '18', '258', '0', '1');
INSERT INTO `vtiger_profile2field` VALUES('1', '18', '259', '0', '1');
INSERT INTO `vtiger_profile2field` VALUES('1', '18', '260', '0', '1');
INSERT INTO `vtiger_profile2field` VALUES('1', '18', '261', '0', '1');
INSERT INTO `vtiger_profile2field` VALUES('1', '18', '262', '0', '1');
INSERT INTO `vtiger_profile2field` VALUES('1', '18', '263', '0', '1');
INSERT INTO `vtiger_profile2field` VALUES('1', '18', '264', '0', '1');
INSERT INTO `vtiger_profile2field` VALUES('1', '18', '265', '0', '1');
INSERT INTO `vtiger_profile2field` VALUES('1', '18', '266', '0', '1');
INSERT INTO `vtiger_profile2field` VALUES('1', '18', '267', '0', '1');
INSERT INTO `vtiger_profile2field` VALUES('1', '18', '268', '0', '1');
INSERT INTO `vtiger_profile2field` VALUES('1', '18', '269', '0', '1');
INSERT INTO `vtiger_profile2field` VALUES('1', '19', '270', '0', '1');
INSERT INTO `vtiger_profile2field` VALUES('1', '19', '271', '0', '1');
INSERT INTO `vtiger_profile2field` VALUES('1', '19', '272', '0', '1');
INSERT INTO `vtiger_profile2field` VALUES('1', '19', '273', '0', '1');
INSERT INTO `vtiger_profile2field` VALUES('1', '19', '274', '0', '1');
INSERT INTO `vtiger_profile2field` VALUES('1', '20', '275', '0', '1');
INSERT INTO `vtiger_profile2field` VALUES('1', '20', '276', '0', '1');
INSERT INTO `vtiger_profile2field` VALUES('1', '20', '277', '0', '1');
INSERT INTO `vtiger_profile2field` VALUES('1', '20', '278', '0', '1');
INSERT INTO `vtiger_profile2field` VALUES('1', '20', '279', '0', '1');
INSERT INTO `vtiger_profile2field` VALUES('1', '20', '280', '0', '1');
INSERT INTO `vtiger_profile2field` VALUES('1', '20', '281', '0', '1');
INSERT INTO `vtiger_profile2field` VALUES('1', '20', '282', '0', '1');
INSERT INTO `vtiger_profile2field` VALUES('1', '20', '283', '0', '1');
INSERT INTO `vtiger_profile2field` VALUES('1', '20', '284', '0', '1');
INSERT INTO `vtiger_profile2field` VALUES('1', '20', '285', '0', '1');
INSERT INTO `vtiger_profile2field` VALUES('1', '20', '286', '0', '1');
INSERT INTO `vtiger_profile2field` VALUES('1', '20', '287', '0', '1');
INSERT INTO `vtiger_profile2field` VALUES('1', '20', '288', '0', '1');
INSERT INTO `vtiger_profile2field` VALUES('1', '20', '289', '0', '1');
INSERT INTO `vtiger_profile2field` VALUES('1', '20', '290', '0', '1');
INSERT INTO `vtiger_profile2field` VALUES('1', '20', '291', '0', '1');
INSERT INTO `vtiger_profile2field` VALUES('1', '20', '292', '0', '1');
INSERT INTO `vtiger_profile2field` VALUES('1', '20', '293', '0', '1');
INSERT INTO `vtiger_profile2field` VALUES('1', '20', '294', '0', '1');
INSERT INTO `vtiger_profile2field` VALUES('1', '20', '295', '0', '1');
INSERT INTO `vtiger_profile2field` VALUES('1', '20', '296', '0', '1');
INSERT INTO `vtiger_profile2field` VALUES('1', '20', '297', '0', '1');
INSERT INTO `vtiger_profile2field` VALUES('1', '20', '298', '0', '1');
INSERT INTO `vtiger_profile2field` VALUES('1', '20', '299', '0', '1');
INSERT INTO `vtiger_profile2field` VALUES('1', '20', '300', '0', '1');
INSERT INTO `vtiger_profile2field` VALUES('1', '20', '301', '0', '1');
INSERT INTO `vtiger_profile2field` VALUES('1', '20', '302', '0', '1');
INSERT INTO `vtiger_profile2field` VALUES('1', '20', '303', '0', '1');
INSERT INTO `vtiger_profile2field` VALUES('1', '20', '304', '0', '1');
INSERT INTO `vtiger_profile2field` VALUES('1', '20', '305', '0', '1');
INSERT INTO `vtiger_profile2field` VALUES('1', '20', '306', '0', '1');
INSERT INTO `vtiger_profile2field` VALUES('1', '20', '307', '0', '1');
INSERT INTO `vtiger_profile2field` VALUES('1', '21', '308', '0', '1');
INSERT INTO `vtiger_profile2field` VALUES('1', '21', '309', '0', '1');
INSERT INTO `vtiger_profile2field` VALUES('1', '21', '310', '0', '1');
INSERT INTO `vtiger_profile2field` VALUES('1', '21', '311', '0', '1');
INSERT INTO `vtiger_profile2field` VALUES('1', '21', '312', '0', '1');
INSERT INTO `vtiger_profile2field` VALUES('1', '21', '313', '0', '1');
INSERT INTO `vtiger_profile2field` VALUES('1', '21', '314', '0', '1');
INSERT INTO `vtiger_profile2field` VALUES('1', '21', '315', '0', '1');
INSERT INTO `vtiger_profile2field` VALUES('1', '21', '316', '0', '1');
INSERT INTO `vtiger_profile2field` VALUES('1', '21', '317', '0', '1');
INSERT INTO `vtiger_profile2field` VALUES('1', '21', '318', '0', '1');
INSERT INTO `vtiger_profile2field` VALUES('1', '21', '319', '0', '1');
INSERT INTO `vtiger_profile2field` VALUES('1', '21', '320', '0', '1');
INSERT INTO `vtiger_profile2field` VALUES('1', '21', '321', '0', '1');
INSERT INTO `vtiger_profile2field` VALUES('1', '21', '322', '0', '1');
INSERT INTO `vtiger_profile2field` VALUES('1', '21', '323', '0', '1');
INSERT INTO `vtiger_profile2field` VALUES('1', '21', '324', '0', '1');
INSERT INTO `vtiger_profile2field` VALUES('1', '21', '325', '0', '1');
INSERT INTO `vtiger_profile2field` VALUES('1', '21', '326', '0', '1');
INSERT INTO `vtiger_profile2field` VALUES('1', '21', '327', '0', '1');
INSERT INTO `vtiger_profile2field` VALUES('1', '21', '328', '0', '1');
INSERT INTO `vtiger_profile2field` VALUES('1', '21', '329', '0', '1');
INSERT INTO `vtiger_profile2field` VALUES('1', '21', '330', '0', '1');
INSERT INTO `vtiger_profile2field` VALUES('1', '21', '331', '0', '1');
INSERT INTO `vtiger_profile2field` VALUES('1', '21', '332', '0', '1');
INSERT INTO `vtiger_profile2field` VALUES('1', '21', '333', '0', '1');
INSERT INTO `vtiger_profile2field` VALUES('1', '21', '334', '0', '1');
INSERT INTO `vtiger_profile2field` VALUES('1', '21', '335', '0', '1');
INSERT INTO `vtiger_profile2field` VALUES('1', '21', '336', '0', '1');
INSERT INTO `vtiger_profile2field` VALUES('1', '21', '337', '0', '1');
INSERT INTO `vtiger_profile2field` VALUES('1', '21', '338', '0', '1');
INSERT INTO `vtiger_profile2field` VALUES('1', '21', '339', '0', '1');
INSERT INTO `vtiger_profile2field` VALUES('1', '21', '340', '0', '1');
INSERT INTO `vtiger_profile2field` VALUES('1', '21', '341', '0', '1');
INSERT INTO `vtiger_profile2field` VALUES('1', '22', '342', '0', '1');
INSERT INTO `vtiger_profile2field` VALUES('1', '22', '343', '0', '1');
INSERT INTO `vtiger_profile2field` VALUES('1', '22', '344', '0', '1');
INSERT INTO `vtiger_profile2field` VALUES('1', '22', '345', '0', '1');
INSERT INTO `vtiger_profile2field` VALUES('1', '22', '346', '0', '1');
INSERT INTO `vtiger_profile2field` VALUES('1', '22', '347', '0', '1');
INSERT INTO `vtiger_profile2field` VALUES('1', '22', '348', '0', '1');
INSERT INTO `vtiger_profile2field` VALUES('1', '22', '349', '0', '1');
INSERT INTO `vtiger_profile2field` VALUES('1', '22', '350', '0', '1');
INSERT INTO `vtiger_profile2field` VALUES('1', '22', '351', '0', '1');
INSERT INTO `vtiger_profile2field` VALUES('1', '22', '352', '0', '1');
INSERT INTO `vtiger_profile2field` VALUES('1', '22', '353', '0', '1');
INSERT INTO `vtiger_profile2field` VALUES('1', '22', '354', '0', '1');
INSERT INTO `vtiger_profile2field` VALUES('1', '22', '355', '0', '1');
INSERT INTO `vtiger_profile2field` VALUES('1', '22', '356', '0', '1');
INSERT INTO `vtiger_profile2field` VALUES('1', '22', '357', '0', '1');
INSERT INTO `vtiger_profile2field` VALUES('1', '22', '358', '0', '1');
INSERT INTO `vtiger_profile2field` VALUES('1', '22', '359', '0', '1');
INSERT INTO `vtiger_profile2field` VALUES('1', '22', '360', '0', '1');
INSERT INTO `vtiger_profile2field` VALUES('1', '22', '361', '0', '1');
INSERT INTO `vtiger_profile2field` VALUES('1', '22', '362', '0', '1');
INSERT INTO `vtiger_profile2field` VALUES('1', '22', '363', '0', '1');
INSERT INTO `vtiger_profile2field` VALUES('1', '22', '364', '0', '1');
INSERT INTO `vtiger_profile2field` VALUES('1', '22', '365', '0', '1');
INSERT INTO `vtiger_profile2field` VALUES('1', '22', '366', '0', '1');
INSERT INTO `vtiger_profile2field` VALUES('1', '22', '367', '0', '1');
INSERT INTO `vtiger_profile2field` VALUES('1', '22', '368', '0', '1');
INSERT INTO `vtiger_profile2field` VALUES('1', '22', '369', '0', '1');
INSERT INTO `vtiger_profile2field` VALUES('1', '22', '370', '0', '1');
INSERT INTO `vtiger_profile2field` VALUES('1', '22', '371', '0', '1');
INSERT INTO `vtiger_profile2field` VALUES('1', '22', '372', '0', '1');
INSERT INTO `vtiger_profile2field` VALUES('1', '22', '373', '0', '1');
INSERT INTO `vtiger_profile2field` VALUES('1', '22', '374', '0', '1');
INSERT INTO `vtiger_profile2field` VALUES('1', '22', '375', '0', '1');
INSERT INTO `vtiger_profile2field` VALUES('1', '22', '376', '0', '1');
INSERT INTO `vtiger_profile2field` VALUES('1', '22', '377', '0', '1');
INSERT INTO `vtiger_profile2field` VALUES('1', '22', '378', '0', '1');
INSERT INTO `vtiger_profile2field` VALUES('1', '23', '379', '0', '1');
INSERT INTO `vtiger_profile2field` VALUES('1', '23', '380', '0', '1');
INSERT INTO `vtiger_profile2field` VALUES('1', '23', '381', '0', '1');
INSERT INTO `vtiger_profile2field` VALUES('1', '23', '382', '0', '1');
INSERT INTO `vtiger_profile2field` VALUES('1', '23', '383', '0', '1');
INSERT INTO `vtiger_profile2field` VALUES('1', '23', '384', '0', '1');
INSERT INTO `vtiger_profile2field` VALUES('1', '23', '385', '0', '1');
INSERT INTO `vtiger_profile2field` VALUES('1', '23', '386', '0', '1');
INSERT INTO `vtiger_profile2field` VALUES('1', '23', '387', '0', '1');
INSERT INTO `vtiger_profile2field` VALUES('1', '23', '388', '0', '1');
INSERT INTO `vtiger_profile2field` VALUES('1', '23', '389', '0', '1');
INSERT INTO `vtiger_profile2field` VALUES('1', '23', '390', '0', '1');
INSERT INTO `vtiger_profile2field` VALUES('1', '23', '391', '0', '1');
INSERT INTO `vtiger_profile2field` VALUES('1', '23', '392', '0', '1');
INSERT INTO `vtiger_profile2field` VALUES('1', '23', '393', '0', '1');
INSERT INTO `vtiger_profile2field` VALUES('1', '23', '394', '0', '1');
INSERT INTO `vtiger_profile2field` VALUES('1', '23', '395', '0', '1');
INSERT INTO `vtiger_profile2field` VALUES('1', '23', '396', '0', '1');
INSERT INTO `vtiger_profile2field` VALUES('1', '23', '397', '0', '1');
INSERT INTO `vtiger_profile2field` VALUES('1', '23', '398', '0', '1');
INSERT INTO `vtiger_profile2field` VALUES('1', '23', '399', '0', '1');
INSERT INTO `vtiger_profile2field` VALUES('1', '23', '400', '0', '1');
INSERT INTO `vtiger_profile2field` VALUES('1', '23', '401', '0', '1');
INSERT INTO `vtiger_profile2field` VALUES('1', '23', '402', '0', '1');
INSERT INTO `vtiger_profile2field` VALUES('1', '23', '403', '0', '1');
INSERT INTO `vtiger_profile2field` VALUES('1', '23', '404', '0', '1');
INSERT INTO `vtiger_profile2field` VALUES('1', '23', '405', '0', '1');
INSERT INTO `vtiger_profile2field` VALUES('1', '23', '406', '0', '1');
INSERT INTO `vtiger_profile2field` VALUES('1', '23', '407', '0', '1');
INSERT INTO `vtiger_profile2field` VALUES('1', '23', '408', '0', '1');
INSERT INTO `vtiger_profile2field` VALUES('1', '23', '409', '0', '1');
INSERT INTO `vtiger_profile2field` VALUES('1', '23', '410', '0', '1');
INSERT INTO `vtiger_profile2field` VALUES('1', '23', '411', '0', '1');
INSERT INTO `vtiger_profile2field` VALUES('1', '23', '412', '0', '1');
INSERT INTO `vtiger_profile2field` VALUES('1', '23', '413', '0', '1');
INSERT INTO `vtiger_profile2field` VALUES('1', '23', '414', '0', '1');
INSERT INTO `vtiger_profile2field` VALUES('2', '6', '1', '0', '1');
INSERT INTO `vtiger_profile2field` VALUES('2', '6', '2', '0', '1');
INSERT INTO `vtiger_profile2field` VALUES('2', '6', '3', '0', '1');
INSERT INTO `vtiger_profile2field` VALUES('2', '6', '4', '0', '1');
INSERT INTO `vtiger_profile2field` VALUES('2', '6', '5', '0', '1');
INSERT INTO `vtiger_profile2field` VALUES('2', '6', '6', '0', '1');
INSERT INTO `vtiger_profile2field` VALUES('2', '6', '7', '0', '1');
INSERT INTO `vtiger_profile2field` VALUES('2', '6', '8', '0', '1');
INSERT INTO `vtiger_profile2field` VALUES('2', '6', '9', '0', '1');
INSERT INTO `vtiger_profile2field` VALUES('2', '6', '10', '0', '1');
INSERT INTO `vtiger_profile2field` VALUES('2', '6', '11', '0', '1');
INSERT INTO `vtiger_profile2field` VALUES('2', '6', '12', '0', '1');
INSERT INTO `vtiger_profile2field` VALUES('2', '6', '13', '0', '1');
INSERT INTO `vtiger_profile2field` VALUES('2', '6', '14', '0', '1');
INSERT INTO `vtiger_profile2field` VALUES('2', '6', '15', '0', '1');
INSERT INTO `vtiger_profile2field` VALUES('2', '6', '16', '0', '1');
INSERT INTO `vtiger_profile2field` VALUES('2', '6', '17', '0', '1');
INSERT INTO `vtiger_profile2field` VALUES('2', '6', '18', '0', '1');
INSERT INTO `vtiger_profile2field` VALUES('2', '6', '19', '0', '1');
INSERT INTO `vtiger_profile2field` VALUES('2', '6', '20', '0', '1');
INSERT INTO `vtiger_profile2field` VALUES('2', '6', '21', '0', '1');
INSERT INTO `vtiger_profile2field` VALUES('2', '6', '22', '0', '1');
INSERT INTO `vtiger_profile2field` VALUES('2', '6', '23', '0', '1');
INSERT INTO `vtiger_profile2field` VALUES('2', '6', '24', '0', '1');
INSERT INTO `vtiger_profile2field` VALUES('2', '6', '25', '0', '1');
INSERT INTO `vtiger_profile2field` VALUES('2', '6', '26', '0', '1');
INSERT INTO `vtiger_profile2field` VALUES('2', '6', '27', '0', '1');
INSERT INTO `vtiger_profile2field` VALUES('2', '6', '28', '0', '1');
INSERT INTO `vtiger_profile2field` VALUES('2', '6', '29', '0', '1');
INSERT INTO `vtiger_profile2field` VALUES('2', '6', '30', '0', '1');
INSERT INTO `vtiger_profile2field` VALUES('2', '6', '31', '0', '1');
INSERT INTO `vtiger_profile2field` VALUES('2', '6', '32', '0', '1');
INSERT INTO `vtiger_profile2field` VALUES('2', '6', '33', '0', '1');
INSERT INTO `vtiger_profile2field` VALUES('2', '6', '34', '0', '1');
INSERT INTO `vtiger_profile2field` VALUES('2', '7', '35', '0', '1');
INSERT INTO `vtiger_profile2field` VALUES('2', '7', '36', '0', '1');
INSERT INTO `vtiger_profile2field` VALUES('2', '7', '37', '0', '1');
INSERT INTO `vtiger_profile2field` VALUES('2', '7', '38', '0', '1');
INSERT INTO `vtiger_profile2field` VALUES('2', '7', '39', '0', '1');
INSERT INTO `vtiger_profile2field` VALUES('2', '7', '40', '0', '1');
INSERT INTO `vtiger_profile2field` VALUES('2', '7', '41', '0', '1');
INSERT INTO `vtiger_profile2field` VALUES('2', '7', '42', '0', '1');
INSERT INTO `vtiger_profile2field` VALUES('2', '7', '43', '0', '1');
INSERT INTO `vtiger_profile2field` VALUES('2', '7', '44', '0', '1');
INSERT INTO `vtiger_profile2field` VALUES('2', '7', '45', '0', '1');
INSERT INTO `vtiger_profile2field` VALUES('2', '7', '46', '0', '1');
INSERT INTO `vtiger_profile2field` VALUES('2', '7', '47', '0', '1');
INSERT INTO `vtiger_profile2field` VALUES('2', '7', '48', '0', '1');
INSERT INTO `vtiger_profile2field` VALUES('2', '7', '49', '0', '1');
INSERT INTO `vtiger_profile2field` VALUES('2', '7', '50', '0', '1');
INSERT INTO `vtiger_profile2field` VALUES('2', '7', '51', '0', '1');
INSERT INTO `vtiger_profile2field` VALUES('2', '7', '52', '0', '1');
INSERT INTO `vtiger_profile2field` VALUES('2', '7', '53', '0', '1');
INSERT INTO `vtiger_profile2field` VALUES('2', '7', '54', '0', '1');
INSERT INTO `vtiger_profile2field` VALUES('2', '7', '55', '0', '1');
INSERT INTO `vtiger_profile2field` VALUES('2', '7', '56', '0', '1');
INSERT INTO `vtiger_profile2field` VALUES('2', '7', '57', '0', '1');
INSERT INTO `vtiger_profile2field` VALUES('2', '7', '58', '0', '1');
INSERT INTO `vtiger_profile2field` VALUES('2', '7', '59', '0', '1');
INSERT INTO `vtiger_profile2field` VALUES('2', '7', '60', '0', '1');
INSERT INTO `vtiger_profile2field` VALUES('2', '7', '61', '0', '1');
INSERT INTO `vtiger_profile2field` VALUES('2', '4', '62', '0', '1');
INSERT INTO `vtiger_profile2field` VALUES('2', '4', '63', '0', '1');
INSERT INTO `vtiger_profile2field` VALUES('2', '4', '64', '0', '1');
INSERT INTO `vtiger_profile2field` VALUES('2', '4', '65', '0', '1');
INSERT INTO `vtiger_profile2field` VALUES('2', '4', '66', '0', '1');
INSERT INTO `vtiger_profile2field` VALUES('2', '4', '67', '0', '1');
INSERT INTO `vtiger_profile2field` VALUES('2', '4', '68', '0', '1');
INSERT INTO `vtiger_profile2field` VALUES('2', '4', '69', '0', '1');
INSERT INTO `vtiger_profile2field` VALUES('2', '4', '70', '0', '1');
INSERT INTO `vtiger_profile2field` VALUES('2', '4', '71', '0', '1');
INSERT INTO `vtiger_profile2field` VALUES('2', '4', '72', '0', '1');
INSERT INTO `vtiger_profile2field` VALUES('2', '4', '73', '0', '1');
INSERT INTO `vtiger_profile2field` VALUES('2', '4', '74', '0', '1');
INSERT INTO `vtiger_profile2field` VALUES('2', '4', '75', '0', '1');
INSERT INTO `vtiger_profile2field` VALUES('2', '4', '76', '0', '1');
INSERT INTO `vtiger_profile2field` VALUES('2', '4', '77', '0', '1');
INSERT INTO `vtiger_profile2field` VALUES('2', '4', '78', '0', '1');
INSERT INTO `vtiger_profile2field` VALUES('2', '4', '79', '0', '1');
INSERT INTO `vtiger_profile2field` VALUES('2', '4', '80', '0', '1');
INSERT INTO `vtiger_profile2field` VALUES('2', '4', '81', '0', '1');
INSERT INTO `vtiger_profile2field` VALUES('2', '4', '82', '0', '1');
INSERT INTO `vtiger_profile2field` VALUES('2', '4', '83', '0', '1');
INSERT INTO `vtiger_profile2field` VALUES('2', '4', '84', '0', '1');
INSERT INTO `vtiger_profile2field` VALUES('2', '4', '85', '0', '1');
INSERT INTO `vtiger_profile2field` VALUES('2', '4', '86', '0', '1');
INSERT INTO `vtiger_profile2field` VALUES('2', '4', '87', '0', '1');
INSERT INTO `vtiger_profile2field` VALUES('2', '4', '88', '0', '1');
INSERT INTO `vtiger_profile2field` VALUES('2', '4', '89', '0', '1');
INSERT INTO `vtiger_profile2field` VALUES('2', '4', '90', '0', '1');
INSERT INTO `vtiger_profile2field` VALUES('2', '4', '91', '0', '1');
INSERT INTO `vtiger_profile2field` VALUES('2', '4', '92', '0', '1');
INSERT INTO `vtiger_profile2field` VALUES('2', '4', '93', '0', '1');
INSERT INTO `vtiger_profile2field` VALUES('2', '4', '94', '0', '1');
INSERT INTO `vtiger_profile2field` VALUES('2', '4', '95', '0', '1');
INSERT INTO `vtiger_profile2field` VALUES('2', '4', '96', '0', '1');
INSERT INTO `vtiger_profile2field` VALUES('2', '4', '97', '0', '1');
INSERT INTO `vtiger_profile2field` VALUES('2', '4', '98', '0', '1');
INSERT INTO `vtiger_profile2field` VALUES('2', '4', '99', '0', '1');
INSERT INTO `vtiger_profile2field` VALUES('2', '4', '100', '0', '1');
INSERT INTO `vtiger_profile2field` VALUES('2', '4', '101', '0', '1');
INSERT INTO `vtiger_profile2field` VALUES('2', '4', '102', '0', '1');
INSERT INTO `vtiger_profile2field` VALUES('2', '4', '103', '0', '1');
INSERT INTO `vtiger_profile2field` VALUES('2', '2', '104', '0', '1');
INSERT INTO `vtiger_profile2field` VALUES('2', '2', '105', '0', '1');
INSERT INTO `vtiger_profile2field` VALUES('2', '2', '106', '0', '1');
INSERT INTO `vtiger_profile2field` VALUES('2', '2', '107', '0', '1');
INSERT INTO `vtiger_profile2field` VALUES('2', '2', '108', '0', '1');
INSERT INTO `vtiger_profile2field` VALUES('2', '2', '109', '0', '1');
INSERT INTO `vtiger_profile2field` VALUES('2', '2', '110', '0', '1');
INSERT INTO `vtiger_profile2field` VALUES('2', '2', '111', '0', '1');
INSERT INTO `vtiger_profile2field` VALUES('2', '2', '112', '0', '1');
INSERT INTO `vtiger_profile2field` VALUES('2', '2', '113', '0', '1');
INSERT INTO `vtiger_profile2field` VALUES('2', '2', '114', '0', '1');
INSERT INTO `vtiger_profile2field` VALUES('2', '2', '115', '0', '1');
INSERT INTO `vtiger_profile2field` VALUES('2', '2', '116', '0', '1');
INSERT INTO `vtiger_profile2field` VALUES('2', '2', '117', '0', '1');
INSERT INTO `vtiger_profile2field` VALUES('2', '26', '118', '0', '1');
INSERT INTO `vtiger_profile2field` VALUES('2', '26', '119', '0', '1');
INSERT INTO `vtiger_profile2field` VALUES('2', '26', '120', '0', '1');
INSERT INTO `vtiger_profile2field` VALUES('2', '26', '121', '0', '1');
INSERT INTO `vtiger_profile2field` VALUES('2', '26', '122', '0', '1');
INSERT INTO `vtiger_profile2field` VALUES('2', '26', '123', '0', '1');
INSERT INTO `vtiger_profile2field` VALUES('2', '26', '124', '0', '1');
INSERT INTO `vtiger_profile2field` VALUES('2', '26', '125', '0', '1');
INSERT INTO `vtiger_profile2field` VALUES('2', '26', '126', '0', '1');
INSERT INTO `vtiger_profile2field` VALUES('2', '26', '127', '0', '1');
INSERT INTO `vtiger_profile2field` VALUES('2', '26', '128', '0', '1');
INSERT INTO `vtiger_profile2field` VALUES('2', '26', '129', '0', '1');
INSERT INTO `vtiger_profile2field` VALUES('2', '26', '130', '0', '1');
INSERT INTO `vtiger_profile2field` VALUES('2', '26', '131', '0', '1');
INSERT INTO `vtiger_profile2field` VALUES('2', '26', '132', '0', '1');
INSERT INTO `vtiger_profile2field` VALUES('2', '26', '133', '0', '1');
INSERT INTO `vtiger_profile2field` VALUES('2', '26', '134', '0', '1');
INSERT INTO `vtiger_profile2field` VALUES('2', '26', '135', '0', '1');
INSERT INTO `vtiger_profile2field` VALUES('2', '26', '136', '0', '1');
INSERT INTO `vtiger_profile2field` VALUES('2', '26', '137', '0', '1');
INSERT INTO `vtiger_profile2field` VALUES('2', '26', '138', '0', '1');
INSERT INTO `vtiger_profile2field` VALUES('2', '26', '139', '0', '1');
INSERT INTO `vtiger_profile2field` VALUES('2', '26', '140', '0', '1');
INSERT INTO `vtiger_profile2field` VALUES('2', '13', '141', '0', '1');
INSERT INTO `vtiger_profile2field` VALUES('2', '13', '142', '0', '1');
INSERT INTO `vtiger_profile2field` VALUES('2', '13', '143', '0', '1');
INSERT INTO `vtiger_profile2field` VALUES('2', '13', '144', '0', '1');
INSERT INTO `vtiger_profile2field` VALUES('2', '13', '145', '0', '1');
INSERT INTO `vtiger_profile2field` VALUES('2', '13', '146', '0', '1');
INSERT INTO `vtiger_profile2field` VALUES('2', '13', '147', '0', '1');
INSERT INTO `vtiger_profile2field` VALUES('2', '13', '148', '0', '1');
INSERT INTO `vtiger_profile2field` VALUES('2', '13', '149', '0', '1');
INSERT INTO `vtiger_profile2field` VALUES('2', '13', '150', '0', '1');
INSERT INTO `vtiger_profile2field` VALUES('2', '13', '151', '0', '1');
INSERT INTO `vtiger_profile2field` VALUES('2', '13', '152', '0', '1');
INSERT INTO `vtiger_profile2field` VALUES('2', '13', '153', '0', '1');
INSERT INTO `vtiger_profile2field` VALUES('2', '13', '154', '0', '1');
INSERT INTO `vtiger_profile2field` VALUES('2', '13', '155', '0', '1');
INSERT INTO `vtiger_profile2field` VALUES('2', '14', '156', '0', '1');
INSERT INTO `vtiger_profile2field` VALUES('2', '14', '157', '1', '1');
INSERT INTO `vtiger_profile2field` VALUES('2', '14', '158', '0', '1');
INSERT INTO `vtiger_profile2field` VALUES('2', '14', '159', '1', '1');
INSERT INTO `vtiger_profile2field` VALUES('2', '14', '160', '1', '1');
INSERT INTO `vtiger_profile2field` VALUES('2', '14', '161', '1', '1');
INSERT INTO `vtiger_profile2field` VALUES('2', '14', '162', '0', '1');
INSERT INTO `vtiger_profile2field` VALUES('2', '14', '163', '1', '1');
INSERT INTO `vtiger_profile2field` VALUES('2', '14', '164', '1', '1');
INSERT INTO `vtiger_profile2field` VALUES('2', '14', '165', '1', '1');
INSERT INTO `vtiger_profile2field` VALUES('2', '14', '166', '1', '1');
INSERT INTO `vtiger_profile2field` VALUES('2', '14', '167', '1', '1');
INSERT INTO `vtiger_profile2field` VALUES('2', '14', '168', '1', '1');
INSERT INTO `vtiger_profile2field` VALUES('2', '14', '169', '1', '1');
INSERT INTO `vtiger_profile2field` VALUES('2', '14', '170', '0', '1');
INSERT INTO `vtiger_profile2field` VALUES('2', '14', '171', '1', '1');
INSERT INTO `vtiger_profile2field` VALUES('2', '14', '172', '1', '1');
INSERT INTO `vtiger_profile2field` VALUES('2', '14', '173', '0', '1');
INSERT INTO `vtiger_profile2field` VALUES('2', '14', '174', '0', '1');
INSERT INTO `vtiger_profile2field` VALUES('2', '14', '175', '1', '1');
INSERT INTO `vtiger_profile2field` VALUES('2', '14', '176', '0', '1');
INSERT INTO `vtiger_profile2field` VALUES('2', '14', '177', '1', '1');
INSERT INTO `vtiger_profile2field` VALUES('2', '14', '178', '0', '1');
INSERT INTO `vtiger_profile2field` VALUES('2', '14', '179', '0', '1');
INSERT INTO `vtiger_profile2field` VALUES('2', '14', '180', '1', '1');
INSERT INTO `vtiger_profile2field` VALUES('2', '14', '181', '1', '1');
INSERT INTO `vtiger_profile2field` VALUES('2', '14', '182', '0', '1');
INSERT INTO `vtiger_profile2field` VALUES('2', '14', '183', '1', '1');
INSERT INTO `vtiger_profile2field` VALUES('2', '14', '184', '0', '1');
INSERT INTO `vtiger_profile2field` VALUES('2', '8', '185', '0', '1');
INSERT INTO `vtiger_profile2field` VALUES('2', '8', '186', '0', '1');
INSERT INTO `vtiger_profile2field` VALUES('2', '8', '187', '0', '1');
INSERT INTO `vtiger_profile2field` VALUES('2', '8', '188', '0', '1');
INSERT INTO `vtiger_profile2field` VALUES('2', '8', '189', '0', '1');
INSERT INTO `vtiger_profile2field` VALUES('2', '8', '190', '0', '1');
INSERT INTO `vtiger_profile2field` VALUES('2', '8', '191', '0', '1');
INSERT INTO `vtiger_profile2field` VALUES('2', '10', '192', '0', '1');
INSERT INTO `vtiger_profile2field` VALUES('2', '10', '193', '0', '1');
INSERT INTO `vtiger_profile2field` VALUES('2', '10', '194', '0', '1');
INSERT INTO `vtiger_profile2field` VALUES('2', '10', '195', '0', '1');
INSERT INTO `vtiger_profile2field` VALUES('2', '10', '196', '0', '1');
INSERT INTO `vtiger_profile2field` VALUES('2', '10', '197', '0', '1');
INSERT INTO `vtiger_profile2field` VALUES('2', '10', '198', '0', '1');
INSERT INTO `vtiger_profile2field` VALUES('2', '10', '199', '0', '1');
INSERT INTO `vtiger_profile2field` VALUES('2', '10', '200', '0', '1');
INSERT INTO `vtiger_profile2field` VALUES('2', '10', '201', '0', '1');
INSERT INTO `vtiger_profile2field` VALUES('2', '10', '202', '0', '1');
INSERT INTO `vtiger_profile2field` VALUES('2', '9', '203', '0', '1');
INSERT INTO `vtiger_profile2field` VALUES('2', '9', '204', '0', '1');
INSERT INTO `vtiger_profile2field` VALUES('2', '9', '205', '0', '1');
INSERT INTO `vtiger_profile2field` VALUES('2', '9', '206', '0', '1');
INSERT INTO `vtiger_profile2field` VALUES('2', '9', '207', '0', '1');
INSERT INTO `vtiger_profile2field` VALUES('2', '9', '208', '0', '1');
INSERT INTO `vtiger_profile2field` VALUES('2', '9', '209', '0', '1');
INSERT INTO `vtiger_profile2field` VALUES('2', '9', '210', '0', '1');
INSERT INTO `vtiger_profile2field` VALUES('2', '9', '211', '0', '1');
INSERT INTO `vtiger_profile2field` VALUES('2', '9', '212', '0', '1');
INSERT INTO `vtiger_profile2field` VALUES('2', '9', '213', '0', '1');
INSERT INTO `vtiger_profile2field` VALUES('2', '9', '214', '0', '1');
INSERT INTO `vtiger_profile2field` VALUES('2', '9', '215', '0', '1');
INSERT INTO `vtiger_profile2field` VALUES('2', '9', '216', '0', '1');
INSERT INTO `vtiger_profile2field` VALUES('2', '9', '217', '0', '1');
INSERT INTO `vtiger_profile2field` VALUES('2', '9', '218', '0', '1');
INSERT INTO `vtiger_profile2field` VALUES('2', '9', '219', '0', '1');
INSERT INTO `vtiger_profile2field` VALUES('2', '9', '220', '0', '1');
INSERT INTO `vtiger_profile2field` VALUES('2', '9', '221', '0', '1');
INSERT INTO `vtiger_profile2field` VALUES('2', '9', '222', '0', '1');
INSERT INTO `vtiger_profile2field` VALUES('2', '9', '223', '0', '1');
INSERT INTO `vtiger_profile2field` VALUES('2', '9', '224', '0', '1');
INSERT INTO `vtiger_profile2field` VALUES('2', '9', '225', '0', '1');
INSERT INTO `vtiger_profile2field` VALUES('2', '16', '226', '0', '1');
INSERT INTO `vtiger_profile2field` VALUES('2', '16', '227', '0', '1');
INSERT INTO `vtiger_profile2field` VALUES('2', '16', '228', '0', '1');
INSERT INTO `vtiger_profile2field` VALUES('2', '16', '229', '0', '1');
INSERT INTO `vtiger_profile2field` VALUES('2', '16', '230', '0', '1');
INSERT INTO `vtiger_profile2field` VALUES('2', '16', '231', '0', '1');
INSERT INTO `vtiger_profile2field` VALUES('2', '16', '232', '0', '1');
INSERT INTO `vtiger_profile2field` VALUES('2', '16', '233', '0', '1');
INSERT INTO `vtiger_profile2field` VALUES('2', '16', '234', '0', '1');
INSERT INTO `vtiger_profile2field` VALUES('2', '16', '235', '0', '1');
INSERT INTO `vtiger_profile2field` VALUES('2', '16', '236', '0', '1');
INSERT INTO `vtiger_profile2field` VALUES('2', '16', '237', '0', '1');
INSERT INTO `vtiger_profile2field` VALUES('2', '16', '238', '0', '1');
INSERT INTO `vtiger_profile2field` VALUES('2', '16', '239', '0', '1');
INSERT INTO `vtiger_profile2field` VALUES('2', '16', '240', '0', '1');
INSERT INTO `vtiger_profile2field` VALUES('2', '16', '241', '0', '1');
INSERT INTO `vtiger_profile2field` VALUES('2', '16', '242', '0', '1');
INSERT INTO `vtiger_profile2field` VALUES('2', '16', '243', '0', '1');
INSERT INTO `vtiger_profile2field` VALUES('2', '16', '244', '0', '1');
INSERT INTO `vtiger_profile2field` VALUES('2', '16', '245', '0', '1');
INSERT INTO `vtiger_profile2field` VALUES('2', '16', '246', '0', '1');
INSERT INTO `vtiger_profile2field` VALUES('2', '15', '247', '0', '1');
INSERT INTO `vtiger_profile2field` VALUES('2', '15', '248', '0', '1');
INSERT INTO `vtiger_profile2field` VALUES('2', '15', '249', '0', '1');
INSERT INTO `vtiger_profile2field` VALUES('2', '15', '250', '0', '1');
INSERT INTO `vtiger_profile2field` VALUES('2', '15', '251', '0', '1');
INSERT INTO `vtiger_profile2field` VALUES('2', '15', '252', '0', '1');
INSERT INTO `vtiger_profile2field` VALUES('2', '15', '253', '0', '1');
INSERT INTO `vtiger_profile2field` VALUES('2', '15', '254', '0', '1');
INSERT INTO `vtiger_profile2field` VALUES('2', '18', '255', '0', '1');
INSERT INTO `vtiger_profile2field` VALUES('2', '18', '256', '0', '1');
INSERT INTO `vtiger_profile2field` VALUES('2', '18', '257', '0', '1');
INSERT INTO `vtiger_profile2field` VALUES('2', '18', '258', '0', '1');
INSERT INTO `vtiger_profile2field` VALUES('2', '18', '259', '0', '1');
INSERT INTO `vtiger_profile2field` VALUES('2', '18', '260', '0', '1');
INSERT INTO `vtiger_profile2field` VALUES('2', '18', '261', '0', '1');
INSERT INTO `vtiger_profile2field` VALUES('2', '18', '262', '0', '1');
INSERT INTO `vtiger_profile2field` VALUES('2', '18', '263', '0', '1');
INSERT INTO `vtiger_profile2field` VALUES('2', '18', '264', '0', '1');
INSERT INTO `vtiger_profile2field` VALUES('2', '18', '265', '0', '1');
INSERT INTO `vtiger_profile2field` VALUES('2', '18', '266', '0', '1');
INSERT INTO `vtiger_profile2field` VALUES('2', '18', '267', '0', '1');
INSERT INTO `vtiger_profile2field` VALUES('2', '18', '268', '0', '1');
INSERT INTO `vtiger_profile2field` VALUES('2', '18', '269', '0', '1');
INSERT INTO `vtiger_profile2field` VALUES('2', '19', '270', '0', '1');
INSERT INTO `vtiger_profile2field` VALUES('2', '19', '271', '0', '1');
INSERT INTO `vtiger_profile2field` VALUES('2', '19', '272', '0', '1');
INSERT INTO `vtiger_profile2field` VALUES('2', '19', '273', '0', '1');
INSERT INTO `vtiger_profile2field` VALUES('2', '19', '274', '0', '1');
INSERT INTO `vtiger_profile2field` VALUES('2', '20', '275', '0', '1');
INSERT INTO `vtiger_profile2field` VALUES('2', '20', '276', '1', '1');
INSERT INTO `vtiger_profile2field` VALUES('2', '20', '277', '0', '1');
INSERT INTO `vtiger_profile2field` VALUES('2', '20', '278', '1', '1');
INSERT INTO `vtiger_profile2field` VALUES('2', '20', '279', '0', '1');
INSERT INTO `vtiger_profile2field` VALUES('2', '20', '280', '1', '1');
INSERT INTO `vtiger_profile2field` VALUES('2', '20', '281', '0', '1');
INSERT INTO `vtiger_profile2field` VALUES('2', '20', '282', '1', '1');
INSERT INTO `vtiger_profile2field` VALUES('2', '20', '283', '1', '1');
INSERT INTO `vtiger_profile2field` VALUES('2', '20', '284', '0', '1');
INSERT INTO `vtiger_profile2field` VALUES('2', '20', '285', '0', '1');
INSERT INTO `vtiger_profile2field` VALUES('2', '20', '286', '0', '1');
INSERT INTO `vtiger_profile2field` VALUES('2', '20', '287', '0', '1');
INSERT INTO `vtiger_profile2field` VALUES('2', '20', '288', '0', '1');
INSERT INTO `vtiger_profile2field` VALUES('2', '20', '289', '0', '1');
INSERT INTO `vtiger_profile2field` VALUES('2', '20', '290', '0', '1');
INSERT INTO `vtiger_profile2field` VALUES('2', '20', '291', '0', '1');
INSERT INTO `vtiger_profile2field` VALUES('2', '20', '292', '0', '1');
INSERT INTO `vtiger_profile2field` VALUES('2', '20', '293', '0', '1');
INSERT INTO `vtiger_profile2field` VALUES('2', '20', '294', '0', '1');
INSERT INTO `vtiger_profile2field` VALUES('2', '20', '295', '0', '1');
INSERT INTO `vtiger_profile2field` VALUES('2', '20', '296', '0', '1');
INSERT INTO `vtiger_profile2field` VALUES('2', '20', '297', '0', '1');
INSERT INTO `vtiger_profile2field` VALUES('2', '20', '298', '0', '1');
INSERT INTO `vtiger_profile2field` VALUES('2', '20', '299', '0', '1');
INSERT INTO `vtiger_profile2field` VALUES('2', '20', '300', '0', '1');
INSERT INTO `vtiger_profile2field` VALUES('2', '20', '301', '0', '1');
INSERT INTO `vtiger_profile2field` VALUES('2', '20', '302', '0', '1');
INSERT INTO `vtiger_profile2field` VALUES('2', '20', '303', '0', '1');
INSERT INTO `vtiger_profile2field` VALUES('2', '20', '304', '0', '1');
INSERT INTO `vtiger_profile2field` VALUES('2', '20', '305', '0', '1');
INSERT INTO `vtiger_profile2field` VALUES('2', '20', '306', '0', '1');
INSERT INTO `vtiger_profile2field` VALUES('2', '20', '307', '1', '1');
INSERT INTO `vtiger_profile2field` VALUES('2', '21', '308', '0', '1');
INSERT INTO `vtiger_profile2field` VALUES('2', '21', '309', '0', '1');
INSERT INTO `vtiger_profile2field` VALUES('2', '21', '310', '0', '1');
INSERT INTO `vtiger_profile2field` VALUES('2', '21', '311', '0', '1');
INSERT INTO `vtiger_profile2field` VALUES('2', '21', '312', '0', '1');
INSERT INTO `vtiger_profile2field` VALUES('2', '21', '313', '0', '1');
INSERT INTO `vtiger_profile2field` VALUES('2', '21', '314', '0', '1');
INSERT INTO `vtiger_profile2field` VALUES('2', '21', '315', '0', '1');
INSERT INTO `vtiger_profile2field` VALUES('2', '21', '316', '0', '1');
INSERT INTO `vtiger_profile2field` VALUES('2', '21', '317', '0', '1');
INSERT INTO `vtiger_profile2field` VALUES('2', '21', '318', '0', '1');
INSERT INTO `vtiger_profile2field` VALUES('2', '21', '319', '0', '1');
INSERT INTO `vtiger_profile2field` VALUES('2', '21', '320', '0', '1');
INSERT INTO `vtiger_profile2field` VALUES('2', '21', '321', '0', '1');
INSERT INTO `vtiger_profile2field` VALUES('2', '21', '322', '0', '1');
INSERT INTO `vtiger_profile2field` VALUES('2', '21', '323', '0', '1');
INSERT INTO `vtiger_profile2field` VALUES('2', '21', '324', '0', '1');
INSERT INTO `vtiger_profile2field` VALUES('2', '21', '325', '0', '1');
INSERT INTO `vtiger_profile2field` VALUES('2', '21', '326', '0', '1');
INSERT INTO `vtiger_profile2field` VALUES('2', '21', '327', '0', '1');
INSERT INTO `vtiger_profile2field` VALUES('2', '21', '328', '0', '1');
INSERT INTO `vtiger_profile2field` VALUES('2', '21', '329', '0', '1');
INSERT INTO `vtiger_profile2field` VALUES('2', '21', '330', '0', '1');
INSERT INTO `vtiger_profile2field` VALUES('2', '21', '331', '0', '1');
INSERT INTO `vtiger_profile2field` VALUES('2', '21', '332', '0', '1');
INSERT INTO `vtiger_profile2field` VALUES('2', '21', '333', '0', '1');
INSERT INTO `vtiger_profile2field` VALUES('2', '21', '334', '0', '1');
INSERT INTO `vtiger_profile2field` VALUES('2', '21', '335', '0', '1');
INSERT INTO `vtiger_profile2field` VALUES('2', '21', '336', '0', '1');
INSERT INTO `vtiger_profile2field` VALUES('2', '21', '337', '0', '1');
INSERT INTO `vtiger_profile2field` VALUES('2', '21', '338', '0', '1');
INSERT INTO `vtiger_profile2field` VALUES('2', '21', '339', '0', '1');
INSERT INTO `vtiger_profile2field` VALUES('2', '21', '340', '0', '1');
INSERT INTO `vtiger_profile2field` VALUES('2', '21', '341', '0', '1');
INSERT INTO `vtiger_profile2field` VALUES('2', '22', '342', '0', '1');
INSERT INTO `vtiger_profile2field` VALUES('2', '22', '343', '0', '1');
INSERT INTO `vtiger_profile2field` VALUES('2', '22', '344', '0', '1');
INSERT INTO `vtiger_profile2field` VALUES('2', '22', '345', '0', '1');
INSERT INTO `vtiger_profile2field` VALUES('2', '22', '346', '0', '1');
INSERT INTO `vtiger_profile2field` VALUES('2', '22', '347', '0', '1');
INSERT INTO `vtiger_profile2field` VALUES('2', '22', '348', '0', '1');
INSERT INTO `vtiger_profile2field` VALUES('2', '22', '349', '0', '1');
INSERT INTO `vtiger_profile2field` VALUES('2', '22', '350', '0', '1');
INSERT INTO `vtiger_profile2field` VALUES('2', '22', '351', '0', '1');
INSERT INTO `vtiger_profile2field` VALUES('2', '22', '352', '0', '1');
INSERT INTO `vtiger_profile2field` VALUES('2', '22', '353', '0', '1');
INSERT INTO `vtiger_profile2field` VALUES('2', '22', '354', '0', '1');
INSERT INTO `vtiger_profile2field` VALUES('2', '22', '355', '0', '1');
INSERT INTO `vtiger_profile2field` VALUES('2', '22', '356', '0', '1');
INSERT INTO `vtiger_profile2field` VALUES('2', '22', '357', '0', '1');
INSERT INTO `vtiger_profile2field` VALUES('2', '22', '358', '0', '1');
INSERT INTO `vtiger_profile2field` VALUES('2', '22', '359', '0', '1');
INSERT INTO `vtiger_profile2field` VALUES('2', '22', '360', '0', '1');
INSERT INTO `vtiger_profile2field` VALUES('2', '22', '361', '0', '1');
INSERT INTO `vtiger_profile2field` VALUES('2', '22', '362', '0', '1');
INSERT INTO `vtiger_profile2field` VALUES('2', '22', '363', '0', '1');
INSERT INTO `vtiger_profile2field` VALUES('2', '22', '364', '0', '1');
INSERT INTO `vtiger_profile2field` VALUES('2', '22', '365', '0', '1');
INSERT INTO `vtiger_profile2field` VALUES('2', '22', '366', '0', '1');
INSERT INTO `vtiger_profile2field` VALUES('2', '22', '367', '0', '1');
INSERT INTO `vtiger_profile2field` VALUES('2', '22', '368', '0', '1');
INSERT INTO `vtiger_profile2field` VALUES('2', '22', '369', '0', '1');
INSERT INTO `vtiger_profile2field` VALUES('2', '22', '370', '0', '1');
INSERT INTO `vtiger_profile2field` VALUES('2', '22', '371', '0', '1');
INSERT INTO `vtiger_profile2field` VALUES('2', '22', '372', '0', '1');
INSERT INTO `vtiger_profile2field` VALUES('2', '22', '373', '0', '1');
INSERT INTO `vtiger_profile2field` VALUES('2', '22', '374', '0', '1');
INSERT INTO `vtiger_profile2field` VALUES('2', '22', '375', '0', '1');
INSERT INTO `vtiger_profile2field` VALUES('2', '22', '376', '0', '1');
INSERT INTO `vtiger_profile2field` VALUES('2', '22', '377', '0', '1');
INSERT INTO `vtiger_profile2field` VALUES('2', '22', '378', '0', '1');
INSERT INTO `vtiger_profile2field` VALUES('2', '23', '379', '0', '1');
INSERT INTO `vtiger_profile2field` VALUES('2', '23', '380', '0', '1');
INSERT INTO `vtiger_profile2field` VALUES('2', '23', '381', '0', '1');
INSERT INTO `vtiger_profile2field` VALUES('2', '23', '382', '0', '1');
INSERT INTO `vtiger_profile2field` VALUES('2', '23', '383', '0', '1');
INSERT INTO `vtiger_profile2field` VALUES('2', '23', '384', '0', '1');
INSERT INTO `vtiger_profile2field` VALUES('2', '23', '385', '0', '1');
INSERT INTO `vtiger_profile2field` VALUES('2', '23', '386', '0', '1');
INSERT INTO `vtiger_profile2field` VALUES('2', '23', '387', '0', '1');
INSERT INTO `vtiger_profile2field` VALUES('2', '23', '388', '0', '1');
INSERT INTO `vtiger_profile2field` VALUES('2', '23', '389', '0', '1');
INSERT INTO `vtiger_profile2field` VALUES('2', '23', '390', '0', '1');
INSERT INTO `vtiger_profile2field` VALUES('2', '23', '391', '0', '1');
INSERT INTO `vtiger_profile2field` VALUES('2', '23', '392', '0', '1');
INSERT INTO `vtiger_profile2field` VALUES('2', '23', '393', '0', '1');
INSERT INTO `vtiger_profile2field` VALUES('2', '23', '394', '0', '1');
INSERT INTO `vtiger_profile2field` VALUES('2', '23', '395', '0', '1');
INSERT INTO `vtiger_profile2field` VALUES('2', '23', '396', '0', '1');
INSERT INTO `vtiger_profile2field` VALUES('2', '23', '397', '0', '1');
INSERT INTO `vtiger_profile2field` VALUES('2', '23', '398', '0', '1');
INSERT INTO `vtiger_profile2field` VALUES('2', '23', '399', '0', '1');
INSERT INTO `vtiger_profile2field` VALUES('2', '23', '400', '0', '1');
INSERT INTO `vtiger_profile2field` VALUES('2', '23', '401', '0', '1');
INSERT INTO `vtiger_profile2field` VALUES('2', '23', '402', '0', '1');
INSERT INTO `vtiger_profile2field` VALUES('2', '23', '403', '0', '1');
INSERT INTO `vtiger_profile2field` VALUES('2', '23', '404', '0', '1');
INSERT INTO `vtiger_profile2field` VALUES('2', '23', '405', '0', '1');
INSERT INTO `vtiger_profile2field` VALUES('2', '23', '406', '0', '1');
INSERT INTO `vtiger_profile2field` VALUES('2', '23', '407', '0', '1');
INSERT INTO `vtiger_profile2field` VALUES('2', '23', '408', '0', '1');
INSERT INTO `vtiger_profile2field` VALUES('2', '23', '409', '0', '1');
INSERT INTO `vtiger_profile2field` VALUES('2', '23', '410', '0', '1');
INSERT INTO `vtiger_profile2field` VALUES('2', '23', '411', '0', '1');
INSERT INTO `vtiger_profile2field` VALUES('2', '23', '412', '0', '1');
INSERT INTO `vtiger_profile2field` VALUES('2', '23', '413', '0', '1');
INSERT INTO `vtiger_profile2field` VALUES('2', '23', '414', '0', '1');
INSERT INTO `vtiger_profile2field` VALUES('3', '6', '1', '0', '1');
INSERT INTO `vtiger_profile2field` VALUES('3', '6', '2', '0', '1');
INSERT INTO `vtiger_profile2field` VALUES('3', '6', '3', '0', '1');
INSERT INTO `vtiger_profile2field` VALUES('3', '6', '4', '0', '1');
INSERT INTO `vtiger_profile2field` VALUES('3', '6', '5', '0', '1');
INSERT INTO `vtiger_profile2field` VALUES('3', '6', '6', '0', '1');
INSERT INTO `vtiger_profile2field` VALUES('3', '6', '7', '0', '1');
INSERT INTO `vtiger_profile2field` VALUES('3', '6', '8', '0', '1');
INSERT INTO `vtiger_profile2field` VALUES('3', '6', '9', '0', '1');
INSERT INTO `vtiger_profile2field` VALUES('3', '6', '10', '0', '1');
INSERT INTO `vtiger_profile2field` VALUES('3', '6', '11', '0', '1');
INSERT INTO `vtiger_profile2field` VALUES('3', '6', '12', '0', '1');
INSERT INTO `vtiger_profile2field` VALUES('3', '6', '13', '0', '1');
INSERT INTO `vtiger_profile2field` VALUES('3', '6', '14', '0', '1');
INSERT INTO `vtiger_profile2field` VALUES('3', '6', '15', '0', '1');
INSERT INTO `vtiger_profile2field` VALUES('3', '6', '16', '0', '1');
INSERT INTO `vtiger_profile2field` VALUES('3', '6', '17', '0', '1');
INSERT INTO `vtiger_profile2field` VALUES('3', '6', '18', '0', '1');
INSERT INTO `vtiger_profile2field` VALUES('3', '6', '19', '0', '1');
INSERT INTO `vtiger_profile2field` VALUES('3', '6', '20', '0', '1');
INSERT INTO `vtiger_profile2field` VALUES('3', '6', '21', '0', '1');
INSERT INTO `vtiger_profile2field` VALUES('3', '6', '22', '0', '1');
INSERT INTO `vtiger_profile2field` VALUES('3', '6', '23', '0', '1');
INSERT INTO `vtiger_profile2field` VALUES('3', '6', '24', '0', '1');
INSERT INTO `vtiger_profile2field` VALUES('3', '6', '25', '0', '1');
INSERT INTO `vtiger_profile2field` VALUES('3', '6', '26', '0', '1');
INSERT INTO `vtiger_profile2field` VALUES('3', '6', '27', '0', '1');
INSERT INTO `vtiger_profile2field` VALUES('3', '6', '28', '0', '1');
INSERT INTO `vtiger_profile2field` VALUES('3', '6', '29', '0', '1');
INSERT INTO `vtiger_profile2field` VALUES('3', '6', '30', '0', '1');
INSERT INTO `vtiger_profile2field` VALUES('3', '6', '31', '0', '1');
INSERT INTO `vtiger_profile2field` VALUES('3', '6', '32', '0', '1');
INSERT INTO `vtiger_profile2field` VALUES('3', '6', '33', '0', '1');
INSERT INTO `vtiger_profile2field` VALUES('3', '6', '34', '0', '1');
INSERT INTO `vtiger_profile2field` VALUES('3', '7', '35', '0', '1');
INSERT INTO `vtiger_profile2field` VALUES('3', '7', '36', '0', '1');
INSERT INTO `vtiger_profile2field` VALUES('3', '7', '37', '0', '1');
INSERT INTO `vtiger_profile2field` VALUES('3', '7', '38', '0', '1');
INSERT INTO `vtiger_profile2field` VALUES('3', '7', '39', '0', '1');
INSERT INTO `vtiger_profile2field` VALUES('3', '7', '40', '0', '1');
INSERT INTO `vtiger_profile2field` VALUES('3', '7', '41', '0', '1');
INSERT INTO `vtiger_profile2field` VALUES('3', '7', '42', '0', '1');
INSERT INTO `vtiger_profile2field` VALUES('3', '7', '43', '0', '1');
INSERT INTO `vtiger_profile2field` VALUES('3', '7', '44', '0', '1');
INSERT INTO `vtiger_profile2field` VALUES('3', '7', '45', '0', '1');
INSERT INTO `vtiger_profile2field` VALUES('3', '7', '46', '0', '1');
INSERT INTO `vtiger_profile2field` VALUES('3', '7', '47', '0', '1');
INSERT INTO `vtiger_profile2field` VALUES('3', '7', '48', '0', '1');
INSERT INTO `vtiger_profile2field` VALUES('3', '7', '49', '0', '1');
INSERT INTO `vtiger_profile2field` VALUES('3', '7', '50', '0', '1');
INSERT INTO `vtiger_profile2field` VALUES('3', '7', '51', '0', '1');
INSERT INTO `vtiger_profile2field` VALUES('3', '7', '52', '0', '1');
INSERT INTO `vtiger_profile2field` VALUES('3', '7', '53', '0', '1');
INSERT INTO `vtiger_profile2field` VALUES('3', '7', '54', '0', '1');
INSERT INTO `vtiger_profile2field` VALUES('3', '7', '55', '0', '1');
INSERT INTO `vtiger_profile2field` VALUES('3', '7', '56', '0', '1');
INSERT INTO `vtiger_profile2field` VALUES('3', '7', '57', '0', '1');
INSERT INTO `vtiger_profile2field` VALUES('3', '7', '58', '0', '1');
INSERT INTO `vtiger_profile2field` VALUES('3', '7', '59', '0', '1');
INSERT INTO `vtiger_profile2field` VALUES('3', '7', '60', '0', '1');
INSERT INTO `vtiger_profile2field` VALUES('3', '7', '61', '0', '1');
INSERT INTO `vtiger_profile2field` VALUES('3', '4', '62', '0', '1');
INSERT INTO `vtiger_profile2field` VALUES('3', '4', '63', '0', '1');
INSERT INTO `vtiger_profile2field` VALUES('3', '4', '64', '0', '1');
INSERT INTO `vtiger_profile2field` VALUES('3', '4', '65', '0', '1');
INSERT INTO `vtiger_profile2field` VALUES('3', '4', '66', '0', '1');
INSERT INTO `vtiger_profile2field` VALUES('3', '4', '67', '0', '1');
INSERT INTO `vtiger_profile2field` VALUES('3', '4', '68', '0', '1');
INSERT INTO `vtiger_profile2field` VALUES('3', '4', '69', '0', '1');
INSERT INTO `vtiger_profile2field` VALUES('3', '4', '70', '0', '1');
INSERT INTO `vtiger_profile2field` VALUES('3', '4', '71', '0', '1');
INSERT INTO `vtiger_profile2field` VALUES('3', '4', '72', '0', '1');
INSERT INTO `vtiger_profile2field` VALUES('3', '4', '73', '0', '1');
INSERT INTO `vtiger_profile2field` VALUES('3', '4', '74', '0', '1');
INSERT INTO `vtiger_profile2field` VALUES('3', '4', '75', '0', '1');
INSERT INTO `vtiger_profile2field` VALUES('3', '4', '76', '0', '1');
INSERT INTO `vtiger_profile2field` VALUES('3', '4', '77', '0', '1');
INSERT INTO `vtiger_profile2field` VALUES('3', '4', '78', '0', '1');
INSERT INTO `vtiger_profile2field` VALUES('3', '4', '79', '0', '1');
INSERT INTO `vtiger_profile2field` VALUES('3', '4', '80', '0', '1');
INSERT INTO `vtiger_profile2field` VALUES('3', '4', '81', '0', '1');
INSERT INTO `vtiger_profile2field` VALUES('3', '4', '82', '0', '1');
INSERT INTO `vtiger_profile2field` VALUES('3', '4', '83', '0', '1');
INSERT INTO `vtiger_profile2field` VALUES('3', '4', '84', '0', '1');
INSERT INTO `vtiger_profile2field` VALUES('3', '4', '85', '0', '1');
INSERT INTO `vtiger_profile2field` VALUES('3', '4', '86', '0', '1');
INSERT INTO `vtiger_profile2field` VALUES('3', '4', '87', '0', '1');
INSERT INTO `vtiger_profile2field` VALUES('3', '4', '88', '0', '1');
INSERT INTO `vtiger_profile2field` VALUES('3', '4', '89', '0', '1');
INSERT INTO `vtiger_profile2field` VALUES('3', '4', '90', '0', '1');
INSERT INTO `vtiger_profile2field` VALUES('3', '4', '91', '0', '1');
INSERT INTO `vtiger_profile2field` VALUES('3', '4', '92', '0', '1');
INSERT INTO `vtiger_profile2field` VALUES('3', '4', '93', '0', '1');
INSERT INTO `vtiger_profile2field` VALUES('3', '4', '94', '0', '1');
INSERT INTO `vtiger_profile2field` VALUES('3', '4', '95', '0', '1');
INSERT INTO `vtiger_profile2field` VALUES('3', '4', '96', '0', '1');
INSERT INTO `vtiger_profile2field` VALUES('3', '4', '97', '0', '1');
INSERT INTO `vtiger_profile2field` VALUES('3', '4', '98', '0', '1');
INSERT INTO `vtiger_profile2field` VALUES('3', '4', '99', '0', '1');
INSERT INTO `vtiger_profile2field` VALUES('3', '4', '100', '0', '1');
INSERT INTO `vtiger_profile2field` VALUES('3', '4', '101', '0', '1');
INSERT INTO `vtiger_profile2field` VALUES('3', '4', '102', '0', '1');
INSERT INTO `vtiger_profile2field` VALUES('3', '4', '103', '0', '1');
INSERT INTO `vtiger_profile2field` VALUES('3', '2', '104', '0', '1');
INSERT INTO `vtiger_profile2field` VALUES('3', '2', '105', '0', '1');
INSERT INTO `vtiger_profile2field` VALUES('3', '2', '106', '0', '1');
INSERT INTO `vtiger_profile2field` VALUES('3', '2', '107', '0', '1');
INSERT INTO `vtiger_profile2field` VALUES('3', '2', '108', '0', '1');
INSERT INTO `vtiger_profile2field` VALUES('3', '2', '109', '0', '1');
INSERT INTO `vtiger_profile2field` VALUES('3', '2', '110', '0', '1');
INSERT INTO `vtiger_profile2field` VALUES('3', '2', '111', '0', '1');
INSERT INTO `vtiger_profile2field` VALUES('3', '2', '112', '0', '1');
INSERT INTO `vtiger_profile2field` VALUES('3', '2', '113', '0', '1');
INSERT INTO `vtiger_profile2field` VALUES('3', '2', '114', '0', '1');
INSERT INTO `vtiger_profile2field` VALUES('3', '2', '115', '0', '1');
INSERT INTO `vtiger_profile2field` VALUES('3', '2', '116', '0', '1');
INSERT INTO `vtiger_profile2field` VALUES('3', '2', '117', '0', '1');
INSERT INTO `vtiger_profile2field` VALUES('3', '26', '118', '0', '1');
INSERT INTO `vtiger_profile2field` VALUES('3', '26', '119', '0', '1');
INSERT INTO `vtiger_profile2field` VALUES('3', '26', '120', '0', '1');
INSERT INTO `vtiger_profile2field` VALUES('3', '26', '121', '0', '1');
INSERT INTO `vtiger_profile2field` VALUES('3', '26', '122', '0', '1');
INSERT INTO `vtiger_profile2field` VALUES('3', '26', '123', '0', '1');
INSERT INTO `vtiger_profile2field` VALUES('3', '26', '124', '0', '1');
INSERT INTO `vtiger_profile2field` VALUES('3', '26', '125', '0', '1');
INSERT INTO `vtiger_profile2field` VALUES('3', '26', '126', '0', '1');
INSERT INTO `vtiger_profile2field` VALUES('3', '26', '127', '0', '1');
INSERT INTO `vtiger_profile2field` VALUES('3', '26', '128', '0', '1');
INSERT INTO `vtiger_profile2field` VALUES('3', '26', '129', '0', '1');
INSERT INTO `vtiger_profile2field` VALUES('3', '26', '130', '0', '1');
INSERT INTO `vtiger_profile2field` VALUES('3', '26', '131', '0', '1');
INSERT INTO `vtiger_profile2field` VALUES('3', '26', '132', '0', '1');
INSERT INTO `vtiger_profile2field` VALUES('3', '26', '133', '0', '1');
INSERT INTO `vtiger_profile2field` VALUES('3', '26', '134', '0', '1');
INSERT INTO `vtiger_profile2field` VALUES('3', '26', '135', '0', '1');
INSERT INTO `vtiger_profile2field` VALUES('3', '26', '136', '0', '1');
INSERT INTO `vtiger_profile2field` VALUES('3', '26', '137', '0', '1');
INSERT INTO `vtiger_profile2field` VALUES('3', '26', '138', '0', '1');
INSERT INTO `vtiger_profile2field` VALUES('3', '26', '139', '0', '1');
INSERT INTO `vtiger_profile2field` VALUES('3', '26', '140', '0', '1');
INSERT INTO `vtiger_profile2field` VALUES('3', '13', '141', '0', '1');
INSERT INTO `vtiger_profile2field` VALUES('3', '13', '142', '0', '1');
INSERT INTO `vtiger_profile2field` VALUES('3', '13', '143', '0', '1');
INSERT INTO `vtiger_profile2field` VALUES('3', '13', '144', '0', '1');
INSERT INTO `vtiger_profile2field` VALUES('3', '13', '145', '0', '1');
INSERT INTO `vtiger_profile2field` VALUES('3', '13', '146', '0', '1');
INSERT INTO `vtiger_profile2field` VALUES('3', '13', '147', '0', '1');
INSERT INTO `vtiger_profile2field` VALUES('3', '13', '148', '0', '1');
INSERT INTO `vtiger_profile2field` VALUES('3', '13', '149', '0', '1');
INSERT INTO `vtiger_profile2field` VALUES('3', '13', '150', '0', '1');
INSERT INTO `vtiger_profile2field` VALUES('3', '13', '151', '0', '1');
INSERT INTO `vtiger_profile2field` VALUES('3', '13', '152', '0', '1');
INSERT INTO `vtiger_profile2field` VALUES('3', '13', '153', '0', '1');
INSERT INTO `vtiger_profile2field` VALUES('3', '13', '154', '0', '1');
INSERT INTO `vtiger_profile2field` VALUES('3', '13', '155', '0', '1');
INSERT INTO `vtiger_profile2field` VALUES('3', '14', '156', '0', '1');
INSERT INTO `vtiger_profile2field` VALUES('3', '14', '157', '1', '1');
INSERT INTO `vtiger_profile2field` VALUES('3', '14', '158', '0', '1');
INSERT INTO `vtiger_profile2field` VALUES('3', '14', '159', '1', '1');
INSERT INTO `vtiger_profile2field` VALUES('3', '14', '160', '1', '1');
INSERT INTO `vtiger_profile2field` VALUES('3', '14', '161', '1', '1');
INSERT INTO `vtiger_profile2field` VALUES('3', '14', '162', '0', '1');
INSERT INTO `vtiger_profile2field` VALUES('3', '14', '163', '1', '1');
INSERT INTO `vtiger_profile2field` VALUES('3', '14', '164', '1', '1');
INSERT INTO `vtiger_profile2field` VALUES('3', '14', '165', '1', '1');
INSERT INTO `vtiger_profile2field` VALUES('3', '14', '166', '1', '1');
INSERT INTO `vtiger_profile2field` VALUES('3', '14', '167', '1', '1');
INSERT INTO `vtiger_profile2field` VALUES('3', '14', '168', '1', '1');
INSERT INTO `vtiger_profile2field` VALUES('3', '14', '169', '1', '1');
INSERT INTO `vtiger_profile2field` VALUES('3', '14', '170', '0', '1');
INSERT INTO `vtiger_profile2field` VALUES('3', '14', '171', '1', '1');
INSERT INTO `vtiger_profile2field` VALUES('3', '14', '172', '1', '1');
INSERT INTO `vtiger_profile2field` VALUES('3', '14', '173', '0', '1');
INSERT INTO `vtiger_profile2field` VALUES('3', '14', '174', '0', '1');
INSERT INTO `vtiger_profile2field` VALUES('3', '14', '175', '1', '1');
INSERT INTO `vtiger_profile2field` VALUES('3', '14', '176', '0', '1');
INSERT INTO `vtiger_profile2field` VALUES('3', '14', '177', '1', '1');
INSERT INTO `vtiger_profile2field` VALUES('3', '14', '178', '0', '1');
INSERT INTO `vtiger_profile2field` VALUES('3', '14', '179', '0', '1');
INSERT INTO `vtiger_profile2field` VALUES('3', '14', '180', '1', '1');
INSERT INTO `vtiger_profile2field` VALUES('3', '14', '181', '1', '1');
INSERT INTO `vtiger_profile2field` VALUES('3', '14', '182', '0', '1');
INSERT INTO `vtiger_profile2field` VALUES('3', '14', '183', '1', '1');
INSERT INTO `vtiger_profile2field` VALUES('3', '14', '184', '0', '1');
INSERT INTO `vtiger_profile2field` VALUES('3', '8', '185', '0', '1');
INSERT INTO `vtiger_profile2field` VALUES('3', '8', '186', '0', '1');
INSERT INTO `vtiger_profile2field` VALUES('3', '8', '187', '0', '1');
INSERT INTO `vtiger_profile2field` VALUES('3', '8', '188', '0', '1');
INSERT INTO `vtiger_profile2field` VALUES('3', '8', '189', '0', '1');
INSERT INTO `vtiger_profile2field` VALUES('3', '8', '190', '0', '1');
INSERT INTO `vtiger_profile2field` VALUES('3', '8', '191', '0', '1');
INSERT INTO `vtiger_profile2field` VALUES('3', '10', '192', '0', '1');
INSERT INTO `vtiger_profile2field` VALUES('3', '10', '193', '0', '1');
INSERT INTO `vtiger_profile2field` VALUES('3', '10', '194', '0', '1');
INSERT INTO `vtiger_profile2field` VALUES('3', '10', '195', '0', '1');
INSERT INTO `vtiger_profile2field` VALUES('3', '10', '196', '0', '1');
INSERT INTO `vtiger_profile2field` VALUES('3', '10', '197', '0', '1');
INSERT INTO `vtiger_profile2field` VALUES('3', '10', '198', '0', '1');
INSERT INTO `vtiger_profile2field` VALUES('3', '10', '199', '0', '1');
INSERT INTO `vtiger_profile2field` VALUES('3', '10', '200', '0', '1');
INSERT INTO `vtiger_profile2field` VALUES('3', '10', '201', '0', '1');
INSERT INTO `vtiger_profile2field` VALUES('3', '10', '202', '0', '1');
INSERT INTO `vtiger_profile2field` VALUES('3', '9', '203', '0', '1');
INSERT INTO `vtiger_profile2field` VALUES('3', '9', '204', '0', '1');
INSERT INTO `vtiger_profile2field` VALUES('3', '9', '205', '0', '1');
INSERT INTO `vtiger_profile2field` VALUES('3', '9', '206', '0', '1');
INSERT INTO `vtiger_profile2field` VALUES('3', '9', '207', '0', '1');
INSERT INTO `vtiger_profile2field` VALUES('3', '9', '208', '0', '1');
INSERT INTO `vtiger_profile2field` VALUES('3', '9', '209', '0', '1');
INSERT INTO `vtiger_profile2field` VALUES('3', '9', '210', '0', '1');
INSERT INTO `vtiger_profile2field` VALUES('3', '9', '211', '0', '1');
INSERT INTO `vtiger_profile2field` VALUES('3', '9', '212', '0', '1');
INSERT INTO `vtiger_profile2field` VALUES('3', '9', '213', '0', '1');
INSERT INTO `vtiger_profile2field` VALUES('3', '9', '214', '0', '1');
INSERT INTO `vtiger_profile2field` VALUES('3', '9', '215', '0', '1');
INSERT INTO `vtiger_profile2field` VALUES('3', '9', '216', '0', '1');
INSERT INTO `vtiger_profile2field` VALUES('3', '9', '217', '0', '1');
INSERT INTO `vtiger_profile2field` VALUES('3', '9', '218', '0', '1');
INSERT INTO `vtiger_profile2field` VALUES('3', '9', '219', '0', '1');
INSERT INTO `vtiger_profile2field` VALUES('3', '9', '220', '0', '1');
INSERT INTO `vtiger_profile2field` VALUES('3', '9', '221', '0', '1');
INSERT INTO `vtiger_profile2field` VALUES('3', '9', '222', '0', '1');
INSERT INTO `vtiger_profile2field` VALUES('3', '9', '223', '0', '1');
INSERT INTO `vtiger_profile2field` VALUES('3', '9', '224', '0', '1');
INSERT INTO `vtiger_profile2field` VALUES('3', '9', '225', '0', '1');
INSERT INTO `vtiger_profile2field` VALUES('3', '16', '226', '0', '1');
INSERT INTO `vtiger_profile2field` VALUES('3', '16', '227', '0', '1');
INSERT INTO `vtiger_profile2field` VALUES('3', '16', '228', '0', '1');
INSERT INTO `vtiger_profile2field` VALUES('3', '16', '229', '0', '1');
INSERT INTO `vtiger_profile2field` VALUES('3', '16', '230', '0', '1');
INSERT INTO `vtiger_profile2field` VALUES('3', '16', '231', '0', '1');
INSERT INTO `vtiger_profile2field` VALUES('3', '16', '232', '0', '1');
INSERT INTO `vtiger_profile2field` VALUES('3', '16', '233', '0', '1');
INSERT INTO `vtiger_profile2field` VALUES('3', '16', '234', '0', '1');
INSERT INTO `vtiger_profile2field` VALUES('3', '16', '235', '0', '1');
INSERT INTO `vtiger_profile2field` VALUES('3', '16', '236', '0', '1');
INSERT INTO `vtiger_profile2field` VALUES('3', '16', '237', '0', '1');
INSERT INTO `vtiger_profile2field` VALUES('3', '16', '238', '0', '1');
INSERT INTO `vtiger_profile2field` VALUES('3', '16', '239', '0', '1');
INSERT INTO `vtiger_profile2field` VALUES('3', '16', '240', '0', '1');
INSERT INTO `vtiger_profile2field` VALUES('3', '16', '241', '0', '1');
INSERT INTO `vtiger_profile2field` VALUES('3', '16', '242', '0', '1');
INSERT INTO `vtiger_profile2field` VALUES('3', '16', '243', '0', '1');
INSERT INTO `vtiger_profile2field` VALUES('3', '16', '244', '0', '1');
INSERT INTO `vtiger_profile2field` VALUES('3', '16', '245', '0', '1');
INSERT INTO `vtiger_profile2field` VALUES('3', '16', '246', '0', '1');
INSERT INTO `vtiger_profile2field` VALUES('3', '15', '247', '0', '1');
INSERT INTO `vtiger_profile2field` VALUES('3', '15', '248', '0', '1');
INSERT INTO `vtiger_profile2field` VALUES('3', '15', '249', '0', '1');
INSERT INTO `vtiger_profile2field` VALUES('3', '15', '250', '0', '1');
INSERT INTO `vtiger_profile2field` VALUES('3', '15', '251', '0', '1');
INSERT INTO `vtiger_profile2field` VALUES('3', '15', '252', '0', '1');
INSERT INTO `vtiger_profile2field` VALUES('3', '15', '253', '0', '1');
INSERT INTO `vtiger_profile2field` VALUES('3', '15', '254', '0', '1');
INSERT INTO `vtiger_profile2field` VALUES('3', '18', '255', '0', '1');
INSERT INTO `vtiger_profile2field` VALUES('3', '18', '256', '0', '1');
INSERT INTO `vtiger_profile2field` VALUES('3', '18', '257', '0', '1');
INSERT INTO `vtiger_profile2field` VALUES('3', '18', '258', '0', '1');
INSERT INTO `vtiger_profile2field` VALUES('3', '18', '259', '0', '1');
INSERT INTO `vtiger_profile2field` VALUES('3', '18', '260', '0', '1');
INSERT INTO `vtiger_profile2field` VALUES('3', '18', '261', '0', '1');
INSERT INTO `vtiger_profile2field` VALUES('3', '18', '262', '0', '1');
INSERT INTO `vtiger_profile2field` VALUES('3', '18', '263', '0', '1');
INSERT INTO `vtiger_profile2field` VALUES('3', '18', '264', '0', '1');
INSERT INTO `vtiger_profile2field` VALUES('3', '18', '265', '0', '1');
INSERT INTO `vtiger_profile2field` VALUES('3', '18', '266', '0', '1');
INSERT INTO `vtiger_profile2field` VALUES('3', '18', '267', '0', '1');
INSERT INTO `vtiger_profile2field` VALUES('3', '18', '268', '0', '1');
INSERT INTO `vtiger_profile2field` VALUES('3', '18', '269', '0', '1');
INSERT INTO `vtiger_profile2field` VALUES('3', '19', '270', '0', '1');
INSERT INTO `vtiger_profile2field` VALUES('3', '19', '271', '0', '1');
INSERT INTO `vtiger_profile2field` VALUES('3', '19', '272', '0', '1');
INSERT INTO `vtiger_profile2field` VALUES('3', '19', '273', '0', '1');
INSERT INTO `vtiger_profile2field` VALUES('3', '19', '274', '0', '1');
INSERT INTO `vtiger_profile2field` VALUES('3', '20', '275', '0', '1');
INSERT INTO `vtiger_profile2field` VALUES('3', '20', '276', '0', '1');
INSERT INTO `vtiger_profile2field` VALUES('3', '20', '277', '0', '1');
INSERT INTO `vtiger_profile2field` VALUES('3', '20', '278', '0', '1');
INSERT INTO `vtiger_profile2field` VALUES('3', '20', '279', '0', '1');
INSERT INTO `vtiger_profile2field` VALUES('3', '20', '280', '0', '1');
INSERT INTO `vtiger_profile2field` VALUES('3', '20', '281', '0', '1');
INSERT INTO `vtiger_profile2field` VALUES('3', '20', '282', '0', '1');
INSERT INTO `vtiger_profile2field` VALUES('3', '20', '283', '1', '1');
INSERT INTO `vtiger_profile2field` VALUES('3', '20', '284', '0', '1');
INSERT INTO `vtiger_profile2field` VALUES('3', '20', '285', '0', '1');
INSERT INTO `vtiger_profile2field` VALUES('3', '20', '286', '0', '1');
INSERT INTO `vtiger_profile2field` VALUES('3', '20', '287', '0', '1');
INSERT INTO `vtiger_profile2field` VALUES('3', '20', '288', '0', '1');
INSERT INTO `vtiger_profile2field` VALUES('3', '20', '289', '0', '1');
INSERT INTO `vtiger_profile2field` VALUES('3', '20', '290', '0', '1');
INSERT INTO `vtiger_profile2field` VALUES('3', '20', '291', '0', '1');
INSERT INTO `vtiger_profile2field` VALUES('3', '20', '292', '0', '1');
INSERT INTO `vtiger_profile2field` VALUES('3', '20', '293', '0', '1');
INSERT INTO `vtiger_profile2field` VALUES('3', '20', '294', '0', '1');
INSERT INTO `vtiger_profile2field` VALUES('3', '20', '295', '0', '1');
INSERT INTO `vtiger_profile2field` VALUES('3', '20', '296', '0', '1');
INSERT INTO `vtiger_profile2field` VALUES('3', '20', '297', '0', '1');
INSERT INTO `vtiger_profile2field` VALUES('3', '20', '298', '0', '1');
INSERT INTO `vtiger_profile2field` VALUES('3', '20', '299', '0', '1');
INSERT INTO `vtiger_profile2field` VALUES('3', '20', '300', '0', '1');
INSERT INTO `vtiger_profile2field` VALUES('3', '20', '301', '0', '1');
INSERT INTO `vtiger_profile2field` VALUES('3', '20', '302', '0', '1');
INSERT INTO `vtiger_profile2field` VALUES('3', '20', '303', '0', '1');
INSERT INTO `vtiger_profile2field` VALUES('3', '20', '304', '0', '1');
INSERT INTO `vtiger_profile2field` VALUES('3', '20', '305', '0', '1');
INSERT INTO `vtiger_profile2field` VALUES('3', '20', '306', '0', '1');
INSERT INTO `vtiger_profile2field` VALUES('3', '20', '307', '0', '1');
INSERT INTO `vtiger_profile2field` VALUES('3', '21', '308', '0', '1');
INSERT INTO `vtiger_profile2field` VALUES('3', '21', '309', '0', '1');
INSERT INTO `vtiger_profile2field` VALUES('3', '21', '310', '0', '1');
INSERT INTO `vtiger_profile2field` VALUES('3', '21', '311', '0', '1');
INSERT INTO `vtiger_profile2field` VALUES('3', '21', '312', '0', '1');
INSERT INTO `vtiger_profile2field` VALUES('3', '21', '313', '0', '1');
INSERT INTO `vtiger_profile2field` VALUES('3', '21', '314', '0', '1');
INSERT INTO `vtiger_profile2field` VALUES('3', '21', '315', '0', '1');
INSERT INTO `vtiger_profile2field` VALUES('3', '21', '316', '0', '1');
INSERT INTO `vtiger_profile2field` VALUES('3', '21', '317', '0', '1');
INSERT INTO `vtiger_profile2field` VALUES('3', '21', '318', '0', '1');
INSERT INTO `vtiger_profile2field` VALUES('3', '21', '319', '0', '1');
INSERT INTO `vtiger_profile2field` VALUES('3', '21', '320', '0', '1');
INSERT INTO `vtiger_profile2field` VALUES('3', '21', '321', '0', '1');
INSERT INTO `vtiger_profile2field` VALUES('3', '21', '322', '0', '1');
INSERT INTO `vtiger_profile2field` VALUES('3', '21', '323', '0', '1');
INSERT INTO `vtiger_profile2field` VALUES('3', '21', '324', '0', '1');
INSERT INTO `vtiger_profile2field` VALUES('3', '21', '325', '0', '1');
INSERT INTO `vtiger_profile2field` VALUES('3', '21', '326', '0', '1');
INSERT INTO `vtiger_profile2field` VALUES('3', '21', '327', '0', '1');
INSERT INTO `vtiger_profile2field` VALUES('3', '21', '328', '0', '1');
INSERT INTO `vtiger_profile2field` VALUES('3', '21', '329', '0', '1');
INSERT INTO `vtiger_profile2field` VALUES('3', '21', '330', '0', '1');
INSERT INTO `vtiger_profile2field` VALUES('3', '21', '331', '0', '1');
INSERT INTO `vtiger_profile2field` VALUES('3', '21', '332', '0', '1');
INSERT INTO `vtiger_profile2field` VALUES('3', '21', '333', '0', '1');
INSERT INTO `vtiger_profile2field` VALUES('3', '21', '334', '0', '1');
INSERT INTO `vtiger_profile2field` VALUES('3', '21', '335', '0', '1');
INSERT INTO `vtiger_profile2field` VALUES('3', '21', '336', '0', '1');
INSERT INTO `vtiger_profile2field` VALUES('3', '21', '337', '0', '1');
INSERT INTO `vtiger_profile2field` VALUES('3', '21', '338', '0', '1');
INSERT INTO `vtiger_profile2field` VALUES('3', '21', '339', '0', '1');
INSERT INTO `vtiger_profile2field` VALUES('3', '21', '340', '0', '1');
INSERT INTO `vtiger_profile2field` VALUES('3', '21', '341', '0', '1');
INSERT INTO `vtiger_profile2field` VALUES('3', '22', '342', '0', '1');
INSERT INTO `vtiger_profile2field` VALUES('3', '22', '343', '0', '1');
INSERT INTO `vtiger_profile2field` VALUES('3', '22', '344', '0', '1');
INSERT INTO `vtiger_profile2field` VALUES('3', '22', '345', '0', '1');
INSERT INTO `vtiger_profile2field` VALUES('3', '22', '346', '0', '1');
INSERT INTO `vtiger_profile2field` VALUES('3', '22', '347', '0', '1');
INSERT INTO `vtiger_profile2field` VALUES('3', '22', '348', '0', '1');
INSERT INTO `vtiger_profile2field` VALUES('3', '22', '349', '0', '1');
INSERT INTO `vtiger_profile2field` VALUES('3', '22', '350', '0', '1');
INSERT INTO `vtiger_profile2field` VALUES('3', '22', '351', '0', '1');
INSERT INTO `vtiger_profile2field` VALUES('3', '22', '352', '0', '1');
INSERT INTO `vtiger_profile2field` VALUES('3', '22', '353', '0', '1');
INSERT INTO `vtiger_profile2field` VALUES('3', '22', '354', '0', '1');
INSERT INTO `vtiger_profile2field` VALUES('3', '22', '355', '0', '1');
INSERT INTO `vtiger_profile2field` VALUES('3', '22', '356', '0', '1');
INSERT INTO `vtiger_profile2field` VALUES('3', '22', '357', '0', '1');
INSERT INTO `vtiger_profile2field` VALUES('3', '22', '358', '0', '1');
INSERT INTO `vtiger_profile2field` VALUES('3', '22', '359', '0', '1');
INSERT INTO `vtiger_profile2field` VALUES('3', '22', '360', '0', '1');
INSERT INTO `vtiger_profile2field` VALUES('3', '22', '361', '0', '1');
INSERT INTO `vtiger_profile2field` VALUES('3', '22', '362', '0', '1');
INSERT INTO `vtiger_profile2field` VALUES('3', '22', '363', '0', '1');
INSERT INTO `vtiger_profile2field` VALUES('3', '22', '364', '0', '1');
INSERT INTO `vtiger_profile2field` VALUES('3', '22', '365', '0', '1');
INSERT INTO `vtiger_profile2field` VALUES('3', '22', '366', '0', '1');
INSERT INTO `vtiger_profile2field` VALUES('3', '22', '367', '0', '1');
INSERT INTO `vtiger_profile2field` VALUES('3', '22', '368', '0', '1');
INSERT INTO `vtiger_profile2field` VALUES('3', '22', '369', '0', '1');
INSERT INTO `vtiger_profile2field` VALUES('3', '22', '370', '0', '1');
INSERT INTO `vtiger_profile2field` VALUES('3', '22', '371', '0', '1');
INSERT INTO `vtiger_profile2field` VALUES('3', '22', '372', '0', '1');
INSERT INTO `vtiger_profile2field` VALUES('3', '22', '373', '0', '1');
INSERT INTO `vtiger_profile2field` VALUES('3', '22', '374', '0', '1');
INSERT INTO `vtiger_profile2field` VALUES('3', '22', '375', '0', '1');
INSERT INTO `vtiger_profile2field` VALUES('3', '22', '376', '0', '1');
INSERT INTO `vtiger_profile2field` VALUES('3', '22', '377', '0', '1');
INSERT INTO `vtiger_profile2field` VALUES('3', '22', '378', '0', '1');
INSERT INTO `vtiger_profile2field` VALUES('3', '23', '379', '0', '1');
INSERT INTO `vtiger_profile2field` VALUES('3', '23', '380', '0', '1');
INSERT INTO `vtiger_profile2field` VALUES('3', '23', '381', '0', '1');
INSERT INTO `vtiger_profile2field` VALUES('3', '23', '382', '0', '1');
INSERT INTO `vtiger_profile2field` VALUES('3', '23', '383', '0', '1');
INSERT INTO `vtiger_profile2field` VALUES('3', '23', '384', '0', '1');
INSERT INTO `vtiger_profile2field` VALUES('3', '23', '385', '0', '1');
INSERT INTO `vtiger_profile2field` VALUES('3', '23', '386', '0', '1');
INSERT INTO `vtiger_profile2field` VALUES('3', '23', '387', '0', '1');
INSERT INTO `vtiger_profile2field` VALUES('3', '23', '388', '0', '1');
INSERT INTO `vtiger_profile2field` VALUES('3', '23', '389', '0', '1');
INSERT INTO `vtiger_profile2field` VALUES('3', '23', '390', '0', '1');
INSERT INTO `vtiger_profile2field` VALUES('3', '23', '391', '0', '1');
INSERT INTO `vtiger_profile2field` VALUES('3', '23', '392', '0', '1');
INSERT INTO `vtiger_profile2field` VALUES('3', '23', '393', '0', '1');
INSERT INTO `vtiger_profile2field` VALUES('3', '23', '394', '0', '1');
INSERT INTO `vtiger_profile2field` VALUES('3', '23', '395', '0', '1');
INSERT INTO `vtiger_profile2field` VALUES('3', '23', '396', '0', '1');
INSERT INTO `vtiger_profile2field` VALUES('3', '23', '397', '0', '1');
INSERT INTO `vtiger_profile2field` VALUES('3', '23', '398', '0', '1');
INSERT INTO `vtiger_profile2field` VALUES('3', '23', '399', '0', '1');
INSERT INTO `vtiger_profile2field` VALUES('3', '23', '400', '0', '1');
INSERT INTO `vtiger_profile2field` VALUES('3', '23', '401', '0', '1');
INSERT INTO `vtiger_profile2field` VALUES('3', '23', '402', '0', '1');
INSERT INTO `vtiger_profile2field` VALUES('3', '23', '403', '0', '1');
INSERT INTO `vtiger_profile2field` VALUES('3', '23', '404', '0', '1');
INSERT INTO `vtiger_profile2field` VALUES('3', '23', '405', '0', '1');
INSERT INTO `vtiger_profile2field` VALUES('3', '23', '406', '0', '1');
INSERT INTO `vtiger_profile2field` VALUES('3', '23', '407', '0', '1');
INSERT INTO `vtiger_profile2field` VALUES('3', '23', '408', '0', '1');
INSERT INTO `vtiger_profile2field` VALUES('3', '23', '409', '0', '1');
INSERT INTO `vtiger_profile2field` VALUES('3', '23', '410', '0', '1');
INSERT INTO `vtiger_profile2field` VALUES('3', '23', '411', '0', '1');
INSERT INTO `vtiger_profile2field` VALUES('3', '23', '412', '0', '1');
INSERT INTO `vtiger_profile2field` VALUES('3', '23', '413', '0', '1');
INSERT INTO `vtiger_profile2field` VALUES('3', '23', '414', '0', '1');
INSERT INTO `vtiger_profile2field` VALUES('4', '6', '1', '0', '1');
INSERT INTO `vtiger_profile2field` VALUES('4', '6', '2', '0', '1');
INSERT INTO `vtiger_profile2field` VALUES('4', '6', '3', '0', '1');
INSERT INTO `vtiger_profile2field` VALUES('4', '6', '4', '0', '1');
INSERT INTO `vtiger_profile2field` VALUES('4', '6', '5', '0', '1');
INSERT INTO `vtiger_profile2field` VALUES('4', '6', '6', '0', '1');
INSERT INTO `vtiger_profile2field` VALUES('4', '6', '7', '0', '1');
INSERT INTO `vtiger_profile2field` VALUES('4', '6', '8', '0', '1');
INSERT INTO `vtiger_profile2field` VALUES('4', '6', '9', '0', '1');
INSERT INTO `vtiger_profile2field` VALUES('4', '6', '10', '0', '1');
INSERT INTO `vtiger_profile2field` VALUES('4', '6', '11', '0', '1');
INSERT INTO `vtiger_profile2field` VALUES('4', '6', '12', '0', '1');
INSERT INTO `vtiger_profile2field` VALUES('4', '6', '13', '0', '1');
INSERT INTO `vtiger_profile2field` VALUES('4', '6', '14', '0', '1');
INSERT INTO `vtiger_profile2field` VALUES('4', '6', '15', '0', '1');
INSERT INTO `vtiger_profile2field` VALUES('4', '6', '16', '0', '1');
INSERT INTO `vtiger_profile2field` VALUES('4', '6', '17', '0', '1');
INSERT INTO `vtiger_profile2field` VALUES('4', '6', '18', '0', '1');
INSERT INTO `vtiger_profile2field` VALUES('4', '6', '19', '0', '1');
INSERT INTO `vtiger_profile2field` VALUES('4', '6', '20', '0', '1');
INSERT INTO `vtiger_profile2field` VALUES('4', '6', '21', '0', '1');
INSERT INTO `vtiger_profile2field` VALUES('4', '6', '22', '0', '1');
INSERT INTO `vtiger_profile2field` VALUES('4', '6', '23', '0', '1');
INSERT INTO `vtiger_profile2field` VALUES('4', '6', '24', '0', '1');
INSERT INTO `vtiger_profile2field` VALUES('4', '6', '25', '0', '1');
INSERT INTO `vtiger_profile2field` VALUES('4', '6', '26', '0', '1');
INSERT INTO `vtiger_profile2field` VALUES('4', '6', '27', '0', '1');
INSERT INTO `vtiger_profile2field` VALUES('4', '6', '28', '0', '1');
INSERT INTO `vtiger_profile2field` VALUES('4', '6', '29', '0', '1');
INSERT INTO `vtiger_profile2field` VALUES('4', '6', '30', '0', '1');
INSERT INTO `vtiger_profile2field` VALUES('4', '6', '31', '0', '1');
INSERT INTO `vtiger_profile2field` VALUES('4', '6', '32', '0', '1');
INSERT INTO `vtiger_profile2field` VALUES('4', '6', '33', '0', '1');
INSERT INTO `vtiger_profile2field` VALUES('4', '6', '34', '0', '1');
INSERT INTO `vtiger_profile2field` VALUES('4', '7', '35', '0', '1');
INSERT INTO `vtiger_profile2field` VALUES('4', '7', '36', '0', '1');
INSERT INTO `vtiger_profile2field` VALUES('4', '7', '37', '0', '1');
INSERT INTO `vtiger_profile2field` VALUES('4', '7', '38', '0', '1');
INSERT INTO `vtiger_profile2field` VALUES('4', '7', '39', '0', '1');
INSERT INTO `vtiger_profile2field` VALUES('4', '7', '40', '0', '1');
INSERT INTO `vtiger_profile2field` VALUES('4', '7', '41', '0', '1');
INSERT INTO `vtiger_profile2field` VALUES('4', '7', '42', '0', '1');
INSERT INTO `vtiger_profile2field` VALUES('4', '7', '43', '0', '1');
INSERT INTO `vtiger_profile2field` VALUES('4', '7', '44', '0', '1');
INSERT INTO `vtiger_profile2field` VALUES('4', '7', '45', '0', '1');
INSERT INTO `vtiger_profile2field` VALUES('4', '7', '46', '0', '1');
INSERT INTO `vtiger_profile2field` VALUES('4', '7', '47', '0', '1');
INSERT INTO `vtiger_profile2field` VALUES('4', '7', '48', '0', '1');
INSERT INTO `vtiger_profile2field` VALUES('4', '7', '49', '0', '1');
INSERT INTO `vtiger_profile2field` VALUES('4', '7', '50', '0', '1');
INSERT INTO `vtiger_profile2field` VALUES('4', '7', '51', '0', '1');
INSERT INTO `vtiger_profile2field` VALUES('4', '7', '52', '0', '1');
INSERT INTO `vtiger_profile2field` VALUES('4', '7', '53', '0', '1');
INSERT INTO `vtiger_profile2field` VALUES('4', '7', '54', '0', '1');
INSERT INTO `vtiger_profile2field` VALUES('4', '7', '55', '0', '1');
INSERT INTO `vtiger_profile2field` VALUES('4', '7', '56', '0', '1');
INSERT INTO `vtiger_profile2field` VALUES('4', '7', '57', '0', '1');
INSERT INTO `vtiger_profile2field` VALUES('4', '7', '58', '0', '1');
INSERT INTO `vtiger_profile2field` VALUES('4', '7', '59', '0', '1');
INSERT INTO `vtiger_profile2field` VALUES('4', '7', '60', '0', '1');
INSERT INTO `vtiger_profile2field` VALUES('4', '7', '61', '0', '1');
INSERT INTO `vtiger_profile2field` VALUES('4', '4', '62', '0', '1');
INSERT INTO `vtiger_profile2field` VALUES('4', '4', '63', '0', '1');
INSERT INTO `vtiger_profile2field` VALUES('4', '4', '64', '0', '1');
INSERT INTO `vtiger_profile2field` VALUES('4', '4', '65', '0', '1');
INSERT INTO `vtiger_profile2field` VALUES('4', '4', '66', '0', '1');
INSERT INTO `vtiger_profile2field` VALUES('4', '4', '67', '0', '1');
INSERT INTO `vtiger_profile2field` VALUES('4', '4', '68', '0', '1');
INSERT INTO `vtiger_profile2field` VALUES('4', '4', '69', '0', '1');
INSERT INTO `vtiger_profile2field` VALUES('4', '4', '70', '0', '1');
INSERT INTO `vtiger_profile2field` VALUES('4', '4', '71', '0', '1');
INSERT INTO `vtiger_profile2field` VALUES('4', '4', '72', '0', '1');
INSERT INTO `vtiger_profile2field` VALUES('4', '4', '73', '0', '1');
INSERT INTO `vtiger_profile2field` VALUES('4', '4', '74', '0', '1');
INSERT INTO `vtiger_profile2field` VALUES('4', '4', '75', '0', '1');
INSERT INTO `vtiger_profile2field` VALUES('4', '4', '76', '0', '1');
INSERT INTO `vtiger_profile2field` VALUES('4', '4', '77', '0', '1');
INSERT INTO `vtiger_profile2field` VALUES('4', '4', '78', '0', '1');
INSERT INTO `vtiger_profile2field` VALUES('4', '4', '79', '0', '1');
INSERT INTO `vtiger_profile2field` VALUES('4', '4', '80', '0', '1');
INSERT INTO `vtiger_profile2field` VALUES('4', '4', '81', '0', '1');
INSERT INTO `vtiger_profile2field` VALUES('4', '4', '82', '0', '1');
INSERT INTO `vtiger_profile2field` VALUES('4', '4', '83', '0', '1');
INSERT INTO `vtiger_profile2field` VALUES('4', '4', '84', '0', '1');
INSERT INTO `vtiger_profile2field` VALUES('4', '4', '85', '0', '1');
INSERT INTO `vtiger_profile2field` VALUES('4', '4', '86', '0', '1');
INSERT INTO `vtiger_profile2field` VALUES('4', '4', '87', '0', '1');
INSERT INTO `vtiger_profile2field` VALUES('4', '4', '88', '0', '1');
INSERT INTO `vtiger_profile2field` VALUES('4', '4', '89', '0', '1');
INSERT INTO `vtiger_profile2field` VALUES('4', '4', '90', '0', '1');
INSERT INTO `vtiger_profile2field` VALUES('4', '4', '91', '0', '1');
INSERT INTO `vtiger_profile2field` VALUES('4', '4', '92', '0', '1');
INSERT INTO `vtiger_profile2field` VALUES('4', '4', '93', '0', '1');
INSERT INTO `vtiger_profile2field` VALUES('4', '4', '94', '0', '1');
INSERT INTO `vtiger_profile2field` VALUES('4', '4', '95', '0', '1');
INSERT INTO `vtiger_profile2field` VALUES('4', '4', '96', '0', '1');
INSERT INTO `vtiger_profile2field` VALUES('4', '4', '97', '0', '1');
INSERT INTO `vtiger_profile2field` VALUES('4', '4', '98', '0', '1');
INSERT INTO `vtiger_profile2field` VALUES('4', '4', '99', '0', '1');
INSERT INTO `vtiger_profile2field` VALUES('4', '4', '100', '0', '1');
INSERT INTO `vtiger_profile2field` VALUES('4', '4', '101', '0', '1');
INSERT INTO `vtiger_profile2field` VALUES('4', '4', '102', '0', '1');
INSERT INTO `vtiger_profile2field` VALUES('4', '4', '103', '0', '1');
INSERT INTO `vtiger_profile2field` VALUES('4', '2', '104', '0', '1');
INSERT INTO `vtiger_profile2field` VALUES('4', '2', '105', '0', '1');
INSERT INTO `vtiger_profile2field` VALUES('4', '2', '106', '0', '1');
INSERT INTO `vtiger_profile2field` VALUES('4', '2', '107', '0', '1');
INSERT INTO `vtiger_profile2field` VALUES('4', '2', '108', '0', '1');
INSERT INTO `vtiger_profile2field` VALUES('4', '2', '109', '0', '1');
INSERT INTO `vtiger_profile2field` VALUES('4', '2', '110', '0', '1');
INSERT INTO `vtiger_profile2field` VALUES('4', '2', '111', '0', '1');
INSERT INTO `vtiger_profile2field` VALUES('4', '2', '112', '0', '1');
INSERT INTO `vtiger_profile2field` VALUES('4', '2', '113', '0', '1');
INSERT INTO `vtiger_profile2field` VALUES('4', '2', '114', '0', '1');
INSERT INTO `vtiger_profile2field` VALUES('4', '2', '115', '0', '1');
INSERT INTO `vtiger_profile2field` VALUES('4', '2', '116', '0', '1');
INSERT INTO `vtiger_profile2field` VALUES('4', '2', '117', '0', '1');
INSERT INTO `vtiger_profile2field` VALUES('4', '26', '118', '0', '1');
INSERT INTO `vtiger_profile2field` VALUES('4', '26', '119', '0', '1');
INSERT INTO `vtiger_profile2field` VALUES('4', '26', '120', '0', '1');
INSERT INTO `vtiger_profile2field` VALUES('4', '26', '121', '0', '1');
INSERT INTO `vtiger_profile2field` VALUES('4', '26', '122', '0', '1');
INSERT INTO `vtiger_profile2field` VALUES('4', '26', '123', '0', '1');
INSERT INTO `vtiger_profile2field` VALUES('4', '26', '124', '0', '1');
INSERT INTO `vtiger_profile2field` VALUES('4', '26', '125', '0', '1');
INSERT INTO `vtiger_profile2field` VALUES('4', '26', '126', '0', '1');
INSERT INTO `vtiger_profile2field` VALUES('4', '26', '127', '0', '1');
INSERT INTO `vtiger_profile2field` VALUES('4', '26', '128', '0', '1');
INSERT INTO `vtiger_profile2field` VALUES('4', '26', '129', '0', '1');
INSERT INTO `vtiger_profile2field` VALUES('4', '26', '130', '0', '1');
INSERT INTO `vtiger_profile2field` VALUES('4', '26', '131', '0', '1');
INSERT INTO `vtiger_profile2field` VALUES('4', '26', '132', '0', '1');
INSERT INTO `vtiger_profile2field` VALUES('4', '26', '133', '0', '1');
INSERT INTO `vtiger_profile2field` VALUES('4', '26', '134', '0', '1');
INSERT INTO `vtiger_profile2field` VALUES('4', '26', '135', '0', '1');
INSERT INTO `vtiger_profile2field` VALUES('4', '26', '136', '0', '1');
INSERT INTO `vtiger_profile2field` VALUES('4', '26', '137', '0', '1');
INSERT INTO `vtiger_profile2field` VALUES('4', '26', '138', '0', '1');
INSERT INTO `vtiger_profile2field` VALUES('4', '26', '139', '0', '1');
INSERT INTO `vtiger_profile2field` VALUES('4', '26', '140', '0', '1');
INSERT INTO `vtiger_profile2field` VALUES('4', '13', '141', '0', '1');
INSERT INTO `vtiger_profile2field` VALUES('4', '13', '142', '0', '1');
INSERT INTO `vtiger_profile2field` VALUES('4', '13', '143', '0', '1');
INSERT INTO `vtiger_profile2field` VALUES('4', '13', '144', '0', '1');
INSERT INTO `vtiger_profile2field` VALUES('4', '13', '145', '0', '1');
INSERT INTO `vtiger_profile2field` VALUES('4', '13', '146', '0', '1');
INSERT INTO `vtiger_profile2field` VALUES('4', '13', '147', '0', '1');
INSERT INTO `vtiger_profile2field` VALUES('4', '13', '148', '0', '1');
INSERT INTO `vtiger_profile2field` VALUES('4', '13', '149', '0', '1');
INSERT INTO `vtiger_profile2field` VALUES('4', '13', '150', '0', '1');
INSERT INTO `vtiger_profile2field` VALUES('4', '13', '151', '0', '1');
INSERT INTO `vtiger_profile2field` VALUES('4', '13', '152', '0', '1');
INSERT INTO `vtiger_profile2field` VALUES('4', '13', '153', '0', '1');
INSERT INTO `vtiger_profile2field` VALUES('4', '13', '154', '0', '1');
INSERT INTO `vtiger_profile2field` VALUES('4', '13', '155', '0', '1');
INSERT INTO `vtiger_profile2field` VALUES('4', '14', '156', '0', '1');
INSERT INTO `vtiger_profile2field` VALUES('4', '14', '157', '1', '1');
INSERT INTO `vtiger_profile2field` VALUES('4', '14', '158', '0', '1');
INSERT INTO `vtiger_profile2field` VALUES('4', '14', '159', '1', '1');
INSERT INTO `vtiger_profile2field` VALUES('4', '14', '160', '1', '1');
INSERT INTO `vtiger_profile2field` VALUES('4', '14', '161', '1', '1');
INSERT INTO `vtiger_profile2field` VALUES('4', '14', '162', '0', '1');
INSERT INTO `vtiger_profile2field` VALUES('4', '14', '163', '1', '1');
INSERT INTO `vtiger_profile2field` VALUES('4', '14', '164', '1', '1');
INSERT INTO `vtiger_profile2field` VALUES('4', '14', '165', '1', '1');
INSERT INTO `vtiger_profile2field` VALUES('4', '14', '166', '1', '1');
INSERT INTO `vtiger_profile2field` VALUES('4', '14', '167', '1', '1');
INSERT INTO `vtiger_profile2field` VALUES('4', '14', '168', '1', '1');
INSERT INTO `vtiger_profile2field` VALUES('4', '14', '169', '1', '1');
INSERT INTO `vtiger_profile2field` VALUES('4', '14', '170', '0', '1');
INSERT INTO `vtiger_profile2field` VALUES('4', '14', '171', '1', '1');
INSERT INTO `vtiger_profile2field` VALUES('4', '14', '172', '1', '1');
INSERT INTO `vtiger_profile2field` VALUES('4', '14', '173', '0', '1');
INSERT INTO `vtiger_profile2field` VALUES('4', '14', '174', '0', '1');
INSERT INTO `vtiger_profile2field` VALUES('4', '14', '175', '1', '1');
INSERT INTO `vtiger_profile2field` VALUES('4', '14', '176', '0', '1');
INSERT INTO `vtiger_profile2field` VALUES('4', '14', '177', '1', '1');
INSERT INTO `vtiger_profile2field` VALUES('4', '14', '178', '0', '1');
INSERT INTO `vtiger_profile2field` VALUES('4', '14', '179', '0', '1');
INSERT INTO `vtiger_profile2field` VALUES('4', '14', '180', '1', '1');
INSERT INTO `vtiger_profile2field` VALUES('4', '14', '181', '1', '1');
INSERT INTO `vtiger_profile2field` VALUES('4', '14', '182', '0', '1');
INSERT INTO `vtiger_profile2field` VALUES('4', '14', '183', '1', '1');
INSERT INTO `vtiger_profile2field` VALUES('4', '14', '184', '0', '1');
INSERT INTO `vtiger_profile2field` VALUES('4', '8', '185', '0', '1');
INSERT INTO `vtiger_profile2field` VALUES('4', '8', '186', '0', '1');
INSERT INTO `vtiger_profile2field` VALUES('4', '8', '187', '0', '1');
INSERT INTO `vtiger_profile2field` VALUES('4', '8', '188', '0', '1');
INSERT INTO `vtiger_profile2field` VALUES('4', '8', '189', '0', '1');
INSERT INTO `vtiger_profile2field` VALUES('4', '8', '190', '0', '1');
INSERT INTO `vtiger_profile2field` VALUES('4', '8', '191', '0', '1');
INSERT INTO `vtiger_profile2field` VALUES('4', '10', '192', '0', '1');
INSERT INTO `vtiger_profile2field` VALUES('4', '10', '193', '0', '1');
INSERT INTO `vtiger_profile2field` VALUES('4', '10', '194', '0', '1');
INSERT INTO `vtiger_profile2field` VALUES('4', '10', '195', '0', '1');
INSERT INTO `vtiger_profile2field` VALUES('4', '10', '196', '0', '1');
INSERT INTO `vtiger_profile2field` VALUES('4', '10', '197', '0', '1');
INSERT INTO `vtiger_profile2field` VALUES('4', '10', '198', '0', '1');
INSERT INTO `vtiger_profile2field` VALUES('4', '10', '199', '0', '1');
INSERT INTO `vtiger_profile2field` VALUES('4', '10', '200', '0', '1');
INSERT INTO `vtiger_profile2field` VALUES('4', '10', '201', '0', '1');
INSERT INTO `vtiger_profile2field` VALUES('4', '10', '202', '0', '1');
INSERT INTO `vtiger_profile2field` VALUES('4', '9', '203', '0', '1');
INSERT INTO `vtiger_profile2field` VALUES('4', '9', '204', '0', '1');
INSERT INTO `vtiger_profile2field` VALUES('4', '9', '205', '0', '1');
INSERT INTO `vtiger_profile2field` VALUES('4', '9', '206', '0', '1');
INSERT INTO `vtiger_profile2field` VALUES('4', '9', '207', '0', '1');
INSERT INTO `vtiger_profile2field` VALUES('4', '9', '208', '0', '1');
INSERT INTO `vtiger_profile2field` VALUES('4', '9', '209', '0', '1');
INSERT INTO `vtiger_profile2field` VALUES('4', '9', '210', '0', '1');
INSERT INTO `vtiger_profile2field` VALUES('4', '9', '211', '0', '1');
INSERT INTO `vtiger_profile2field` VALUES('4', '9', '212', '0', '1');
INSERT INTO `vtiger_profile2field` VALUES('4', '9', '213', '0', '1');
INSERT INTO `vtiger_profile2field` VALUES('4', '9', '214', '0', '1');
INSERT INTO `vtiger_profile2field` VALUES('4', '9', '215', '0', '1');
INSERT INTO `vtiger_profile2field` VALUES('4', '9', '216', '0', '1');
INSERT INTO `vtiger_profile2field` VALUES('4', '9', '217', '0', '1');
INSERT INTO `vtiger_profile2field` VALUES('4', '9', '218', '0', '1');
INSERT INTO `vtiger_profile2field` VALUES('4', '9', '219', '0', '1');
INSERT INTO `vtiger_profile2field` VALUES('4', '9', '220', '0', '1');
INSERT INTO `vtiger_profile2field` VALUES('4', '9', '221', '0', '1');
INSERT INTO `vtiger_profile2field` VALUES('4', '9', '222', '0', '1');
INSERT INTO `vtiger_profile2field` VALUES('4', '9', '223', '0', '1');
INSERT INTO `vtiger_profile2field` VALUES('4', '9', '224', '0', '1');
INSERT INTO `vtiger_profile2field` VALUES('4', '9', '225', '0', '1');
INSERT INTO `vtiger_profile2field` VALUES('4', '16', '226', '0', '1');
INSERT INTO `vtiger_profile2field` VALUES('4', '16', '227', '0', '1');
INSERT INTO `vtiger_profile2field` VALUES('4', '16', '228', '0', '1');
INSERT INTO `vtiger_profile2field` VALUES('4', '16', '229', '0', '1');
INSERT INTO `vtiger_profile2field` VALUES('4', '16', '230', '0', '1');
INSERT INTO `vtiger_profile2field` VALUES('4', '16', '231', '0', '1');
INSERT INTO `vtiger_profile2field` VALUES('4', '16', '232', '0', '1');
INSERT INTO `vtiger_profile2field` VALUES('4', '16', '233', '0', '1');
INSERT INTO `vtiger_profile2field` VALUES('4', '16', '234', '0', '1');
INSERT INTO `vtiger_profile2field` VALUES('4', '16', '235', '0', '1');
INSERT INTO `vtiger_profile2field` VALUES('4', '16', '236', '0', '1');
INSERT INTO `vtiger_profile2field` VALUES('4', '16', '237', '0', '1');
INSERT INTO `vtiger_profile2field` VALUES('4', '16', '238', '0', '1');
INSERT INTO `vtiger_profile2field` VALUES('4', '16', '239', '0', '1');
INSERT INTO `vtiger_profile2field` VALUES('4', '16', '240', '0', '1');
INSERT INTO `vtiger_profile2field` VALUES('4', '16', '241', '0', '1');
INSERT INTO `vtiger_profile2field` VALUES('4', '16', '242', '0', '1');
INSERT INTO `vtiger_profile2field` VALUES('4', '16', '243', '0', '1');
INSERT INTO `vtiger_profile2field` VALUES('4', '16', '244', '0', '1');
INSERT INTO `vtiger_profile2field` VALUES('4', '16', '245', '0', '1');
INSERT INTO `vtiger_profile2field` VALUES('4', '16', '246', '0', '1');
INSERT INTO `vtiger_profile2field` VALUES('4', '15', '247', '0', '1');
INSERT INTO `vtiger_profile2field` VALUES('4', '15', '248', '0', '1');
INSERT INTO `vtiger_profile2field` VALUES('4', '15', '249', '0', '1');
INSERT INTO `vtiger_profile2field` VALUES('4', '15', '250', '0', '1');
INSERT INTO `vtiger_profile2field` VALUES('4', '15', '251', '0', '1');
INSERT INTO `vtiger_profile2field` VALUES('4', '15', '252', '0', '1');
INSERT INTO `vtiger_profile2field` VALUES('4', '15', '253', '0', '1');
INSERT INTO `vtiger_profile2field` VALUES('4', '15', '254', '0', '1');
INSERT INTO `vtiger_profile2field` VALUES('4', '18', '255', '0', '1');
INSERT INTO `vtiger_profile2field` VALUES('4', '18', '256', '0', '1');
INSERT INTO `vtiger_profile2field` VALUES('4', '18', '257', '0', '1');
INSERT INTO `vtiger_profile2field` VALUES('4', '18', '258', '0', '1');
INSERT INTO `vtiger_profile2field` VALUES('4', '18', '259', '0', '1');
INSERT INTO `vtiger_profile2field` VALUES('4', '18', '260', '0', '1');
INSERT INTO `vtiger_profile2field` VALUES('4', '18', '261', '0', '1');
INSERT INTO `vtiger_profile2field` VALUES('4', '18', '262', '0', '1');
INSERT INTO `vtiger_profile2field` VALUES('4', '18', '263', '0', '1');
INSERT INTO `vtiger_profile2field` VALUES('4', '18', '264', '0', '1');
INSERT INTO `vtiger_profile2field` VALUES('4', '18', '265', '0', '1');
INSERT INTO `vtiger_profile2field` VALUES('4', '18', '266', '0', '1');
INSERT INTO `vtiger_profile2field` VALUES('4', '18', '267', '0', '1');
INSERT INTO `vtiger_profile2field` VALUES('4', '18', '268', '0', '1');
INSERT INTO `vtiger_profile2field` VALUES('4', '18', '269', '0', '1');
INSERT INTO `vtiger_profile2field` VALUES('4', '19', '270', '0', '1');
INSERT INTO `vtiger_profile2field` VALUES('4', '19', '271', '0', '1');
INSERT INTO `vtiger_profile2field` VALUES('4', '19', '272', '0', '1');
INSERT INTO `vtiger_profile2field` VALUES('4', '19', '273', '0', '1');
INSERT INTO `vtiger_profile2field` VALUES('4', '19', '274', '0', '1');
INSERT INTO `vtiger_profile2field` VALUES('4', '20', '275', '0', '1');
INSERT INTO `vtiger_profile2field` VALUES('4', '20', '276', '0', '1');
INSERT INTO `vtiger_profile2field` VALUES('4', '20', '277', '0', '1');
INSERT INTO `vtiger_profile2field` VALUES('4', '20', '278', '0', '1');
INSERT INTO `vtiger_profile2field` VALUES('4', '20', '279', '0', '1');
INSERT INTO `vtiger_profile2field` VALUES('4', '20', '280', '0', '1');
INSERT INTO `vtiger_profile2field` VALUES('4', '20', '281', '0', '1');
INSERT INTO `vtiger_profile2field` VALUES('4', '20', '282', '0', '1');
INSERT INTO `vtiger_profile2field` VALUES('4', '20', '283', '1', '1');
INSERT INTO `vtiger_profile2field` VALUES('4', '20', '284', '0', '1');
INSERT INTO `vtiger_profile2field` VALUES('4', '20', '285', '0', '1');
INSERT INTO `vtiger_profile2field` VALUES('4', '20', '286', '0', '1');
INSERT INTO `vtiger_profile2field` VALUES('4', '20', '287', '0', '1');
INSERT INTO `vtiger_profile2field` VALUES('4', '20', '288', '0', '1');
INSERT INTO `vtiger_profile2field` VALUES('4', '20', '289', '0', '1');
INSERT INTO `vtiger_profile2field` VALUES('4', '20', '290', '0', '1');
INSERT INTO `vtiger_profile2field` VALUES('4', '20', '291', '0', '1');
INSERT INTO `vtiger_profile2field` VALUES('4', '20', '292', '0', '1');
INSERT INTO `vtiger_profile2field` VALUES('4', '20', '293', '0', '1');
INSERT INTO `vtiger_profile2field` VALUES('4', '20', '294', '0', '1');
INSERT INTO `vtiger_profile2field` VALUES('4', '20', '295', '0', '1');
INSERT INTO `vtiger_profile2field` VALUES('4', '20', '296', '0', '1');
INSERT INTO `vtiger_profile2field` VALUES('4', '20', '297', '0', '1');
INSERT INTO `vtiger_profile2field` VALUES('4', '20', '298', '0', '1');
INSERT INTO `vtiger_profile2field` VALUES('4', '20', '299', '0', '1');
INSERT INTO `vtiger_profile2field` VALUES('4', '20', '300', '0', '1');
INSERT INTO `vtiger_profile2field` VALUES('4', '20', '301', '0', '1');
INSERT INTO `vtiger_profile2field` VALUES('4', '20', '302', '0', '1');
INSERT INTO `vtiger_profile2field` VALUES('4', '20', '303', '0', '1');
INSERT INTO `vtiger_profile2field` VALUES('4', '20', '304', '0', '1');
INSERT INTO `vtiger_profile2field` VALUES('4', '20', '305', '0', '1');
INSERT INTO `vtiger_profile2field` VALUES('4', '20', '306', '0', '1');
INSERT INTO `vtiger_profile2field` VALUES('4', '20', '307', '0', '1');
INSERT INTO `vtiger_profile2field` VALUES('4', '21', '308', '0', '1');
INSERT INTO `vtiger_profile2field` VALUES('4', '21', '309', '0', '1');
INSERT INTO `vtiger_profile2field` VALUES('4', '21', '310', '0', '1');
INSERT INTO `vtiger_profile2field` VALUES('4', '21', '311', '0', '1');
INSERT INTO `vtiger_profile2field` VALUES('4', '21', '312', '0', '1');
INSERT INTO `vtiger_profile2field` VALUES('4', '21', '313', '0', '1');
INSERT INTO `vtiger_profile2field` VALUES('4', '21', '314', '0', '1');
INSERT INTO `vtiger_profile2field` VALUES('4', '21', '315', '0', '1');
INSERT INTO `vtiger_profile2field` VALUES('4', '21', '316', '0', '1');
INSERT INTO `vtiger_profile2field` VALUES('4', '21', '317', '0', '1');
INSERT INTO `vtiger_profile2field` VALUES('4', '21', '318', '0', '1');
INSERT INTO `vtiger_profile2field` VALUES('4', '21', '319', '0', '1');
INSERT INTO `vtiger_profile2field` VALUES('4', '21', '320', '0', '1');
INSERT INTO `vtiger_profile2field` VALUES('4', '21', '321', '0', '1');
INSERT INTO `vtiger_profile2field` VALUES('4', '21', '322', '0', '1');
INSERT INTO `vtiger_profile2field` VALUES('4', '21', '323', '0', '1');
INSERT INTO `vtiger_profile2field` VALUES('4', '21', '324', '0', '1');
INSERT INTO `vtiger_profile2field` VALUES('4', '21', '325', '0', '1');
INSERT INTO `vtiger_profile2field` VALUES('4', '21', '326', '0', '1');
INSERT INTO `vtiger_profile2field` VALUES('4', '21', '327', '0', '1');
INSERT INTO `vtiger_profile2field` VALUES('4', '21', '328', '0', '1');
INSERT INTO `vtiger_profile2field` VALUES('4', '21', '329', '0', '1');
INSERT INTO `vtiger_profile2field` VALUES('4', '21', '330', '0', '1');
INSERT INTO `vtiger_profile2field` VALUES('4', '21', '331', '0', '1');
INSERT INTO `vtiger_profile2field` VALUES('4', '21', '332', '0', '1');
INSERT INTO `vtiger_profile2field` VALUES('4', '21', '333', '0', '1');
INSERT INTO `vtiger_profile2field` VALUES('4', '21', '334', '0', '1');
INSERT INTO `vtiger_profile2field` VALUES('4', '21', '335', '0', '1');
INSERT INTO `vtiger_profile2field` VALUES('4', '21', '336', '0', '1');
INSERT INTO `vtiger_profile2field` VALUES('4', '21', '337', '0', '1');
INSERT INTO `vtiger_profile2field` VALUES('4', '21', '338', '0', '1');
INSERT INTO `vtiger_profile2field` VALUES('4', '21', '339', '0', '1');
INSERT INTO `vtiger_profile2field` VALUES('4', '21', '340', '0', '1');
INSERT INTO `vtiger_profile2field` VALUES('4', '21', '341', '0', '1');
INSERT INTO `vtiger_profile2field` VALUES('4', '22', '342', '0', '1');
INSERT INTO `vtiger_profile2field` VALUES('4', '22', '343', '0', '1');
INSERT INTO `vtiger_profile2field` VALUES('4', '22', '344', '0', '1');
INSERT INTO `vtiger_profile2field` VALUES('4', '22', '345', '0', '1');
INSERT INTO `vtiger_profile2field` VALUES('4', '22', '346', '0', '1');
INSERT INTO `vtiger_profile2field` VALUES('4', '22', '347', '0', '1');
INSERT INTO `vtiger_profile2field` VALUES('4', '22', '348', '0', '1');
INSERT INTO `vtiger_profile2field` VALUES('4', '22', '349', '0', '1');
INSERT INTO `vtiger_profile2field` VALUES('4', '22', '350', '0', '1');
INSERT INTO `vtiger_profile2field` VALUES('4', '22', '351', '0', '1');
INSERT INTO `vtiger_profile2field` VALUES('4', '22', '352', '0', '1');
INSERT INTO `vtiger_profile2field` VALUES('4', '22', '353', '0', '1');
INSERT INTO `vtiger_profile2field` VALUES('4', '22', '354', '0', '1');
INSERT INTO `vtiger_profile2field` VALUES('4', '22', '355', '0', '1');
INSERT INTO `vtiger_profile2field` VALUES('4', '22', '356', '0', '1');
INSERT INTO `vtiger_profile2field` VALUES('4', '22', '357', '0', '1');
INSERT INTO `vtiger_profile2field` VALUES('4', '22', '358', '0', '1');
INSERT INTO `vtiger_profile2field` VALUES('4', '22', '359', '0', '1');
INSERT INTO `vtiger_profile2field` VALUES('4', '22', '360', '0', '1');
INSERT INTO `vtiger_profile2field` VALUES('4', '22', '361', '0', '1');
INSERT INTO `vtiger_profile2field` VALUES('4', '22', '362', '0', '1');
INSERT INTO `vtiger_profile2field` VALUES('4', '22', '363', '0', '1');
INSERT INTO `vtiger_profile2field` VALUES('4', '22', '364', '0', '1');
INSERT INTO `vtiger_profile2field` VALUES('4', '22', '365', '0', '1');
INSERT INTO `vtiger_profile2field` VALUES('4', '22', '366', '0', '1');
INSERT INTO `vtiger_profile2field` VALUES('4', '22', '367', '0', '1');
INSERT INTO `vtiger_profile2field` VALUES('4', '22', '368', '0', '1');
INSERT INTO `vtiger_profile2field` VALUES('4', '22', '369', '0', '1');
INSERT INTO `vtiger_profile2field` VALUES('4', '22', '370', '0', '1');
INSERT INTO `vtiger_profile2field` VALUES('4', '22', '371', '0', '1');
INSERT INTO `vtiger_profile2field` VALUES('4', '22', '372', '0', '1');
INSERT INTO `vtiger_profile2field` VALUES('4', '22', '373', '0', '1');
INSERT INTO `vtiger_profile2field` VALUES('4', '22', '374', '0', '1');
INSERT INTO `vtiger_profile2field` VALUES('4', '22', '375', '0', '1');
INSERT INTO `vtiger_profile2field` VALUES('4', '22', '376', '0', '1');
INSERT INTO `vtiger_profile2field` VALUES('4', '22', '377', '0', '1');
INSERT INTO `vtiger_profile2field` VALUES('4', '22', '378', '0', '1');
INSERT INTO `vtiger_profile2field` VALUES('4', '23', '379', '0', '1');
INSERT INTO `vtiger_profile2field` VALUES('4', '23', '380', '0', '1');
INSERT INTO `vtiger_profile2field` VALUES('4', '23', '381', '0', '1');
INSERT INTO `vtiger_profile2field` VALUES('4', '23', '382', '0', '1');
INSERT INTO `vtiger_profile2field` VALUES('4', '23', '383', '0', '1');
INSERT INTO `vtiger_profile2field` VALUES('4', '23', '384', '0', '1');
INSERT INTO `vtiger_profile2field` VALUES('4', '23', '385', '0', '1');
INSERT INTO `vtiger_profile2field` VALUES('4', '23', '386', '0', '1');
INSERT INTO `vtiger_profile2field` VALUES('4', '23', '387', '0', '1');
INSERT INTO `vtiger_profile2field` VALUES('4', '23', '388', '0', '1');
INSERT INTO `vtiger_profile2field` VALUES('4', '23', '389', '0', '1');
INSERT INTO `vtiger_profile2field` VALUES('4', '23', '390', '0', '1');
INSERT INTO `vtiger_profile2field` VALUES('4', '23', '391', '0', '1');
INSERT INTO `vtiger_profile2field` VALUES('4', '23', '392', '0', '1');
INSERT INTO `vtiger_profile2field` VALUES('4', '23', '393', '0', '1');
INSERT INTO `vtiger_profile2field` VALUES('4', '23', '394', '0', '1');
INSERT INTO `vtiger_profile2field` VALUES('4', '23', '395', '0', '1');
INSERT INTO `vtiger_profile2field` VALUES('4', '23', '396', '0', '1');
INSERT INTO `vtiger_profile2field` VALUES('4', '23', '397', '0', '1');
INSERT INTO `vtiger_profile2field` VALUES('4', '23', '398', '0', '1');
INSERT INTO `vtiger_profile2field` VALUES('4', '23', '399', '0', '1');
INSERT INTO `vtiger_profile2field` VALUES('4', '23', '400', '0', '1');
INSERT INTO `vtiger_profile2field` VALUES('4', '23', '401', '0', '1');
INSERT INTO `vtiger_profile2field` VALUES('4', '23', '402', '0', '1');
INSERT INTO `vtiger_profile2field` VALUES('4', '23', '403', '0', '1');
INSERT INTO `vtiger_profile2field` VALUES('4', '23', '404', '0', '1');
INSERT INTO `vtiger_profile2field` VALUES('4', '23', '405', '0', '1');
INSERT INTO `vtiger_profile2field` VALUES('4', '23', '406', '0', '1');
INSERT INTO `vtiger_profile2field` VALUES('4', '23', '407', '0', '1');
INSERT INTO `vtiger_profile2field` VALUES('4', '23', '408', '0', '1');
INSERT INTO `vtiger_profile2field` VALUES('4', '23', '409', '0', '1');
INSERT INTO `vtiger_profile2field` VALUES('4', '23', '410', '0', '1');
INSERT INTO `vtiger_profile2field` VALUES('4', '23', '411', '0', '1');
INSERT INTO `vtiger_profile2field` VALUES('4', '23', '412', '0', '1');
INSERT INTO `vtiger_profile2field` VALUES('4', '23', '413', '0', '1');
INSERT INTO `vtiger_profile2field` VALUES('4', '23', '414', '0', '1');
INSERT INTO `vtiger_profile2field` VALUES('5', '6', '1', '0', '1');
INSERT INTO `vtiger_profile2field` VALUES('5', '6', '2', '0', '1');
INSERT INTO `vtiger_profile2field` VALUES('5', '6', '3', '0', '1');
INSERT INTO `vtiger_profile2field` VALUES('5', '6', '4', '0', '1');
INSERT INTO `vtiger_profile2field` VALUES('5', '6', '5', '0', '1');
INSERT INTO `vtiger_profile2field` VALUES('5', '6', '6', '0', '1');
INSERT INTO `vtiger_profile2field` VALUES('5', '6', '7', '0', '1');
INSERT INTO `vtiger_profile2field` VALUES('5', '6', '8', '0', '1');
INSERT INTO `vtiger_profile2field` VALUES('5', '6', '9', '0', '1');
INSERT INTO `vtiger_profile2field` VALUES('5', '6', '10', '0', '1');
INSERT INTO `vtiger_profile2field` VALUES('5', '6', '11', '0', '1');
INSERT INTO `vtiger_profile2field` VALUES('5', '6', '12', '0', '1');
INSERT INTO `vtiger_profile2field` VALUES('5', '6', '13', '0', '1');
INSERT INTO `vtiger_profile2field` VALUES('5', '6', '14', '0', '1');
INSERT INTO `vtiger_profile2field` VALUES('5', '6', '15', '0', '1');
INSERT INTO `vtiger_profile2field` VALUES('5', '6', '16', '0', '1');
INSERT INTO `vtiger_profile2field` VALUES('5', '6', '17', '0', '1');
INSERT INTO `vtiger_profile2field` VALUES('5', '6', '18', '0', '1');
INSERT INTO `vtiger_profile2field` VALUES('5', '6', '19', '0', '1');
INSERT INTO `vtiger_profile2field` VALUES('5', '6', '20', '0', '1');
INSERT INTO `vtiger_profile2field` VALUES('5', '6', '21', '0', '1');
INSERT INTO `vtiger_profile2field` VALUES('5', '6', '22', '0', '1');
INSERT INTO `vtiger_profile2field` VALUES('5', '6', '23', '0', '1');
INSERT INTO `vtiger_profile2field` VALUES('5', '6', '24', '0', '1');
INSERT INTO `vtiger_profile2field` VALUES('5', '6', '25', '0', '1');
INSERT INTO `vtiger_profile2field` VALUES('5', '6', '26', '0', '1');
INSERT INTO `vtiger_profile2field` VALUES('5', '6', '27', '0', '1');
INSERT INTO `vtiger_profile2field` VALUES('5', '6', '28', '0', '1');
INSERT INTO `vtiger_profile2field` VALUES('5', '6', '29', '0', '1');
INSERT INTO `vtiger_profile2field` VALUES('5', '6', '30', '0', '1');
INSERT INTO `vtiger_profile2field` VALUES('5', '6', '31', '0', '1');
INSERT INTO `vtiger_profile2field` VALUES('5', '6', '32', '0', '1');
INSERT INTO `vtiger_profile2field` VALUES('5', '6', '33', '0', '1');
INSERT INTO `vtiger_profile2field` VALUES('5', '6', '34', '0', '1');
INSERT INTO `vtiger_profile2field` VALUES('5', '7', '35', '0', '1');
INSERT INTO `vtiger_profile2field` VALUES('5', '7', '36', '0', '1');
INSERT INTO `vtiger_profile2field` VALUES('5', '7', '37', '0', '1');
INSERT INTO `vtiger_profile2field` VALUES('5', '7', '38', '0', '1');
INSERT INTO `vtiger_profile2field` VALUES('5', '7', '39', '0', '1');
INSERT INTO `vtiger_profile2field` VALUES('5', '7', '40', '0', '1');
INSERT INTO `vtiger_profile2field` VALUES('5', '7', '41', '0', '1');
INSERT INTO `vtiger_profile2field` VALUES('5', '7', '42', '0', '1');
INSERT INTO `vtiger_profile2field` VALUES('5', '7', '43', '0', '1');
INSERT INTO `vtiger_profile2field` VALUES('5', '7', '44', '0', '1');
INSERT INTO `vtiger_profile2field` VALUES('5', '7', '45', '0', '1');
INSERT INTO `vtiger_profile2field` VALUES('5', '7', '46', '0', '1');
INSERT INTO `vtiger_profile2field` VALUES('5', '7', '47', '0', '1');
INSERT INTO `vtiger_profile2field` VALUES('5', '7', '48', '0', '1');
INSERT INTO `vtiger_profile2field` VALUES('5', '7', '49', '0', '1');
INSERT INTO `vtiger_profile2field` VALUES('5', '7', '50', '0', '1');
INSERT INTO `vtiger_profile2field` VALUES('5', '7', '51', '0', '1');
INSERT INTO `vtiger_profile2field` VALUES('5', '7', '52', '0', '1');
INSERT INTO `vtiger_profile2field` VALUES('5', '7', '53', '0', '1');
INSERT INTO `vtiger_profile2field` VALUES('5', '7', '54', '0', '1');
INSERT INTO `vtiger_profile2field` VALUES('5', '7', '55', '0', '1');
INSERT INTO `vtiger_profile2field` VALUES('5', '7', '56', '0', '1');
INSERT INTO `vtiger_profile2field` VALUES('5', '7', '57', '0', '1');
INSERT INTO `vtiger_profile2field` VALUES('5', '7', '58', '0', '1');
INSERT INTO `vtiger_profile2field` VALUES('5', '7', '59', '0', '1');
INSERT INTO `vtiger_profile2field` VALUES('5', '7', '60', '0', '1');
INSERT INTO `vtiger_profile2field` VALUES('5', '7', '61', '0', '1');
INSERT INTO `vtiger_profile2field` VALUES('5', '4', '62', '0', '1');
INSERT INTO `vtiger_profile2field` VALUES('5', '4', '63', '0', '1');
INSERT INTO `vtiger_profile2field` VALUES('5', '4', '64', '0', '1');
INSERT INTO `vtiger_profile2field` VALUES('5', '4', '65', '0', '1');
INSERT INTO `vtiger_profile2field` VALUES('5', '4', '66', '0', '1');
INSERT INTO `vtiger_profile2field` VALUES('5', '4', '67', '0', '1');
INSERT INTO `vtiger_profile2field` VALUES('5', '4', '68', '0', '1');
INSERT INTO `vtiger_profile2field` VALUES('5', '4', '69', '0', '1');
INSERT INTO `vtiger_profile2field` VALUES('5', '4', '70', '1', '1');
INSERT INTO `vtiger_profile2field` VALUES('5', '4', '71', '0', '1');
INSERT INTO `vtiger_profile2field` VALUES('5', '4', '72', '0', '1');
INSERT INTO `vtiger_profile2field` VALUES('5', '4', '73', '0', '1');
INSERT INTO `vtiger_profile2field` VALUES('5', '4', '74', '0', '1');
INSERT INTO `vtiger_profile2field` VALUES('5', '4', '75', '0', '1');
INSERT INTO `vtiger_profile2field` VALUES('5', '4', '76', '0', '1');
INSERT INTO `vtiger_profile2field` VALUES('5', '4', '77', '0', '1');
INSERT INTO `vtiger_profile2field` VALUES('5', '4', '78', '0', '1');
INSERT INTO `vtiger_profile2field` VALUES('5', '4', '79', '0', '1');
INSERT INTO `vtiger_profile2field` VALUES('5', '4', '80', '0', '1');
INSERT INTO `vtiger_profile2field` VALUES('5', '4', '81', '0', '1');
INSERT INTO `vtiger_profile2field` VALUES('5', '4', '82', '0', '1');
INSERT INTO `vtiger_profile2field` VALUES('5', '4', '83', '0', '1');
INSERT INTO `vtiger_profile2field` VALUES('5', '4', '84', '0', '1');
INSERT INTO `vtiger_profile2field` VALUES('5', '4', '85', '0', '1');
INSERT INTO `vtiger_profile2field` VALUES('5', '4', '86', '0', '1');
INSERT INTO `vtiger_profile2field` VALUES('5', '4', '87', '1', '1');
INSERT INTO `vtiger_profile2field` VALUES('5', '4', '88', '1', '1');
INSERT INTO `vtiger_profile2field` VALUES('5', '4', '89', '1', '1');
INSERT INTO `vtiger_profile2field` VALUES('5', '4', '90', '0', '1');
INSERT INTO `vtiger_profile2field` VALUES('5', '4', '91', '1', '1');
INSERT INTO `vtiger_profile2field` VALUES('5', '4', '92', '0', '1');
INSERT INTO `vtiger_profile2field` VALUES('5', '4', '93', '1', '1');
INSERT INTO `vtiger_profile2field` VALUES('5', '4', '94', '0', '1');
INSERT INTO `vtiger_profile2field` VALUES('5', '4', '95', '1', '1');
INSERT INTO `vtiger_profile2field` VALUES('5', '4', '96', '0', '1');
INSERT INTO `vtiger_profile2field` VALUES('5', '4', '97', '1', '1');
INSERT INTO `vtiger_profile2field` VALUES('5', '4', '98', '0', '1');
INSERT INTO `vtiger_profile2field` VALUES('5', '4', '99', '1', '1');
INSERT INTO `vtiger_profile2field` VALUES('5', '4', '100', '0', '1');
INSERT INTO `vtiger_profile2field` VALUES('5', '4', '101', '1', '1');
INSERT INTO `vtiger_profile2field` VALUES('5', '4', '102', '1', '1');
INSERT INTO `vtiger_profile2field` VALUES('5', '4', '103', '0', '1');
INSERT INTO `vtiger_profile2field` VALUES('5', '2', '104', '0', '1');
INSERT INTO `vtiger_profile2field` VALUES('5', '2', '105', '0', '1');
INSERT INTO `vtiger_profile2field` VALUES('5', '2', '106', '0', '1');
INSERT INTO `vtiger_profile2field` VALUES('5', '2', '107', '0', '1');
INSERT INTO `vtiger_profile2field` VALUES('5', '2', '108', '0', '1');
INSERT INTO `vtiger_profile2field` VALUES('5', '2', '109', '0', '1');
INSERT INTO `vtiger_profile2field` VALUES('5', '2', '110', '0', '1');
INSERT INTO `vtiger_profile2field` VALUES('5', '2', '111', '0', '1');
INSERT INTO `vtiger_profile2field` VALUES('5', '2', '112', '0', '1');
INSERT INTO `vtiger_profile2field` VALUES('5', '2', '113', '0', '1');
INSERT INTO `vtiger_profile2field` VALUES('5', '2', '114', '0', '1');
INSERT INTO `vtiger_profile2field` VALUES('5', '2', '115', '0', '1');
INSERT INTO `vtiger_profile2field` VALUES('5', '2', '116', '0', '1');
INSERT INTO `vtiger_profile2field` VALUES('5', '2', '117', '0', '1');
INSERT INTO `vtiger_profile2field` VALUES('5', '26', '118', '0', '1');
INSERT INTO `vtiger_profile2field` VALUES('5', '26', '119', '0', '1');
INSERT INTO `vtiger_profile2field` VALUES('5', '26', '120', '1', '1');
INSERT INTO `vtiger_profile2field` VALUES('5', '26', '121', '0', '1');
INSERT INTO `vtiger_profile2field` VALUES('5', '26', '122', '0', '1');
INSERT INTO `vtiger_profile2field` VALUES('5', '26', '123', '0', '1');
INSERT INTO `vtiger_profile2field` VALUES('5', '26', '124', '0', '1');
INSERT INTO `vtiger_profile2field` VALUES('5', '26', '125', '0', '1');
INSERT INTO `vtiger_profile2field` VALUES('5', '26', '126', '0', '1');
INSERT INTO `vtiger_profile2field` VALUES('5', '26', '127', '0', '1');
INSERT INTO `vtiger_profile2field` VALUES('5', '26', '128', '0', '1');
INSERT INTO `vtiger_profile2field` VALUES('5', '26', '129', '0', '1');
INSERT INTO `vtiger_profile2field` VALUES('5', '26', '130', '1', '1');
INSERT INTO `vtiger_profile2field` VALUES('5', '26', '131', '1', '1');
INSERT INTO `vtiger_profile2field` VALUES('5', '26', '132', '0', '1');
INSERT INTO `vtiger_profile2field` VALUES('5', '26', '133', '1', '1');
INSERT INTO `vtiger_profile2field` VALUES('5', '26', '134', '0', '1');
INSERT INTO `vtiger_profile2field` VALUES('5', '26', '135', '1', '1');
INSERT INTO `vtiger_profile2field` VALUES('5', '26', '136', '1', '1');
INSERT INTO `vtiger_profile2field` VALUES('5', '26', '137', '0', '1');
INSERT INTO `vtiger_profile2field` VALUES('5', '26', '138', '1', '1');
INSERT INTO `vtiger_profile2field` VALUES('5', '26', '139', '1', '1');
INSERT INTO `vtiger_profile2field` VALUES('5', '26', '140', '0', '1');
INSERT INTO `vtiger_profile2field` VALUES('5', '13', '141', '0', '1');
INSERT INTO `vtiger_profile2field` VALUES('5', '13', '142', '0', '1');
INSERT INTO `vtiger_profile2field` VALUES('5', '13', '143', '0', '1');
INSERT INTO `vtiger_profile2field` VALUES('5', '13', '144', '0', '1');
INSERT INTO `vtiger_profile2field` VALUES('5', '13', '145', '0', '1');
INSERT INTO `vtiger_profile2field` VALUES('5', '13', '146', '0', '1');
INSERT INTO `vtiger_profile2field` VALUES('5', '13', '147', '0', '1');
INSERT INTO `vtiger_profile2field` VALUES('5', '13', '148', '0', '1');
INSERT INTO `vtiger_profile2field` VALUES('5', '13', '149', '0', '1');
INSERT INTO `vtiger_profile2field` VALUES('5', '13', '150', '0', '1');
INSERT INTO `vtiger_profile2field` VALUES('5', '13', '151', '0', '1');
INSERT INTO `vtiger_profile2field` VALUES('5', '13', '152', '0', '1');
INSERT INTO `vtiger_profile2field` VALUES('5', '13', '153', '0', '1');
INSERT INTO `vtiger_profile2field` VALUES('5', '13', '154', '0', '1');
INSERT INTO `vtiger_profile2field` VALUES('5', '13', '155', '0', '1');
INSERT INTO `vtiger_profile2field` VALUES('5', '14', '156', '0', '1');
INSERT INTO `vtiger_profile2field` VALUES('5', '14', '157', '1', '1');
INSERT INTO `vtiger_profile2field` VALUES('5', '14', '158', '0', '1');
INSERT INTO `vtiger_profile2field` VALUES('5', '14', '159', '1', '1');
INSERT INTO `vtiger_profile2field` VALUES('5', '14', '160', '1', '1');
INSERT INTO `vtiger_profile2field` VALUES('5', '14', '161', '1', '1');
INSERT INTO `vtiger_profile2field` VALUES('5', '14', '162', '0', '1');
INSERT INTO `vtiger_profile2field` VALUES('5', '14', '163', '1', '1');
INSERT INTO `vtiger_profile2field` VALUES('5', '14', '164', '1', '1');
INSERT INTO `vtiger_profile2field` VALUES('5', '14', '165', '1', '1');
INSERT INTO `vtiger_profile2field` VALUES('5', '14', '166', '1', '1');
INSERT INTO `vtiger_profile2field` VALUES('5', '14', '167', '1', '1');
INSERT INTO `vtiger_profile2field` VALUES('5', '14', '168', '1', '1');
INSERT INTO `vtiger_profile2field` VALUES('5', '14', '169', '1', '1');
INSERT INTO `vtiger_profile2field` VALUES('5', '14', '170', '0', '1');
INSERT INTO `vtiger_profile2field` VALUES('5', '14', '171', '1', '1');
INSERT INTO `vtiger_profile2field` VALUES('5', '14', '172', '1', '1');
INSERT INTO `vtiger_profile2field` VALUES('5', '14', '173', '0', '1');
INSERT INTO `vtiger_profile2field` VALUES('5', '14', '174', '0', '1');
INSERT INTO `vtiger_profile2field` VALUES('5', '14', '175', '1', '1');
INSERT INTO `vtiger_profile2field` VALUES('5', '14', '176', '0', '1');
INSERT INTO `vtiger_profile2field` VALUES('5', '14', '177', '1', '1');
INSERT INTO `vtiger_profile2field` VALUES('5', '14', '178', '0', '1');
INSERT INTO `vtiger_profile2field` VALUES('5', '14', '179', '0', '1');
INSERT INTO `vtiger_profile2field` VALUES('5', '14', '180', '1', '1');
INSERT INTO `vtiger_profile2field` VALUES('5', '14', '181', '1', '1');
INSERT INTO `vtiger_profile2field` VALUES('5', '14', '182', '0', '1');
INSERT INTO `vtiger_profile2field` VALUES('5', '14', '183', '1', '1');
INSERT INTO `vtiger_profile2field` VALUES('5', '14', '184', '0', '1');
INSERT INTO `vtiger_profile2field` VALUES('5', '8', '185', '0', '1');
INSERT INTO `vtiger_profile2field` VALUES('5', '8', '186', '0', '1');
INSERT INTO `vtiger_profile2field` VALUES('5', '8', '187', '0', '1');
INSERT INTO `vtiger_profile2field` VALUES('5', '8', '188', '0', '1');
INSERT INTO `vtiger_profile2field` VALUES('5', '8', '189', '0', '1');
INSERT INTO `vtiger_profile2field` VALUES('5', '8', '190', '0', '1');
INSERT INTO `vtiger_profile2field` VALUES('5', '8', '191', '0', '1');
INSERT INTO `vtiger_profile2field` VALUES('5', '10', '192', '0', '1');
INSERT INTO `vtiger_profile2field` VALUES('5', '10', '193', '0', '1');
INSERT INTO `vtiger_profile2field` VALUES('5', '10', '194', '0', '1');
INSERT INTO `vtiger_profile2field` VALUES('5', '10', '195', '0', '1');
INSERT INTO `vtiger_profile2field` VALUES('5', '10', '196', '0', '1');
INSERT INTO `vtiger_profile2field` VALUES('5', '10', '197', '0', '1');
INSERT INTO `vtiger_profile2field` VALUES('5', '10', '198', '0', '1');
INSERT INTO `vtiger_profile2field` VALUES('5', '10', '199', '0', '1');
INSERT INTO `vtiger_profile2field` VALUES('5', '10', '200', '0', '1');
INSERT INTO `vtiger_profile2field` VALUES('5', '10', '201', '0', '1');
INSERT INTO `vtiger_profile2field` VALUES('5', '10', '202', '0', '1');
INSERT INTO `vtiger_profile2field` VALUES('5', '9', '203', '0', '1');
INSERT INTO `vtiger_profile2field` VALUES('5', '9', '204', '0', '1');
INSERT INTO `vtiger_profile2field` VALUES('5', '9', '205', '0', '1');
INSERT INTO `vtiger_profile2field` VALUES('5', '9', '206', '0', '1');
INSERT INTO `vtiger_profile2field` VALUES('5', '9', '207', '0', '1');
INSERT INTO `vtiger_profile2field` VALUES('5', '9', '208', '0', '1');
INSERT INTO `vtiger_profile2field` VALUES('5', '9', '209', '0', '1');
INSERT INTO `vtiger_profile2field` VALUES('5', '9', '210', '0', '1');
INSERT INTO `vtiger_profile2field` VALUES('5', '9', '211', '0', '1');
INSERT INTO `vtiger_profile2field` VALUES('5', '9', '212', '0', '1');
INSERT INTO `vtiger_profile2field` VALUES('5', '9', '213', '0', '1');
INSERT INTO `vtiger_profile2field` VALUES('5', '9', '214', '0', '1');
INSERT INTO `vtiger_profile2field` VALUES('5', '9', '215', '0', '1');
INSERT INTO `vtiger_profile2field` VALUES('5', '9', '216', '0', '1');
INSERT INTO `vtiger_profile2field` VALUES('5', '9', '217', '0', '1');
INSERT INTO `vtiger_profile2field` VALUES('5', '9', '218', '0', '1');
INSERT INTO `vtiger_profile2field` VALUES('5', '9', '219', '0', '1');
INSERT INTO `vtiger_profile2field` VALUES('5', '9', '220', '0', '1');
INSERT INTO `vtiger_profile2field` VALUES('5', '9', '221', '0', '1');
INSERT INTO `vtiger_profile2field` VALUES('5', '9', '222', '0', '1');
INSERT INTO `vtiger_profile2field` VALUES('5', '9', '223', '0', '1');
INSERT INTO `vtiger_profile2field` VALUES('5', '9', '224', '0', '1');
INSERT INTO `vtiger_profile2field` VALUES('5', '9', '225', '0', '1');
INSERT INTO `vtiger_profile2field` VALUES('5', '16', '226', '0', '1');
INSERT INTO `vtiger_profile2field` VALUES('5', '16', '227', '0', '1');
INSERT INTO `vtiger_profile2field` VALUES('5', '16', '228', '0', '1');
INSERT INTO `vtiger_profile2field` VALUES('5', '16', '229', '0', '1');
INSERT INTO `vtiger_profile2field` VALUES('5', '16', '230', '0', '1');
INSERT INTO `vtiger_profile2field` VALUES('5', '16', '231', '0', '1');
INSERT INTO `vtiger_profile2field` VALUES('5', '16', '232', '0', '1');
INSERT INTO `vtiger_profile2field` VALUES('5', '16', '233', '0', '1');
INSERT INTO `vtiger_profile2field` VALUES('5', '16', '234', '0', '1');
INSERT INTO `vtiger_profile2field` VALUES('5', '16', '235', '0', '1');
INSERT INTO `vtiger_profile2field` VALUES('5', '16', '236', '0', '1');
INSERT INTO `vtiger_profile2field` VALUES('5', '16', '237', '0', '1');
INSERT INTO `vtiger_profile2field` VALUES('5', '16', '238', '0', '1');
INSERT INTO `vtiger_profile2field` VALUES('5', '16', '239', '0', '1');
INSERT INTO `vtiger_profile2field` VALUES('5', '16', '240', '0', '1');
INSERT INTO `vtiger_profile2field` VALUES('5', '16', '241', '0', '1');
INSERT INTO `vtiger_profile2field` VALUES('5', '16', '242', '0', '1');
INSERT INTO `vtiger_profile2field` VALUES('5', '16', '243', '0', '1');
INSERT INTO `vtiger_profile2field` VALUES('5', '16', '244', '0', '1');
INSERT INTO `vtiger_profile2field` VALUES('5', '16', '245', '0', '1');
INSERT INTO `vtiger_profile2field` VALUES('5', '16', '246', '0', '1');
INSERT INTO `vtiger_profile2field` VALUES('5', '15', '247', '0', '1');
INSERT INTO `vtiger_profile2field` VALUES('5', '15', '248', '0', '1');
INSERT INTO `vtiger_profile2field` VALUES('5', '15', '249', '0', '1');
INSERT INTO `vtiger_profile2field` VALUES('5', '15', '250', '0', '1');
INSERT INTO `vtiger_profile2field` VALUES('5', '15', '251', '0', '1');
INSERT INTO `vtiger_profile2field` VALUES('5', '15', '252', '0', '1');
INSERT INTO `vtiger_profile2field` VALUES('5', '15', '253', '0', '1');
INSERT INTO `vtiger_profile2field` VALUES('5', '15', '254', '0', '1');
INSERT INTO `vtiger_profile2field` VALUES('5', '18', '255', '0', '1');
INSERT INTO `vtiger_profile2field` VALUES('5', '18', '256', '0', '1');
INSERT INTO `vtiger_profile2field` VALUES('5', '18', '257', '0', '1');
INSERT INTO `vtiger_profile2field` VALUES('5', '18', '258', '0', '1');
INSERT INTO `vtiger_profile2field` VALUES('5', '18', '259', '0', '1');
INSERT INTO `vtiger_profile2field` VALUES('5', '18', '260', '0', '1');
INSERT INTO `vtiger_profile2field` VALUES('5', '18', '261', '0', '1');
INSERT INTO `vtiger_profile2field` VALUES('5', '18', '262', '0', '1');
INSERT INTO `vtiger_profile2field` VALUES('5', '18', '263', '0', '1');
INSERT INTO `vtiger_profile2field` VALUES('5', '18', '264', '0', '1');
INSERT INTO `vtiger_profile2field` VALUES('5', '18', '265', '0', '1');
INSERT INTO `vtiger_profile2field` VALUES('5', '18', '266', '0', '1');
INSERT INTO `vtiger_profile2field` VALUES('5', '18', '267', '0', '1');
INSERT INTO `vtiger_profile2field` VALUES('5', '18', '268', '0', '1');
INSERT INTO `vtiger_profile2field` VALUES('5', '18', '269', '0', '1');
INSERT INTO `vtiger_profile2field` VALUES('5', '19', '270', '0', '1');
INSERT INTO `vtiger_profile2field` VALUES('5', '19', '271', '0', '1');
INSERT INTO `vtiger_profile2field` VALUES('5', '19', '272', '0', '1');
INSERT INTO `vtiger_profile2field` VALUES('5', '19', '273', '0', '1');
INSERT INTO `vtiger_profile2field` VALUES('5', '19', '274', '0', '1');
INSERT INTO `vtiger_profile2field` VALUES('5', '20', '275', '0', '1');
INSERT INTO `vtiger_profile2field` VALUES('5', '20', '276', '0', '1');
INSERT INTO `vtiger_profile2field` VALUES('5', '20', '277', '0', '1');
INSERT INTO `vtiger_profile2field` VALUES('5', '20', '278', '0', '1');
INSERT INTO `vtiger_profile2field` VALUES('5', '20', '279', '0', '1');
INSERT INTO `vtiger_profile2field` VALUES('5', '20', '280', '0', '1');
INSERT INTO `vtiger_profile2field` VALUES('5', '20', '281', '0', '1');
INSERT INTO `vtiger_profile2field` VALUES('5', '20', '282', '0', '1');
INSERT INTO `vtiger_profile2field` VALUES('5', '20', '283', '1', '1');
INSERT INTO `vtiger_profile2field` VALUES('5', '20', '284', '0', '1');
INSERT INTO `vtiger_profile2field` VALUES('5', '20', '285', '0', '1');
INSERT INTO `vtiger_profile2field` VALUES('5', '20', '286', '0', '1');
INSERT INTO `vtiger_profile2field` VALUES('5', '20', '287', '0', '1');
INSERT INTO `vtiger_profile2field` VALUES('5', '20', '288', '0', '1');
INSERT INTO `vtiger_profile2field` VALUES('5', '20', '289', '0', '1');
INSERT INTO `vtiger_profile2field` VALUES('5', '20', '290', '0', '1');
INSERT INTO `vtiger_profile2field` VALUES('5', '20', '291', '0', '1');
INSERT INTO `vtiger_profile2field` VALUES('5', '20', '292', '0', '1');
INSERT INTO `vtiger_profile2field` VALUES('5', '20', '293', '0', '1');
INSERT INTO `vtiger_profile2field` VALUES('5', '20', '294', '0', '1');
INSERT INTO `vtiger_profile2field` VALUES('5', '20', '295', '0', '1');
INSERT INTO `vtiger_profile2field` VALUES('5', '20', '296', '0', '1');
INSERT INTO `vtiger_profile2field` VALUES('5', '20', '297', '0', '1');
INSERT INTO `vtiger_profile2field` VALUES('5', '20', '298', '0', '1');
INSERT INTO `vtiger_profile2field` VALUES('5', '20', '299', '0', '1');
INSERT INTO `vtiger_profile2field` VALUES('5', '20', '300', '0', '1');
INSERT INTO `vtiger_profile2field` VALUES('5', '20', '301', '0', '1');
INSERT INTO `vtiger_profile2field` VALUES('5', '20', '302', '0', '1');
INSERT INTO `vtiger_profile2field` VALUES('5', '20', '303', '0', '1');
INSERT INTO `vtiger_profile2field` VALUES('5', '20', '304', '0', '1');
INSERT INTO `vtiger_profile2field` VALUES('5', '20', '305', '0', '1');
INSERT INTO `vtiger_profile2field` VALUES('5', '20', '306', '0', '1');
INSERT INTO `vtiger_profile2field` VALUES('5', '20', '307', '0', '1');
INSERT INTO `vtiger_profile2field` VALUES('5', '21', '308', '0', '1');
INSERT INTO `vtiger_profile2field` VALUES('5', '21', '309', '0', '1');
INSERT INTO `vtiger_profile2field` VALUES('5', '21', '310', '0', '1');
INSERT INTO `vtiger_profile2field` VALUES('5', '21', '311', '0', '1');
INSERT INTO `vtiger_profile2field` VALUES('5', '21', '312', '0', '1');
INSERT INTO `vtiger_profile2field` VALUES('5', '21', '313', '0', '1');
INSERT INTO `vtiger_profile2field` VALUES('5', '21', '314', '0', '1');
INSERT INTO `vtiger_profile2field` VALUES('5', '21', '315', '0', '1');
INSERT INTO `vtiger_profile2field` VALUES('5', '21', '316', '0', '1');
INSERT INTO `vtiger_profile2field` VALUES('5', '21', '317', '0', '1');
INSERT INTO `vtiger_profile2field` VALUES('5', '21', '318', '0', '1');
INSERT INTO `vtiger_profile2field` VALUES('5', '21', '319', '0', '1');
INSERT INTO `vtiger_profile2field` VALUES('5', '21', '320', '0', '1');
INSERT INTO `vtiger_profile2field` VALUES('5', '21', '321', '0', '1');
INSERT INTO `vtiger_profile2field` VALUES('5', '21', '322', '0', '1');
INSERT INTO `vtiger_profile2field` VALUES('5', '21', '323', '0', '1');
INSERT INTO `vtiger_profile2field` VALUES('5', '21', '324', '0', '1');
INSERT INTO `vtiger_profile2field` VALUES('5', '21', '325', '0', '1');
INSERT INTO `vtiger_profile2field` VALUES('5', '21', '326', '0', '1');
INSERT INTO `vtiger_profile2field` VALUES('5', '21', '327', '0', '1');
INSERT INTO `vtiger_profile2field` VALUES('5', '21', '328', '0', '1');
INSERT INTO `vtiger_profile2field` VALUES('5', '21', '329', '0', '1');
INSERT INTO `vtiger_profile2field` VALUES('5', '21', '330', '0', '1');
INSERT INTO `vtiger_profile2field` VALUES('5', '21', '331', '0', '1');
INSERT INTO `vtiger_profile2field` VALUES('5', '21', '332', '0', '1');
INSERT INTO `vtiger_profile2field` VALUES('5', '21', '333', '0', '1');
INSERT INTO `vtiger_profile2field` VALUES('5', '21', '334', '0', '1');
INSERT INTO `vtiger_profile2field` VALUES('5', '21', '335', '0', '1');
INSERT INTO `vtiger_profile2field` VALUES('5', '21', '336', '0', '1');
INSERT INTO `vtiger_profile2field` VALUES('5', '21', '337', '0', '1');
INSERT INTO `vtiger_profile2field` VALUES('5', '21', '338', '0', '1');
INSERT INTO `vtiger_profile2field` VALUES('5', '21', '339', '0', '1');
INSERT INTO `vtiger_profile2field` VALUES('5', '21', '340', '0', '1');
INSERT INTO `vtiger_profile2field` VALUES('5', '21', '341', '0', '1');
INSERT INTO `vtiger_profile2field` VALUES('5', '22', '342', '0', '1');
INSERT INTO `vtiger_profile2field` VALUES('5', '22', '343', '0', '1');
INSERT INTO `vtiger_profile2field` VALUES('5', '22', '344', '0', '1');
INSERT INTO `vtiger_profile2field` VALUES('5', '22', '345', '0', '1');
INSERT INTO `vtiger_profile2field` VALUES('5', '22', '346', '0', '1');
INSERT INTO `vtiger_profile2field` VALUES('5', '22', '347', '0', '1');
INSERT INTO `vtiger_profile2field` VALUES('5', '22', '348', '0', '1');
INSERT INTO `vtiger_profile2field` VALUES('5', '22', '349', '0', '1');
INSERT INTO `vtiger_profile2field` VALUES('5', '22', '350', '0', '1');
INSERT INTO `vtiger_profile2field` VALUES('5', '22', '351', '0', '1');
INSERT INTO `vtiger_profile2field` VALUES('5', '22', '352', '0', '1');
INSERT INTO `vtiger_profile2field` VALUES('5', '22', '353', '0', '1');
INSERT INTO `vtiger_profile2field` VALUES('5', '22', '354', '0', '1');
INSERT INTO `vtiger_profile2field` VALUES('5', '22', '355', '0', '1');
INSERT INTO `vtiger_profile2field` VALUES('5', '22', '356', '0', '1');
INSERT INTO `vtiger_profile2field` VALUES('5', '22', '357', '0', '1');
INSERT INTO `vtiger_profile2field` VALUES('5', '22', '358', '0', '1');
INSERT INTO `vtiger_profile2field` VALUES('5', '22', '359', '0', '1');
INSERT INTO `vtiger_profile2field` VALUES('5', '22', '360', '0', '1');
INSERT INTO `vtiger_profile2field` VALUES('5', '22', '361', '0', '1');
INSERT INTO `vtiger_profile2field` VALUES('5', '22', '362', '0', '1');
INSERT INTO `vtiger_profile2field` VALUES('5', '22', '363', '0', '1');
INSERT INTO `vtiger_profile2field` VALUES('5', '22', '364', '0', '1');
INSERT INTO `vtiger_profile2field` VALUES('5', '22', '365', '0', '1');
INSERT INTO `vtiger_profile2field` VALUES('5', '22', '366', '0', '1');
INSERT INTO `vtiger_profile2field` VALUES('5', '22', '367', '0', '1');
INSERT INTO `vtiger_profile2field` VALUES('5', '22', '368', '0', '1');
INSERT INTO `vtiger_profile2field` VALUES('5', '22', '369', '0', '1');
INSERT INTO `vtiger_profile2field` VALUES('5', '22', '370', '0', '1');
INSERT INTO `vtiger_profile2field` VALUES('5', '22', '371', '0', '1');
INSERT INTO `vtiger_profile2field` VALUES('5', '22', '372', '0', '1');
INSERT INTO `vtiger_profile2field` VALUES('5', '22', '373', '0', '1');
INSERT INTO `vtiger_profile2field` VALUES('5', '22', '374', '0', '1');
INSERT INTO `vtiger_profile2field` VALUES('5', '22', '375', '0', '1');
INSERT INTO `vtiger_profile2field` VALUES('5', '22', '376', '0', '1');
INSERT INTO `vtiger_profile2field` VALUES('5', '22', '377', '0', '1');
INSERT INTO `vtiger_profile2field` VALUES('5', '22', '378', '0', '1');
INSERT INTO `vtiger_profile2field` VALUES('5', '23', '379', '0', '1');
INSERT INTO `vtiger_profile2field` VALUES('5', '23', '380', '0', '1');
INSERT INTO `vtiger_profile2field` VALUES('5', '23', '381', '0', '1');
INSERT INTO `vtiger_profile2field` VALUES('5', '23', '382', '0', '1');
INSERT INTO `vtiger_profile2field` VALUES('5', '23', '383', '0', '1');
INSERT INTO `vtiger_profile2field` VALUES('5', '23', '384', '0', '1');
INSERT INTO `vtiger_profile2field` VALUES('5', '23', '385', '0', '1');
INSERT INTO `vtiger_profile2field` VALUES('5', '23', '386', '0', '1');
INSERT INTO `vtiger_profile2field` VALUES('5', '23', '387', '0', '1');
INSERT INTO `vtiger_profile2field` VALUES('5', '23', '388', '0', '1');
INSERT INTO `vtiger_profile2field` VALUES('5', '23', '389', '0', '1');
INSERT INTO `vtiger_profile2field` VALUES('5', '23', '390', '0', '1');
INSERT INTO `vtiger_profile2field` VALUES('5', '23', '391', '0', '1');
INSERT INTO `vtiger_profile2field` VALUES('5', '23', '392', '0', '1');
INSERT INTO `vtiger_profile2field` VALUES('5', '23', '393', '0', '1');
INSERT INTO `vtiger_profile2field` VALUES('5', '23', '394', '0', '1');
INSERT INTO `vtiger_profile2field` VALUES('5', '23', '395', '0', '1');
INSERT INTO `vtiger_profile2field` VALUES('5', '23', '396', '0', '1');
INSERT INTO `vtiger_profile2field` VALUES('5', '23', '397', '0', '1');
INSERT INTO `vtiger_profile2field` VALUES('5', '23', '398', '0', '1');
INSERT INTO `vtiger_profile2field` VALUES('5', '23', '399', '0', '1');
INSERT INTO `vtiger_profile2field` VALUES('5', '23', '400', '0', '1');
INSERT INTO `vtiger_profile2field` VALUES('5', '23', '401', '0', '1');
INSERT INTO `vtiger_profile2field` VALUES('5', '23', '402', '0', '1');
INSERT INTO `vtiger_profile2field` VALUES('5', '23', '403', '0', '1');
INSERT INTO `vtiger_profile2field` VALUES('5', '23', '404', '0', '1');
INSERT INTO `vtiger_profile2field` VALUES('5', '23', '405', '0', '1');
INSERT INTO `vtiger_profile2field` VALUES('5', '23', '406', '0', '1');
INSERT INTO `vtiger_profile2field` VALUES('5', '23', '407', '0', '1');
INSERT INTO `vtiger_profile2field` VALUES('5', '23', '408', '0', '1');
INSERT INTO `vtiger_profile2field` VALUES('5', '23', '409', '0', '1');
INSERT INTO `vtiger_profile2field` VALUES('5', '23', '410', '0', '1');
INSERT INTO `vtiger_profile2field` VALUES('5', '23', '411', '0', '1');
INSERT INTO `vtiger_profile2field` VALUES('5', '23', '412', '0', '1');
INSERT INTO `vtiger_profile2field` VALUES('5', '23', '413', '0', '1');
INSERT INTO `vtiger_profile2field` VALUES('5', '23', '414', '0', '1');
INSERT INTO `vtiger_profile2field` VALUES('6', '6', '1', '0', '1');
INSERT INTO `vtiger_profile2field` VALUES('6', '6', '2', '0', '1');
INSERT INTO `vtiger_profile2field` VALUES('6', '6', '3', '0', '1');
INSERT INTO `vtiger_profile2field` VALUES('6', '6', '4', '0', '1');
INSERT INTO `vtiger_profile2field` VALUES('6', '6', '5', '0', '1');
INSERT INTO `vtiger_profile2field` VALUES('6', '6', '6', '0', '1');
INSERT INTO `vtiger_profile2field` VALUES('6', '6', '7', '0', '1');
INSERT INTO `vtiger_profile2field` VALUES('6', '6', '8', '0', '1');
INSERT INTO `vtiger_profile2field` VALUES('6', '6', '9', '0', '1');
INSERT INTO `vtiger_profile2field` VALUES('6', '6', '10', '0', '1');
INSERT INTO `vtiger_profile2field` VALUES('6', '6', '11', '0', '1');
INSERT INTO `vtiger_profile2field` VALUES('6', '6', '12', '0', '1');
INSERT INTO `vtiger_profile2field` VALUES('6', '6', '13', '0', '1');
INSERT INTO `vtiger_profile2field` VALUES('6', '6', '14', '0', '1');
INSERT INTO `vtiger_profile2field` VALUES('6', '6', '15', '0', '1');
INSERT INTO `vtiger_profile2field` VALUES('6', '6', '16', '0', '1');
INSERT INTO `vtiger_profile2field` VALUES('6', '6', '17', '0', '1');
INSERT INTO `vtiger_profile2field` VALUES('6', '6', '18', '0', '1');
INSERT INTO `vtiger_profile2field` VALUES('6', '6', '19', '0', '1');
INSERT INTO `vtiger_profile2field` VALUES('6', '6', '20', '0', '1');
INSERT INTO `vtiger_profile2field` VALUES('6', '6', '21', '0', '1');
INSERT INTO `vtiger_profile2field` VALUES('6', '6', '22', '0', '1');
INSERT INTO `vtiger_profile2field` VALUES('6', '6', '23', '0', '1');
INSERT INTO `vtiger_profile2field` VALUES('6', '6', '24', '0', '1');
INSERT INTO `vtiger_profile2field` VALUES('6', '6', '25', '0', '1');
INSERT INTO `vtiger_profile2field` VALUES('6', '6', '26', '0', '1');
INSERT INTO `vtiger_profile2field` VALUES('6', '6', '27', '0', '1');
INSERT INTO `vtiger_profile2field` VALUES('6', '6', '28', '0', '1');
INSERT INTO `vtiger_profile2field` VALUES('6', '6', '29', '0', '1');
INSERT INTO `vtiger_profile2field` VALUES('6', '6', '30', '0', '1');
INSERT INTO `vtiger_profile2field` VALUES('6', '6', '31', '0', '1');
INSERT INTO `vtiger_profile2field` VALUES('6', '6', '32', '0', '1');
INSERT INTO `vtiger_profile2field` VALUES('6', '6', '33', '0', '1');
INSERT INTO `vtiger_profile2field` VALUES('6', '6', '34', '0', '1');
INSERT INTO `vtiger_profile2field` VALUES('6', '7', '35', '0', '1');
INSERT INTO `vtiger_profile2field` VALUES('6', '7', '36', '0', '1');
INSERT INTO `vtiger_profile2field` VALUES('6', '7', '37', '0', '1');
INSERT INTO `vtiger_profile2field` VALUES('6', '7', '38', '0', '1');
INSERT INTO `vtiger_profile2field` VALUES('6', '7', '39', '0', '1');
INSERT INTO `vtiger_profile2field` VALUES('6', '7', '40', '0', '1');
INSERT INTO `vtiger_profile2field` VALUES('6', '7', '41', '0', '1');
INSERT INTO `vtiger_profile2field` VALUES('6', '7', '42', '0', '1');
INSERT INTO `vtiger_profile2field` VALUES('6', '7', '43', '0', '1');
INSERT INTO `vtiger_profile2field` VALUES('6', '7', '44', '0', '1');
INSERT INTO `vtiger_profile2field` VALUES('6', '7', '45', '0', '1');
INSERT INTO `vtiger_profile2field` VALUES('6', '7', '46', '0', '1');
INSERT INTO `vtiger_profile2field` VALUES('6', '7', '47', '0', '1');
INSERT INTO `vtiger_profile2field` VALUES('6', '7', '48', '0', '1');
INSERT INTO `vtiger_profile2field` VALUES('6', '7', '49', '0', '1');
INSERT INTO `vtiger_profile2field` VALUES('6', '7', '50', '0', '1');
INSERT INTO `vtiger_profile2field` VALUES('6', '7', '51', '0', '1');
INSERT INTO `vtiger_profile2field` VALUES('6', '7', '52', '0', '1');
INSERT INTO `vtiger_profile2field` VALUES('6', '7', '53', '0', '1');
INSERT INTO `vtiger_profile2field` VALUES('6', '7', '54', '0', '1');
INSERT INTO `vtiger_profile2field` VALUES('6', '7', '55', '0', '1');
INSERT INTO `vtiger_profile2field` VALUES('6', '7', '56', '0', '1');
INSERT INTO `vtiger_profile2field` VALUES('6', '7', '57', '0', '1');
INSERT INTO `vtiger_profile2field` VALUES('6', '7', '58', '0', '1');
INSERT INTO `vtiger_profile2field` VALUES('6', '7', '59', '0', '1');
INSERT INTO `vtiger_profile2field` VALUES('6', '7', '60', '0', '1');
INSERT INTO `vtiger_profile2field` VALUES('6', '7', '61', '0', '1');
INSERT INTO `vtiger_profile2field` VALUES('6', '4', '62', '0', '1');
INSERT INTO `vtiger_profile2field` VALUES('6', '4', '63', '0', '1');
INSERT INTO `vtiger_profile2field` VALUES('6', '4', '64', '0', '1');
INSERT INTO `vtiger_profile2field` VALUES('6', '4', '65', '0', '1');
INSERT INTO `vtiger_profile2field` VALUES('6', '4', '66', '0', '1');
INSERT INTO `vtiger_profile2field` VALUES('6', '4', '67', '0', '1');
INSERT INTO `vtiger_profile2field` VALUES('6', '4', '68', '0', '1');
INSERT INTO `vtiger_profile2field` VALUES('6', '4', '69', '0', '1');
INSERT INTO `vtiger_profile2field` VALUES('6', '4', '70', '0', '1');
INSERT INTO `vtiger_profile2field` VALUES('6', '4', '71', '0', '1');
INSERT INTO `vtiger_profile2field` VALUES('6', '4', '72', '0', '1');
INSERT INTO `vtiger_profile2field` VALUES('6', '4', '73', '0', '1');
INSERT INTO `vtiger_profile2field` VALUES('6', '4', '74', '0', '1');
INSERT INTO `vtiger_profile2field` VALUES('6', '4', '75', '0', '1');
INSERT INTO `vtiger_profile2field` VALUES('6', '4', '76', '0', '1');
INSERT INTO `vtiger_profile2field` VALUES('6', '4', '77', '0', '1');
INSERT INTO `vtiger_profile2field` VALUES('6', '4', '78', '0', '1');
INSERT INTO `vtiger_profile2field` VALUES('6', '4', '79', '0', '1');
INSERT INTO `vtiger_profile2field` VALUES('6', '4', '80', '0', '1');
INSERT INTO `vtiger_profile2field` VALUES('6', '4', '81', '0', '1');
INSERT INTO `vtiger_profile2field` VALUES('6', '4', '82', '0', '1');
INSERT INTO `vtiger_profile2field` VALUES('6', '4', '83', '0', '1');
INSERT INTO `vtiger_profile2field` VALUES('6', '4', '84', '0', '1');
INSERT INTO `vtiger_profile2field` VALUES('6', '4', '85', '0', '1');
INSERT INTO `vtiger_profile2field` VALUES('6', '4', '86', '0', '1');
INSERT INTO `vtiger_profile2field` VALUES('6', '4', '87', '0', '1');
INSERT INTO `vtiger_profile2field` VALUES('6', '4', '88', '0', '1');
INSERT INTO `vtiger_profile2field` VALUES('6', '4', '89', '0', '1');
INSERT INTO `vtiger_profile2field` VALUES('6', '4', '90', '0', '1');
INSERT INTO `vtiger_profile2field` VALUES('6', '4', '91', '0', '1');
INSERT INTO `vtiger_profile2field` VALUES('6', '4', '92', '0', '1');
INSERT INTO `vtiger_profile2field` VALUES('6', '4', '93', '0', '1');
INSERT INTO `vtiger_profile2field` VALUES('6', '4', '94', '0', '1');
INSERT INTO `vtiger_profile2field` VALUES('6', '4', '95', '0', '1');
INSERT INTO `vtiger_profile2field` VALUES('6', '4', '96', '0', '1');
INSERT INTO `vtiger_profile2field` VALUES('6', '4', '97', '0', '1');
INSERT INTO `vtiger_profile2field` VALUES('6', '4', '98', '0', '1');
INSERT INTO `vtiger_profile2field` VALUES('6', '4', '99', '0', '1');
INSERT INTO `vtiger_profile2field` VALUES('6', '4', '100', '0', '1');
INSERT INTO `vtiger_profile2field` VALUES('6', '4', '101', '0', '1');
INSERT INTO `vtiger_profile2field` VALUES('6', '4', '102', '0', '1');
INSERT INTO `vtiger_profile2field` VALUES('6', '4', '103', '0', '1');
INSERT INTO `vtiger_profile2field` VALUES('6', '2', '104', '0', '1');
INSERT INTO `vtiger_profile2field` VALUES('6', '2', '105', '0', '1');
INSERT INTO `vtiger_profile2field` VALUES('6', '2', '106', '0', '1');
INSERT INTO `vtiger_profile2field` VALUES('6', '2', '107', '0', '1');
INSERT INTO `vtiger_profile2field` VALUES('6', '2', '108', '0', '1');
INSERT INTO `vtiger_profile2field` VALUES('6', '2', '109', '0', '1');
INSERT INTO `vtiger_profile2field` VALUES('6', '2', '110', '0', '1');
INSERT INTO `vtiger_profile2field` VALUES('6', '2', '111', '0', '1');
INSERT INTO `vtiger_profile2field` VALUES('6', '2', '112', '0', '1');
INSERT INTO `vtiger_profile2field` VALUES('6', '2', '113', '0', '1');
INSERT INTO `vtiger_profile2field` VALUES('6', '2', '114', '0', '1');
INSERT INTO `vtiger_profile2field` VALUES('6', '2', '115', '0', '1');
INSERT INTO `vtiger_profile2field` VALUES('6', '2', '116', '0', '1');
INSERT INTO `vtiger_profile2field` VALUES('6', '2', '117', '0', '1');
INSERT INTO `vtiger_profile2field` VALUES('6', '26', '118', '0', '1');
INSERT INTO `vtiger_profile2field` VALUES('6', '26', '119', '0', '1');
INSERT INTO `vtiger_profile2field` VALUES('6', '26', '120', '0', '1');
INSERT INTO `vtiger_profile2field` VALUES('6', '26', '121', '0', '1');
INSERT INTO `vtiger_profile2field` VALUES('6', '26', '122', '0', '1');
INSERT INTO `vtiger_profile2field` VALUES('6', '26', '123', '0', '1');
INSERT INTO `vtiger_profile2field` VALUES('6', '26', '124', '0', '1');
INSERT INTO `vtiger_profile2field` VALUES('6', '26', '125', '0', '1');
INSERT INTO `vtiger_profile2field` VALUES('6', '26', '126', '0', '1');
INSERT INTO `vtiger_profile2field` VALUES('6', '26', '127', '0', '1');
INSERT INTO `vtiger_profile2field` VALUES('6', '26', '128', '0', '1');
INSERT INTO `vtiger_profile2field` VALUES('6', '26', '129', '0', '1');
INSERT INTO `vtiger_profile2field` VALUES('6', '26', '130', '0', '1');
INSERT INTO `vtiger_profile2field` VALUES('6', '26', '131', '0', '1');
INSERT INTO `vtiger_profile2field` VALUES('6', '26', '132', '0', '1');
INSERT INTO `vtiger_profile2field` VALUES('6', '26', '133', '0', '1');
INSERT INTO `vtiger_profile2field` VALUES('6', '26', '134', '0', '1');
INSERT INTO `vtiger_profile2field` VALUES('6', '26', '135', '0', '1');
INSERT INTO `vtiger_profile2field` VALUES('6', '26', '136', '0', '1');
INSERT INTO `vtiger_profile2field` VALUES('6', '26', '137', '0', '1');
INSERT INTO `vtiger_profile2field` VALUES('6', '26', '138', '0', '1');
INSERT INTO `vtiger_profile2field` VALUES('6', '26', '139', '0', '1');
INSERT INTO `vtiger_profile2field` VALUES('6', '26', '140', '0', '1');
INSERT INTO `vtiger_profile2field` VALUES('6', '13', '141', '0', '1');
INSERT INTO `vtiger_profile2field` VALUES('6', '13', '142', '0', '1');
INSERT INTO `vtiger_profile2field` VALUES('6', '13', '143', '0', '1');
INSERT INTO `vtiger_profile2field` VALUES('6', '13', '144', '0', '1');
INSERT INTO `vtiger_profile2field` VALUES('6', '13', '145', '0', '1');
INSERT INTO `vtiger_profile2field` VALUES('6', '13', '146', '0', '1');
INSERT INTO `vtiger_profile2field` VALUES('6', '13', '147', '0', '1');
INSERT INTO `vtiger_profile2field` VALUES('6', '13', '148', '0', '1');
INSERT INTO `vtiger_profile2field` VALUES('6', '13', '149', '0', '1');
INSERT INTO `vtiger_profile2field` VALUES('6', '13', '150', '0', '1');
INSERT INTO `vtiger_profile2field` VALUES('6', '13', '151', '0', '1');
INSERT INTO `vtiger_profile2field` VALUES('6', '13', '152', '0', '1');
INSERT INTO `vtiger_profile2field` VALUES('6', '13', '153', '0', '1');
INSERT INTO `vtiger_profile2field` VALUES('6', '13', '154', '0', '1');
INSERT INTO `vtiger_profile2field` VALUES('6', '13', '155', '0', '1');
INSERT INTO `vtiger_profile2field` VALUES('6', '14', '156', '0', '1');
INSERT INTO `vtiger_profile2field` VALUES('6', '14', '157', '1', '1');
INSERT INTO `vtiger_profile2field` VALUES('6', '14', '158', '0', '1');
INSERT INTO `vtiger_profile2field` VALUES('6', '14', '159', '1', '1');
INSERT INTO `vtiger_profile2field` VALUES('6', '14', '160', '1', '1');
INSERT INTO `vtiger_profile2field` VALUES('6', '14', '161', '1', '1');
INSERT INTO `vtiger_profile2field` VALUES('6', '14', '162', '0', '1');
INSERT INTO `vtiger_profile2field` VALUES('6', '14', '163', '1', '1');
INSERT INTO `vtiger_profile2field` VALUES('6', '14', '164', '1', '1');
INSERT INTO `vtiger_profile2field` VALUES('6', '14', '165', '1', '1');
INSERT INTO `vtiger_profile2field` VALUES('6', '14', '166', '1', '1');
INSERT INTO `vtiger_profile2field` VALUES('6', '14', '167', '1', '1');
INSERT INTO `vtiger_profile2field` VALUES('6', '14', '168', '1', '1');
INSERT INTO `vtiger_profile2field` VALUES('6', '14', '169', '1', '1');
INSERT INTO `vtiger_profile2field` VALUES('6', '14', '170', '0', '1');
INSERT INTO `vtiger_profile2field` VALUES('6', '14', '171', '1', '1');
INSERT INTO `vtiger_profile2field` VALUES('6', '14', '172', '1', '1');
INSERT INTO `vtiger_profile2field` VALUES('6', '14', '173', '0', '1');
INSERT INTO `vtiger_profile2field` VALUES('6', '14', '174', '0', '1');
INSERT INTO `vtiger_profile2field` VALUES('6', '14', '175', '1', '1');
INSERT INTO `vtiger_profile2field` VALUES('6', '14', '176', '0', '1');
INSERT INTO `vtiger_profile2field` VALUES('6', '14', '177', '1', '1');
INSERT INTO `vtiger_profile2field` VALUES('6', '14', '178', '0', '1');
INSERT INTO `vtiger_profile2field` VALUES('6', '14', '179', '0', '1');
INSERT INTO `vtiger_profile2field` VALUES('6', '14', '180', '1', '1');
INSERT INTO `vtiger_profile2field` VALUES('6', '14', '181', '1', '1');
INSERT INTO `vtiger_profile2field` VALUES('6', '14', '182', '0', '1');
INSERT INTO `vtiger_profile2field` VALUES('6', '14', '183', '1', '1');
INSERT INTO `vtiger_profile2field` VALUES('6', '14', '184', '0', '1');
INSERT INTO `vtiger_profile2field` VALUES('6', '8', '185', '0', '1');
INSERT INTO `vtiger_profile2field` VALUES('6', '8', '186', '0', '1');
INSERT INTO `vtiger_profile2field` VALUES('6', '8', '187', '0', '1');
INSERT INTO `vtiger_profile2field` VALUES('6', '8', '188', '0', '1');
INSERT INTO `vtiger_profile2field` VALUES('6', '8', '189', '0', '1');
INSERT INTO `vtiger_profile2field` VALUES('6', '8', '190', '0', '1');
INSERT INTO `vtiger_profile2field` VALUES('6', '8', '191', '0', '1');
INSERT INTO `vtiger_profile2field` VALUES('6', '10', '192', '0', '1');
INSERT INTO `vtiger_profile2field` VALUES('6', '10', '193', '0', '1');
INSERT INTO `vtiger_profile2field` VALUES('6', '10', '194', '0', '1');
INSERT INTO `vtiger_profile2field` VALUES('6', '10', '195', '0', '1');
INSERT INTO `vtiger_profile2field` VALUES('6', '10', '196', '0', '1');
INSERT INTO `vtiger_profile2field` VALUES('6', '10', '197', '0', '1');
INSERT INTO `vtiger_profile2field` VALUES('6', '10', '198', '0', '1');
INSERT INTO `vtiger_profile2field` VALUES('6', '10', '199', '0', '1');
INSERT INTO `vtiger_profile2field` VALUES('6', '10', '200', '0', '1');
INSERT INTO `vtiger_profile2field` VALUES('6', '10', '201', '0', '1');
INSERT INTO `vtiger_profile2field` VALUES('6', '10', '202', '0', '1');
INSERT INTO `vtiger_profile2field` VALUES('6', '9', '203', '0', '1');
INSERT INTO `vtiger_profile2field` VALUES('6', '9', '204', '0', '1');
INSERT INTO `vtiger_profile2field` VALUES('6', '9', '205', '0', '1');
INSERT INTO `vtiger_profile2field` VALUES('6', '9', '206', '0', '1');
INSERT INTO `vtiger_profile2field` VALUES('6', '9', '207', '0', '1');
INSERT INTO `vtiger_profile2field` VALUES('6', '9', '208', '0', '1');
INSERT INTO `vtiger_profile2field` VALUES('6', '9', '209', '0', '1');
INSERT INTO `vtiger_profile2field` VALUES('6', '9', '210', '0', '1');
INSERT INTO `vtiger_profile2field` VALUES('6', '9', '211', '0', '1');
INSERT INTO `vtiger_profile2field` VALUES('6', '9', '212', '0', '1');
INSERT INTO `vtiger_profile2field` VALUES('6', '9', '213', '0', '1');
INSERT INTO `vtiger_profile2field` VALUES('6', '9', '214', '0', '1');
INSERT INTO `vtiger_profile2field` VALUES('6', '9', '215', '0', '1');
INSERT INTO `vtiger_profile2field` VALUES('6', '9', '216', '0', '1');
INSERT INTO `vtiger_profile2field` VALUES('6', '9', '217', '0', '1');
INSERT INTO `vtiger_profile2field` VALUES('6', '9', '218', '0', '1');
INSERT INTO `vtiger_profile2field` VALUES('6', '9', '219', '0', '1');
INSERT INTO `vtiger_profile2field` VALUES('6', '9', '220', '0', '1');
INSERT INTO `vtiger_profile2field` VALUES('6', '9', '221', '0', '1');
INSERT INTO `vtiger_profile2field` VALUES('6', '9', '222', '0', '1');
INSERT INTO `vtiger_profile2field` VALUES('6', '9', '223', '0', '1');
INSERT INTO `vtiger_profile2field` VALUES('6', '9', '224', '0', '1');
INSERT INTO `vtiger_profile2field` VALUES('6', '9', '225', '0', '1');
INSERT INTO `vtiger_profile2field` VALUES('6', '16', '226', '0', '1');
INSERT INTO `vtiger_profile2field` VALUES('6', '16', '227', '0', '1');
INSERT INTO `vtiger_profile2field` VALUES('6', '16', '228', '0', '1');
INSERT INTO `vtiger_profile2field` VALUES('6', '16', '229', '0', '1');
INSERT INTO `vtiger_profile2field` VALUES('6', '16', '230', '0', '1');
INSERT INTO `vtiger_profile2field` VALUES('6', '16', '231', '0', '1');
INSERT INTO `vtiger_profile2field` VALUES('6', '16', '232', '0', '1');
INSERT INTO `vtiger_profile2field` VALUES('6', '16', '233', '0', '1');
INSERT INTO `vtiger_profile2field` VALUES('6', '16', '234', '0', '1');
INSERT INTO `vtiger_profile2field` VALUES('6', '16', '235', '0', '1');
INSERT INTO `vtiger_profile2field` VALUES('6', '16', '236', '0', '1');
INSERT INTO `vtiger_profile2field` VALUES('6', '16', '237', '0', '1');
INSERT INTO `vtiger_profile2field` VALUES('6', '16', '238', '0', '1');
INSERT INTO `vtiger_profile2field` VALUES('6', '16', '239', '0', '1');
INSERT INTO `vtiger_profile2field` VALUES('6', '16', '240', '0', '1');
INSERT INTO `vtiger_profile2field` VALUES('6', '16', '241', '0', '1');
INSERT INTO `vtiger_profile2field` VALUES('6', '16', '242', '0', '1');
INSERT INTO `vtiger_profile2field` VALUES('6', '16', '243', '0', '1');
INSERT INTO `vtiger_profile2field` VALUES('6', '16', '244', '0', '1');
INSERT INTO `vtiger_profile2field` VALUES('6', '16', '245', '0', '1');
INSERT INTO `vtiger_profile2field` VALUES('6', '16', '246', '0', '1');
INSERT INTO `vtiger_profile2field` VALUES('6', '15', '247', '0', '1');
INSERT INTO `vtiger_profile2field` VALUES('6', '15', '248', '0', '1');
INSERT INTO `vtiger_profile2field` VALUES('6', '15', '249', '0', '1');
INSERT INTO `vtiger_profile2field` VALUES('6', '15', '250', '0', '1');
INSERT INTO `vtiger_profile2field` VALUES('6', '15', '251', '0', '1');
INSERT INTO `vtiger_profile2field` VALUES('6', '15', '252', '0', '1');
INSERT INTO `vtiger_profile2field` VALUES('6', '15', '253', '0', '1');
INSERT INTO `vtiger_profile2field` VALUES('6', '15', '254', '0', '1');
INSERT INTO `vtiger_profile2field` VALUES('6', '18', '255', '0', '1');
INSERT INTO `vtiger_profile2field` VALUES('6', '18', '256', '0', '1');
INSERT INTO `vtiger_profile2field` VALUES('6', '18', '257', '0', '1');
INSERT INTO `vtiger_profile2field` VALUES('6', '18', '258', '0', '1');
INSERT INTO `vtiger_profile2field` VALUES('6', '18', '259', '0', '1');
INSERT INTO `vtiger_profile2field` VALUES('6', '18', '260', '0', '1');
INSERT INTO `vtiger_profile2field` VALUES('6', '18', '261', '0', '1');
INSERT INTO `vtiger_profile2field` VALUES('6', '18', '262', '0', '1');
INSERT INTO `vtiger_profile2field` VALUES('6', '18', '263', '0', '1');
INSERT INTO `vtiger_profile2field` VALUES('6', '18', '264', '0', '1');
INSERT INTO `vtiger_profile2field` VALUES('6', '18', '265', '0', '1');
INSERT INTO `vtiger_profile2field` VALUES('6', '18', '266', '0', '1');
INSERT INTO `vtiger_profile2field` VALUES('6', '18', '267', '0', '1');
INSERT INTO `vtiger_profile2field` VALUES('6', '18', '268', '0', '1');
INSERT INTO `vtiger_profile2field` VALUES('6', '18', '269', '0', '1');
INSERT INTO `vtiger_profile2field` VALUES('6', '19', '270', '0', '1');
INSERT INTO `vtiger_profile2field` VALUES('6', '19', '271', '0', '1');
INSERT INTO `vtiger_profile2field` VALUES('6', '19', '272', '0', '1');
INSERT INTO `vtiger_profile2field` VALUES('6', '19', '273', '0', '1');
INSERT INTO `vtiger_profile2field` VALUES('6', '19', '274', '0', '1');
INSERT INTO `vtiger_profile2field` VALUES('6', '20', '275', '0', '1');
INSERT INTO `vtiger_profile2field` VALUES('6', '20', '276', '0', '1');
INSERT INTO `vtiger_profile2field` VALUES('6', '20', '277', '0', '1');
INSERT INTO `vtiger_profile2field` VALUES('6', '20', '278', '0', '1');
INSERT INTO `vtiger_profile2field` VALUES('6', '20', '279', '0', '1');
INSERT INTO `vtiger_profile2field` VALUES('6', '20', '280', '0', '1');
INSERT INTO `vtiger_profile2field` VALUES('6', '20', '281', '0', '1');
INSERT INTO `vtiger_profile2field` VALUES('6', '20', '282', '0', '1');
INSERT INTO `vtiger_profile2field` VALUES('6', '20', '283', '1', '1');
INSERT INTO `vtiger_profile2field` VALUES('6', '20', '284', '0', '1');
INSERT INTO `vtiger_profile2field` VALUES('6', '20', '285', '0', '1');
INSERT INTO `vtiger_profile2field` VALUES('6', '20', '286', '0', '1');
INSERT INTO `vtiger_profile2field` VALUES('6', '20', '287', '0', '1');
INSERT INTO `vtiger_profile2field` VALUES('6', '20', '288', '0', '1');
INSERT INTO `vtiger_profile2field` VALUES('6', '20', '289', '0', '1');
INSERT INTO `vtiger_profile2field` VALUES('6', '20', '290', '0', '1');
INSERT INTO `vtiger_profile2field` VALUES('6', '20', '291', '0', '1');
INSERT INTO `vtiger_profile2field` VALUES('6', '20', '292', '0', '1');
INSERT INTO `vtiger_profile2field` VALUES('6', '20', '293', '0', '1');
INSERT INTO `vtiger_profile2field` VALUES('6', '20', '294', '0', '1');
INSERT INTO `vtiger_profile2field` VALUES('6', '20', '295', '0', '1');
INSERT INTO `vtiger_profile2field` VALUES('6', '20', '296', '0', '1');
INSERT INTO `vtiger_profile2field` VALUES('6', '20', '297', '0', '1');
INSERT INTO `vtiger_profile2field` VALUES('6', '20', '298', '0', '1');
INSERT INTO `vtiger_profile2field` VALUES('6', '20', '299', '0', '1');
INSERT INTO `vtiger_profile2field` VALUES('6', '20', '300', '0', '1');
INSERT INTO `vtiger_profile2field` VALUES('6', '20', '301', '0', '1');
INSERT INTO `vtiger_profile2field` VALUES('6', '20', '302', '0', '1');
INSERT INTO `vtiger_profile2field` VALUES('6', '20', '303', '0', '1');
INSERT INTO `vtiger_profile2field` VALUES('6', '20', '304', '0', '1');
INSERT INTO `vtiger_profile2field` VALUES('6', '20', '305', '0', '1');
INSERT INTO `vtiger_profile2field` VALUES('6', '20', '306', '0', '1');
INSERT INTO `vtiger_profile2field` VALUES('6', '20', '307', '0', '1');
INSERT INTO `vtiger_profile2field` VALUES('6', '21', '308', '0', '1');
INSERT INTO `vtiger_profile2field` VALUES('6', '21', '309', '0', '1');
INSERT INTO `vtiger_profile2field` VALUES('6', '21', '310', '0', '1');
INSERT INTO `vtiger_profile2field` VALUES('6', '21', '311', '0', '1');
INSERT INTO `vtiger_profile2field` VALUES('6', '21', '312', '0', '1');
INSERT INTO `vtiger_profile2field` VALUES('6', '21', '313', '0', '1');
INSERT INTO `vtiger_profile2field` VALUES('6', '21', '314', '0', '1');
INSERT INTO `vtiger_profile2field` VALUES('6', '21', '315', '0', '1');
INSERT INTO `vtiger_profile2field` VALUES('6', '21', '316', '0', '1');
INSERT INTO `vtiger_profile2field` VALUES('6', '21', '317', '0', '1');
INSERT INTO `vtiger_profile2field` VALUES('6', '21', '318', '0', '1');
INSERT INTO `vtiger_profile2field` VALUES('6', '21', '319', '0', '1');
INSERT INTO `vtiger_profile2field` VALUES('6', '21', '320', '0', '1');
INSERT INTO `vtiger_profile2field` VALUES('6', '21', '321', '0', '1');
INSERT INTO `vtiger_profile2field` VALUES('6', '21', '322', '0', '1');
INSERT INTO `vtiger_profile2field` VALUES('6', '21', '323', '0', '1');
INSERT INTO `vtiger_profile2field` VALUES('6', '21', '324', '0', '1');
INSERT INTO `vtiger_profile2field` VALUES('6', '21', '325', '0', '1');
INSERT INTO `vtiger_profile2field` VALUES('6', '21', '326', '0', '1');
INSERT INTO `vtiger_profile2field` VALUES('6', '21', '327', '0', '1');
INSERT INTO `vtiger_profile2field` VALUES('6', '21', '328', '0', '1');
INSERT INTO `vtiger_profile2field` VALUES('6', '21', '329', '0', '1');
INSERT INTO `vtiger_profile2field` VALUES('6', '21', '330', '0', '1');
INSERT INTO `vtiger_profile2field` VALUES('6', '21', '331', '0', '1');
INSERT INTO `vtiger_profile2field` VALUES('6', '21', '332', '0', '1');
INSERT INTO `vtiger_profile2field` VALUES('6', '21', '333', '0', '1');
INSERT INTO `vtiger_profile2field` VALUES('6', '21', '334', '0', '1');
INSERT INTO `vtiger_profile2field` VALUES('6', '21', '335', '0', '1');
INSERT INTO `vtiger_profile2field` VALUES('6', '21', '336', '0', '1');
INSERT INTO `vtiger_profile2field` VALUES('6', '21', '337', '0', '1');
INSERT INTO `vtiger_profile2field` VALUES('6', '21', '338', '0', '1');
INSERT INTO `vtiger_profile2field` VALUES('6', '21', '339', '0', '1');
INSERT INTO `vtiger_profile2field` VALUES('6', '21', '340', '0', '1');
INSERT INTO `vtiger_profile2field` VALUES('6', '21', '341', '0', '1');
INSERT INTO `vtiger_profile2field` VALUES('6', '22', '342', '0', '1');
INSERT INTO `vtiger_profile2field` VALUES('6', '22', '343', '0', '1');
INSERT INTO `vtiger_profile2field` VALUES('6', '22', '344', '0', '1');
INSERT INTO `vtiger_profile2field` VALUES('6', '22', '345', '0', '1');
INSERT INTO `vtiger_profile2field` VALUES('6', '22', '346', '0', '1');
INSERT INTO `vtiger_profile2field` VALUES('6', '22', '347', '0', '1');
INSERT INTO `vtiger_profile2field` VALUES('6', '22', '348', '0', '1');
INSERT INTO `vtiger_profile2field` VALUES('6', '22', '349', '0', '1');
INSERT INTO `vtiger_profile2field` VALUES('6', '22', '350', '0', '1');
INSERT INTO `vtiger_profile2field` VALUES('6', '22', '351', '0', '1');
INSERT INTO `vtiger_profile2field` VALUES('6', '22', '352', '0', '1');
INSERT INTO `vtiger_profile2field` VALUES('6', '22', '353', '0', '1');
INSERT INTO `vtiger_profile2field` VALUES('6', '22', '354', '0', '1');
INSERT INTO `vtiger_profile2field` VALUES('6', '22', '355', '0', '1');
INSERT INTO `vtiger_profile2field` VALUES('6', '22', '356', '0', '1');
INSERT INTO `vtiger_profile2field` VALUES('6', '22', '357', '0', '1');
INSERT INTO `vtiger_profile2field` VALUES('6', '22', '358', '0', '1');
INSERT INTO `vtiger_profile2field` VALUES('6', '22', '359', '0', '1');
INSERT INTO `vtiger_profile2field` VALUES('6', '22', '360', '0', '1');
INSERT INTO `vtiger_profile2field` VALUES('6', '22', '361', '0', '1');
INSERT INTO `vtiger_profile2field` VALUES('6', '22', '362', '0', '1');
INSERT INTO `vtiger_profile2field` VALUES('6', '22', '363', '0', '1');
INSERT INTO `vtiger_profile2field` VALUES('6', '22', '364', '0', '1');
INSERT INTO `vtiger_profile2field` VALUES('6', '22', '365', '0', '1');
INSERT INTO `vtiger_profile2field` VALUES('6', '22', '366', '0', '1');
INSERT INTO `vtiger_profile2field` VALUES('6', '22', '367', '0', '1');
INSERT INTO `vtiger_profile2field` VALUES('6', '22', '368', '0', '1');
INSERT INTO `vtiger_profile2field` VALUES('6', '22', '369', '0', '1');
INSERT INTO `vtiger_profile2field` VALUES('6', '22', '370', '0', '1');
INSERT INTO `vtiger_profile2field` VALUES('6', '22', '371', '0', '1');
INSERT INTO `vtiger_profile2field` VALUES('6', '22', '372', '0', '1');
INSERT INTO `vtiger_profile2field` VALUES('6', '22', '373', '0', '1');
INSERT INTO `vtiger_profile2field` VALUES('6', '22', '374', '0', '1');
INSERT INTO `vtiger_profile2field` VALUES('6', '22', '375', '0', '1');
INSERT INTO `vtiger_profile2field` VALUES('6', '22', '376', '0', '1');
INSERT INTO `vtiger_profile2field` VALUES('6', '22', '377', '0', '1');
INSERT INTO `vtiger_profile2field` VALUES('6', '22', '378', '0', '1');
INSERT INTO `vtiger_profile2field` VALUES('6', '23', '379', '0', '1');
INSERT INTO `vtiger_profile2field` VALUES('6', '23', '380', '0', '1');
INSERT INTO `vtiger_profile2field` VALUES('6', '23', '381', '0', '1');
INSERT INTO `vtiger_profile2field` VALUES('6', '23', '382', '0', '1');
INSERT INTO `vtiger_profile2field` VALUES('6', '23', '383', '0', '1');
INSERT INTO `vtiger_profile2field` VALUES('6', '23', '384', '0', '1');
INSERT INTO `vtiger_profile2field` VALUES('6', '23', '385', '0', '1');
INSERT INTO `vtiger_profile2field` VALUES('6', '23', '386', '0', '1');
INSERT INTO `vtiger_profile2field` VALUES('6', '23', '387', '0', '1');
INSERT INTO `vtiger_profile2field` VALUES('6', '23', '388', '0', '1');
INSERT INTO `vtiger_profile2field` VALUES('6', '23', '389', '0', '1');
INSERT INTO `vtiger_profile2field` VALUES('6', '23', '390', '0', '1');
INSERT INTO `vtiger_profile2field` VALUES('6', '23', '391', '0', '1');
INSERT INTO `vtiger_profile2field` VALUES('6', '23', '392', '0', '1');
INSERT INTO `vtiger_profile2field` VALUES('6', '23', '393', '0', '1');
INSERT INTO `vtiger_profile2field` VALUES('6', '23', '394', '0', '1');
INSERT INTO `vtiger_profile2field` VALUES('6', '23', '395', '0', '1');
INSERT INTO `vtiger_profile2field` VALUES('6', '23', '396', '0', '1');
INSERT INTO `vtiger_profile2field` VALUES('6', '23', '397', '0', '1');
INSERT INTO `vtiger_profile2field` VALUES('6', '23', '398', '0', '1');
INSERT INTO `vtiger_profile2field` VALUES('6', '23', '399', '0', '1');
INSERT INTO `vtiger_profile2field` VALUES('6', '23', '400', '0', '1');
INSERT INTO `vtiger_profile2field` VALUES('6', '23', '401', '0', '1');
INSERT INTO `vtiger_profile2field` VALUES('6', '23', '402', '0', '1');
INSERT INTO `vtiger_profile2field` VALUES('6', '23', '403', '0', '1');
INSERT INTO `vtiger_profile2field` VALUES('6', '23', '404', '0', '1');
INSERT INTO `vtiger_profile2field` VALUES('6', '23', '405', '0', '1');
INSERT INTO `vtiger_profile2field` VALUES('6', '23', '406', '0', '1');
INSERT INTO `vtiger_profile2field` VALUES('6', '23', '407', '0', '1');
INSERT INTO `vtiger_profile2field` VALUES('6', '23', '408', '0', '1');
INSERT INTO `vtiger_profile2field` VALUES('6', '23', '409', '0', '1');
INSERT INTO `vtiger_profile2field` VALUES('6', '23', '410', '0', '1');
INSERT INTO `vtiger_profile2field` VALUES('6', '23', '411', '0', '1');
INSERT INTO `vtiger_profile2field` VALUES('6', '23', '412', '0', '1');
INSERT INTO `vtiger_profile2field` VALUES('6', '23', '413', '0', '1');
INSERT INTO `vtiger_profile2field` VALUES('6', '23', '414', '0', '1');
INSERT INTO `vtiger_profile2field` VALUES('7', '6', '1', '0', '1');
INSERT INTO `vtiger_profile2field` VALUES('7', '6', '2', '0', '1');
INSERT INTO `vtiger_profile2field` VALUES('7', '6', '3', '0', '1');
INSERT INTO `vtiger_profile2field` VALUES('7', '6', '4', '0', '1');
INSERT INTO `vtiger_profile2field` VALUES('7', '6', '5', '0', '1');
INSERT INTO `vtiger_profile2field` VALUES('7', '6', '6', '0', '1');
INSERT INTO `vtiger_profile2field` VALUES('7', '6', '7', '0', '1');
INSERT INTO `vtiger_profile2field` VALUES('7', '6', '8', '0', '1');
INSERT INTO `vtiger_profile2field` VALUES('7', '6', '9', '0', '1');
INSERT INTO `vtiger_profile2field` VALUES('7', '6', '10', '0', '1');
INSERT INTO `vtiger_profile2field` VALUES('7', '6', '11', '0', '1');
INSERT INTO `vtiger_profile2field` VALUES('7', '6', '12', '0', '1');
INSERT INTO `vtiger_profile2field` VALUES('7', '6', '13', '0', '1');
INSERT INTO `vtiger_profile2field` VALUES('7', '6', '14', '0', '1');
INSERT INTO `vtiger_profile2field` VALUES('7', '6', '15', '0', '1');
INSERT INTO `vtiger_profile2field` VALUES('7', '6', '16', '0', '1');
INSERT INTO `vtiger_profile2field` VALUES('7', '6', '17', '0', '1');
INSERT INTO `vtiger_profile2field` VALUES('7', '6', '18', '0', '1');
INSERT INTO `vtiger_profile2field` VALUES('7', '6', '19', '0', '1');
INSERT INTO `vtiger_profile2field` VALUES('7', '6', '20', '0', '1');
INSERT INTO `vtiger_profile2field` VALUES('7', '6', '21', '0', '1');
INSERT INTO `vtiger_profile2field` VALUES('7', '6', '22', '0', '1');
INSERT INTO `vtiger_profile2field` VALUES('7', '6', '23', '0', '1');
INSERT INTO `vtiger_profile2field` VALUES('7', '6', '24', '0', '1');
INSERT INTO `vtiger_profile2field` VALUES('7', '6', '25', '0', '1');
INSERT INTO `vtiger_profile2field` VALUES('7', '6', '26', '0', '1');
INSERT INTO `vtiger_profile2field` VALUES('7', '6', '27', '0', '1');
INSERT INTO `vtiger_profile2field` VALUES('7', '6', '28', '0', '1');
INSERT INTO `vtiger_profile2field` VALUES('7', '6', '29', '0', '1');
INSERT INTO `vtiger_profile2field` VALUES('7', '6', '30', '0', '1');
INSERT INTO `vtiger_profile2field` VALUES('7', '6', '31', '0', '1');
INSERT INTO `vtiger_profile2field` VALUES('7', '6', '32', '0', '1');
INSERT INTO `vtiger_profile2field` VALUES('7', '6', '33', '0', '1');
INSERT INTO `vtiger_profile2field` VALUES('7', '6', '34', '0', '1');
INSERT INTO `vtiger_profile2field` VALUES('7', '7', '35', '0', '1');
INSERT INTO `vtiger_profile2field` VALUES('7', '7', '36', '0', '1');
INSERT INTO `vtiger_profile2field` VALUES('7', '7', '37', '0', '1');
INSERT INTO `vtiger_profile2field` VALUES('7', '7', '38', '0', '1');
INSERT INTO `vtiger_profile2field` VALUES('7', '7', '39', '0', '1');
INSERT INTO `vtiger_profile2field` VALUES('7', '7', '40', '0', '1');
INSERT INTO `vtiger_profile2field` VALUES('7', '7', '41', '0', '1');
INSERT INTO `vtiger_profile2field` VALUES('7', '7', '42', '0', '1');
INSERT INTO `vtiger_profile2field` VALUES('7', '7', '43', '0', '1');
INSERT INTO `vtiger_profile2field` VALUES('7', '7', '44', '0', '1');
INSERT INTO `vtiger_profile2field` VALUES('7', '7', '45', '0', '1');
INSERT INTO `vtiger_profile2field` VALUES('7', '7', '46', '0', '1');
INSERT INTO `vtiger_profile2field` VALUES('7', '7', '47', '0', '1');
INSERT INTO `vtiger_profile2field` VALUES('7', '7', '48', '0', '1');
INSERT INTO `vtiger_profile2field` VALUES('7', '7', '49', '0', '1');
INSERT INTO `vtiger_profile2field` VALUES('7', '7', '50', '0', '1');
INSERT INTO `vtiger_profile2field` VALUES('7', '7', '51', '0', '1');
INSERT INTO `vtiger_profile2field` VALUES('7', '7', '52', '0', '1');
INSERT INTO `vtiger_profile2field` VALUES('7', '7', '53', '0', '1');
INSERT INTO `vtiger_profile2field` VALUES('7', '7', '54', '0', '1');
INSERT INTO `vtiger_profile2field` VALUES('7', '7', '55', '0', '1');
INSERT INTO `vtiger_profile2field` VALUES('7', '7', '56', '0', '1');
INSERT INTO `vtiger_profile2field` VALUES('7', '7', '57', '0', '1');
INSERT INTO `vtiger_profile2field` VALUES('7', '7', '58', '0', '1');
INSERT INTO `vtiger_profile2field` VALUES('7', '7', '59', '0', '1');
INSERT INTO `vtiger_profile2field` VALUES('7', '7', '60', '0', '1');
INSERT INTO `vtiger_profile2field` VALUES('7', '7', '61', '0', '1');
INSERT INTO `vtiger_profile2field` VALUES('7', '4', '62', '0', '1');
INSERT INTO `vtiger_profile2field` VALUES('7', '4', '63', '0', '1');
INSERT INTO `vtiger_profile2field` VALUES('7', '4', '64', '0', '1');
INSERT INTO `vtiger_profile2field` VALUES('7', '4', '65', '0', '1');
INSERT INTO `vtiger_profile2field` VALUES('7', '4', '66', '0', '1');
INSERT INTO `vtiger_profile2field` VALUES('7', '4', '67', '0', '1');
INSERT INTO `vtiger_profile2field` VALUES('7', '4', '68', '0', '1');
INSERT INTO `vtiger_profile2field` VALUES('7', '4', '69', '0', '1');
INSERT INTO `vtiger_profile2field` VALUES('7', '4', '70', '0', '1');
INSERT INTO `vtiger_profile2field` VALUES('7', '4', '71', '0', '1');
INSERT INTO `vtiger_profile2field` VALUES('7', '4', '72', '0', '1');
INSERT INTO `vtiger_profile2field` VALUES('7', '4', '73', '0', '1');
INSERT INTO `vtiger_profile2field` VALUES('7', '4', '74', '0', '1');
INSERT INTO `vtiger_profile2field` VALUES('7', '4', '75', '0', '1');
INSERT INTO `vtiger_profile2field` VALUES('7', '4', '76', '0', '1');
INSERT INTO `vtiger_profile2field` VALUES('7', '4', '77', '0', '1');
INSERT INTO `vtiger_profile2field` VALUES('7', '4', '78', '0', '1');
INSERT INTO `vtiger_profile2field` VALUES('7', '4', '79', '0', '1');
INSERT INTO `vtiger_profile2field` VALUES('7', '4', '80', '0', '1');
INSERT INTO `vtiger_profile2field` VALUES('7', '4', '81', '0', '1');
INSERT INTO `vtiger_profile2field` VALUES('7', '4', '82', '0', '1');
INSERT INTO `vtiger_profile2field` VALUES('7', '4', '83', '0', '1');
INSERT INTO `vtiger_profile2field` VALUES('7', '4', '84', '0', '1');
INSERT INTO `vtiger_profile2field` VALUES('7', '4', '85', '0', '1');
INSERT INTO `vtiger_profile2field` VALUES('7', '4', '86', '0', '1');
INSERT INTO `vtiger_profile2field` VALUES('7', '4', '87', '0', '1');
INSERT INTO `vtiger_profile2field` VALUES('7', '4', '88', '0', '1');
INSERT INTO `vtiger_profile2field` VALUES('7', '4', '89', '0', '1');
INSERT INTO `vtiger_profile2field` VALUES('7', '4', '90', '0', '1');
INSERT INTO `vtiger_profile2field` VALUES('7', '4', '91', '0', '1');
INSERT INTO `vtiger_profile2field` VALUES('7', '4', '92', '0', '1');
INSERT INTO `vtiger_profile2field` VALUES('7', '4', '93', '0', '1');
INSERT INTO `vtiger_profile2field` VALUES('7', '4', '94', '0', '1');
INSERT INTO `vtiger_profile2field` VALUES('7', '4', '95', '0', '1');
INSERT INTO `vtiger_profile2field` VALUES('7', '4', '96', '0', '1');
INSERT INTO `vtiger_profile2field` VALUES('7', '4', '97', '0', '1');
INSERT INTO `vtiger_profile2field` VALUES('7', '4', '98', '0', '1');
INSERT INTO `vtiger_profile2field` VALUES('7', '4', '99', '0', '1');
INSERT INTO `vtiger_profile2field` VALUES('7', '4', '100', '0', '1');
INSERT INTO `vtiger_profile2field` VALUES('7', '4', '101', '0', '1');
INSERT INTO `vtiger_profile2field` VALUES('7', '4', '102', '0', '1');
INSERT INTO `vtiger_profile2field` VALUES('7', '4', '103', '0', '1');
INSERT INTO `vtiger_profile2field` VALUES('7', '2', '104', '0', '1');
INSERT INTO `vtiger_profile2field` VALUES('7', '2', '105', '0', '1');
INSERT INTO `vtiger_profile2field` VALUES('7', '2', '106', '0', '1');
INSERT INTO `vtiger_profile2field` VALUES('7', '2', '107', '0', '1');
INSERT INTO `vtiger_profile2field` VALUES('7', '2', '108', '0', '1');
INSERT INTO `vtiger_profile2field` VALUES('7', '2', '109', '0', '1');
INSERT INTO `vtiger_profile2field` VALUES('7', '2', '110', '0', '1');
INSERT INTO `vtiger_profile2field` VALUES('7', '2', '111', '0', '1');
INSERT INTO `vtiger_profile2field` VALUES('7', '2', '112', '0', '1');
INSERT INTO `vtiger_profile2field` VALUES('7', '2', '113', '0', '1');
INSERT INTO `vtiger_profile2field` VALUES('7', '2', '114', '0', '1');
INSERT INTO `vtiger_profile2field` VALUES('7', '2', '115', '0', '1');
INSERT INTO `vtiger_profile2field` VALUES('7', '2', '116', '0', '1');
INSERT INTO `vtiger_profile2field` VALUES('7', '2', '117', '0', '1');
INSERT INTO `vtiger_profile2field` VALUES('7', '26', '118', '0', '1');
INSERT INTO `vtiger_profile2field` VALUES('7', '26', '119', '0', '1');
INSERT INTO `vtiger_profile2field` VALUES('7', '26', '120', '1', '1');
INSERT INTO `vtiger_profile2field` VALUES('7', '26', '121', '0', '1');
INSERT INTO `vtiger_profile2field` VALUES('7', '26', '122', '0', '1');
INSERT INTO `vtiger_profile2field` VALUES('7', '26', '123', '0', '1');
INSERT INTO `vtiger_profile2field` VALUES('7', '26', '124', '0', '1');
INSERT INTO `vtiger_profile2field` VALUES('7', '26', '125', '0', '1');
INSERT INTO `vtiger_profile2field` VALUES('7', '26', '126', '0', '1');
INSERT INTO `vtiger_profile2field` VALUES('7', '26', '127', '0', '1');
INSERT INTO `vtiger_profile2field` VALUES('7', '26', '128', '0', '1');
INSERT INTO `vtiger_profile2field` VALUES('7', '26', '129', '0', '1');
INSERT INTO `vtiger_profile2field` VALUES('7', '26', '130', '0', '1');
INSERT INTO `vtiger_profile2field` VALUES('7', '26', '131', '1', '1');
INSERT INTO `vtiger_profile2field` VALUES('7', '26', '132', '1', '1');
INSERT INTO `vtiger_profile2field` VALUES('7', '26', '133', '1', '1');
INSERT INTO `vtiger_profile2field` VALUES('7', '26', '134', '0', '1');
INSERT INTO `vtiger_profile2field` VALUES('7', '26', '135', '1', '1');
INSERT INTO `vtiger_profile2field` VALUES('7', '26', '136', '1', '1');
INSERT INTO `vtiger_profile2field` VALUES('7', '26', '137', '0', '1');
INSERT INTO `vtiger_profile2field` VALUES('7', '26', '138', '1', '1');
INSERT INTO `vtiger_profile2field` VALUES('7', '26', '139', '1', '1');
INSERT INTO `vtiger_profile2field` VALUES('7', '26', '140', '0', '1');
INSERT INTO `vtiger_profile2field` VALUES('7', '13', '141', '0', '1');
INSERT INTO `vtiger_profile2field` VALUES('7', '13', '142', '0', '1');
INSERT INTO `vtiger_profile2field` VALUES('7', '13', '143', '0', '1');
INSERT INTO `vtiger_profile2field` VALUES('7', '13', '144', '0', '1');
INSERT INTO `vtiger_profile2field` VALUES('7', '13', '145', '0', '1');
INSERT INTO `vtiger_profile2field` VALUES('7', '13', '146', '0', '1');
INSERT INTO `vtiger_profile2field` VALUES('7', '13', '147', '0', '1');
INSERT INTO `vtiger_profile2field` VALUES('7', '13', '148', '0', '1');
INSERT INTO `vtiger_profile2field` VALUES('7', '13', '149', '0', '1');
INSERT INTO `vtiger_profile2field` VALUES('7', '13', '150', '0', '1');
INSERT INTO `vtiger_profile2field` VALUES('7', '13', '151', '0', '1');
INSERT INTO `vtiger_profile2field` VALUES('7', '13', '152', '0', '1');
INSERT INTO `vtiger_profile2field` VALUES('7', '13', '153', '0', '1');
INSERT INTO `vtiger_profile2field` VALUES('7', '13', '154', '0', '1');
INSERT INTO `vtiger_profile2field` VALUES('7', '13', '155', '0', '1');
INSERT INTO `vtiger_profile2field` VALUES('7', '14', '156', '0', '1');
INSERT INTO `vtiger_profile2field` VALUES('7', '14', '157', '1', '1');
INSERT INTO `vtiger_profile2field` VALUES('7', '14', '158', '0', '1');
INSERT INTO `vtiger_profile2field` VALUES('7', '14', '159', '1', '1');
INSERT INTO `vtiger_profile2field` VALUES('7', '14', '160', '1', '1');
INSERT INTO `vtiger_profile2field` VALUES('7', '14', '161', '1', '1');
INSERT INTO `vtiger_profile2field` VALUES('7', '14', '162', '0', '1');
INSERT INTO `vtiger_profile2field` VALUES('7', '14', '163', '1', '1');
INSERT INTO `vtiger_profile2field` VALUES('7', '14', '164', '1', '1');
INSERT INTO `vtiger_profile2field` VALUES('7', '14', '165', '1', '1');
INSERT INTO `vtiger_profile2field` VALUES('7', '14', '166', '1', '1');
INSERT INTO `vtiger_profile2field` VALUES('7', '14', '167', '1', '1');
INSERT INTO `vtiger_profile2field` VALUES('7', '14', '168', '1', '1');
INSERT INTO `vtiger_profile2field` VALUES('7', '14', '169', '1', '1');
INSERT INTO `vtiger_profile2field` VALUES('7', '14', '170', '0', '1');
INSERT INTO `vtiger_profile2field` VALUES('7', '14', '171', '1', '1');
INSERT INTO `vtiger_profile2field` VALUES('7', '14', '172', '1', '1');
INSERT INTO `vtiger_profile2field` VALUES('7', '14', '173', '0', '1');
INSERT INTO `vtiger_profile2field` VALUES('7', '14', '174', '0', '1');
INSERT INTO `vtiger_profile2field` VALUES('7', '14', '175', '1', '1');
INSERT INTO `vtiger_profile2field` VALUES('7', '14', '176', '0', '1');
INSERT INTO `vtiger_profile2field` VALUES('7', '14', '177', '1', '1');
INSERT INTO `vtiger_profile2field` VALUES('7', '14', '178', '0', '1');
INSERT INTO `vtiger_profile2field` VALUES('7', '14', '179', '0', '1');
INSERT INTO `vtiger_profile2field` VALUES('7', '14', '180', '1', '1');
INSERT INTO `vtiger_profile2field` VALUES('7', '14', '181', '1', '1');
INSERT INTO `vtiger_profile2field` VALUES('7', '14', '182', '0', '1');
INSERT INTO `vtiger_profile2field` VALUES('7', '14', '183', '1', '1');
INSERT INTO `vtiger_profile2field` VALUES('7', '14', '184', '0', '1');
INSERT INTO `vtiger_profile2field` VALUES('7', '8', '185', '0', '1');
INSERT INTO `vtiger_profile2field` VALUES('7', '8', '186', '0', '1');
INSERT INTO `vtiger_profile2field` VALUES('7', '8', '187', '0', '1');
INSERT INTO `vtiger_profile2field` VALUES('7', '8', '188', '0', '1');
INSERT INTO `vtiger_profile2field` VALUES('7', '8', '189', '0', '1');
INSERT INTO `vtiger_profile2field` VALUES('7', '8', '190', '0', '1');
INSERT INTO `vtiger_profile2field` VALUES('7', '8', '191', '0', '1');
INSERT INTO `vtiger_profile2field` VALUES('7', '10', '192', '0', '1');
INSERT INTO `vtiger_profile2field` VALUES('7', '10', '193', '0', '1');
INSERT INTO `vtiger_profile2field` VALUES('7', '10', '194', '0', '1');
INSERT INTO `vtiger_profile2field` VALUES('7', '10', '195', '0', '1');
INSERT INTO `vtiger_profile2field` VALUES('7', '10', '196', '0', '1');
INSERT INTO `vtiger_profile2field` VALUES('7', '10', '197', '0', '1');
INSERT INTO `vtiger_profile2field` VALUES('7', '10', '198', '0', '1');
INSERT INTO `vtiger_profile2field` VALUES('7', '10', '199', '0', '1');
INSERT INTO `vtiger_profile2field` VALUES('7', '10', '200', '0', '1');
INSERT INTO `vtiger_profile2field` VALUES('7', '10', '201', '0', '1');
INSERT INTO `vtiger_profile2field` VALUES('7', '10', '202', '0', '1');
INSERT INTO `vtiger_profile2field` VALUES('7', '9', '203', '0', '1');
INSERT INTO `vtiger_profile2field` VALUES('7', '9', '204', '0', '1');
INSERT INTO `vtiger_profile2field` VALUES('7', '9', '205', '0', '1');
INSERT INTO `vtiger_profile2field` VALUES('7', '9', '206', '0', '1');
INSERT INTO `vtiger_profile2field` VALUES('7', '9', '207', '0', '1');
INSERT INTO `vtiger_profile2field` VALUES('7', '9', '208', '0', '1');
INSERT INTO `vtiger_profile2field` VALUES('7', '9', '209', '0', '1');
INSERT INTO `vtiger_profile2field` VALUES('7', '9', '210', '0', '1');
INSERT INTO `vtiger_profile2field` VALUES('7', '9', '211', '0', '1');
INSERT INTO `vtiger_profile2field` VALUES('7', '9', '212', '0', '1');
INSERT INTO `vtiger_profile2field` VALUES('7', '9', '213', '0', '1');
INSERT INTO `vtiger_profile2field` VALUES('7', '9', '214', '0', '1');
INSERT INTO `vtiger_profile2field` VALUES('7', '9', '215', '0', '1');
INSERT INTO `vtiger_profile2field` VALUES('7', '9', '216', '0', '1');
INSERT INTO `vtiger_profile2field` VALUES('7', '9', '217', '0', '1');
INSERT INTO `vtiger_profile2field` VALUES('7', '9', '218', '0', '1');
INSERT INTO `vtiger_profile2field` VALUES('7', '9', '219', '0', '1');
INSERT INTO `vtiger_profile2field` VALUES('7', '9', '220', '0', '1');
INSERT INTO `vtiger_profile2field` VALUES('7', '9', '221', '0', '1');
INSERT INTO `vtiger_profile2field` VALUES('7', '9', '222', '0', '1');
INSERT INTO `vtiger_profile2field` VALUES('7', '9', '223', '0', '1');
INSERT INTO `vtiger_profile2field` VALUES('7', '9', '224', '0', '1');
INSERT INTO `vtiger_profile2field` VALUES('7', '9', '225', '0', '1');
INSERT INTO `vtiger_profile2field` VALUES('7', '16', '226', '0', '1');
INSERT INTO `vtiger_profile2field` VALUES('7', '16', '227', '0', '1');
INSERT INTO `vtiger_profile2field` VALUES('7', '16', '228', '0', '1');
INSERT INTO `vtiger_profile2field` VALUES('7', '16', '229', '0', '1');
INSERT INTO `vtiger_profile2field` VALUES('7', '16', '230', '0', '1');
INSERT INTO `vtiger_profile2field` VALUES('7', '16', '231', '0', '1');
INSERT INTO `vtiger_profile2field` VALUES('7', '16', '232', '0', '1');
INSERT INTO `vtiger_profile2field` VALUES('7', '16', '233', '0', '1');
INSERT INTO `vtiger_profile2field` VALUES('7', '16', '234', '0', '1');
INSERT INTO `vtiger_profile2field` VALUES('7', '16', '235', '0', '1');
INSERT INTO `vtiger_profile2field` VALUES('7', '16', '236', '0', '1');
INSERT INTO `vtiger_profile2field` VALUES('7', '16', '237', '0', '1');
INSERT INTO `vtiger_profile2field` VALUES('7', '16', '238', '0', '1');
INSERT INTO `vtiger_profile2field` VALUES('7', '16', '239', '0', '1');
INSERT INTO `vtiger_profile2field` VALUES('7', '16', '240', '0', '1');
INSERT INTO `vtiger_profile2field` VALUES('7', '16', '241', '0', '1');
INSERT INTO `vtiger_profile2field` VALUES('7', '16', '242', '0', '1');
INSERT INTO `vtiger_profile2field` VALUES('7', '16', '243', '0', '1');
INSERT INTO `vtiger_profile2field` VALUES('7', '16', '244', '0', '1');
INSERT INTO `vtiger_profile2field` VALUES('7', '16', '245', '0', '1');
INSERT INTO `vtiger_profile2field` VALUES('7', '16', '246', '0', '1');
INSERT INTO `vtiger_profile2field` VALUES('7', '15', '247', '0', '1');
INSERT INTO `vtiger_profile2field` VALUES('7', '15', '248', '0', '1');
INSERT INTO `vtiger_profile2field` VALUES('7', '15', '249', '0', '1');
INSERT INTO `vtiger_profile2field` VALUES('7', '15', '250', '0', '1');
INSERT INTO `vtiger_profile2field` VALUES('7', '15', '251', '0', '1');
INSERT INTO `vtiger_profile2field` VALUES('7', '15', '252', '0', '1');
INSERT INTO `vtiger_profile2field` VALUES('7', '15', '253', '0', '1');
INSERT INTO `vtiger_profile2field` VALUES('7', '15', '254', '0', '1');
INSERT INTO `vtiger_profile2field` VALUES('7', '18', '255', '0', '1');
INSERT INTO `vtiger_profile2field` VALUES('7', '18', '256', '0', '1');
INSERT INTO `vtiger_profile2field` VALUES('7', '18', '257', '0', '1');
INSERT INTO `vtiger_profile2field` VALUES('7', '18', '258', '0', '1');
INSERT INTO `vtiger_profile2field` VALUES('7', '18', '259', '0', '1');
INSERT INTO `vtiger_profile2field` VALUES('7', '18', '260', '0', '1');
INSERT INTO `vtiger_profile2field` VALUES('7', '18', '261', '0', '1');
INSERT INTO `vtiger_profile2field` VALUES('7', '18', '262', '0', '1');
INSERT INTO `vtiger_profile2field` VALUES('7', '18', '263', '0', '1');
INSERT INTO `vtiger_profile2field` VALUES('7', '18', '264', '0', '1');
INSERT INTO `vtiger_profile2field` VALUES('7', '18', '265', '0', '1');
INSERT INTO `vtiger_profile2field` VALUES('7', '18', '266', '0', '1');
INSERT INTO `vtiger_profile2field` VALUES('7', '18', '267', '0', '1');
INSERT INTO `vtiger_profile2field` VALUES('7', '18', '268', '0', '1');
INSERT INTO `vtiger_profile2field` VALUES('7', '18', '269', '0', '1');
INSERT INTO `vtiger_profile2field` VALUES('7', '19', '270', '0', '1');
INSERT INTO `vtiger_profile2field` VALUES('7', '19', '271', '0', '1');
INSERT INTO `vtiger_profile2field` VALUES('7', '19', '272', '0', '1');
INSERT INTO `vtiger_profile2field` VALUES('7', '19', '273', '0', '1');
INSERT INTO `vtiger_profile2field` VALUES('7', '19', '274', '0', '1');
INSERT INTO `vtiger_profile2field` VALUES('7', '20', '275', '0', '1');
INSERT INTO `vtiger_profile2field` VALUES('7', '20', '276', '0', '1');
INSERT INTO `vtiger_profile2field` VALUES('7', '20', '277', '0', '1');
INSERT INTO `vtiger_profile2field` VALUES('7', '20', '278', '0', '1');
INSERT INTO `vtiger_profile2field` VALUES('7', '20', '279', '0', '1');
INSERT INTO `vtiger_profile2field` VALUES('7', '20', '280', '0', '1');
INSERT INTO `vtiger_profile2field` VALUES('7', '20', '281', '0', '1');
INSERT INTO `vtiger_profile2field` VALUES('7', '20', '282', '0', '1');
INSERT INTO `vtiger_profile2field` VALUES('7', '20', '283', '1', '1');
INSERT INTO `vtiger_profile2field` VALUES('7', '20', '284', '0', '1');
INSERT INTO `vtiger_profile2field` VALUES('7', '20', '285', '0', '1');
INSERT INTO `vtiger_profile2field` VALUES('7', '20', '286', '0', '1');
INSERT INTO `vtiger_profile2field` VALUES('7', '20', '287', '0', '1');
INSERT INTO `vtiger_profile2field` VALUES('7', '20', '288', '0', '1');
INSERT INTO `vtiger_profile2field` VALUES('7', '20', '289', '0', '1');
INSERT INTO `vtiger_profile2field` VALUES('7', '20', '290', '0', '1');
INSERT INTO `vtiger_profile2field` VALUES('7', '20', '291', '0', '1');
INSERT INTO `vtiger_profile2field` VALUES('7', '20', '292', '0', '1');
INSERT INTO `vtiger_profile2field` VALUES('7', '20', '293', '0', '1');
INSERT INTO `vtiger_profile2field` VALUES('7', '20', '294', '0', '1');
INSERT INTO `vtiger_profile2field` VALUES('7', '20', '295', '0', '1');
INSERT INTO `vtiger_profile2field` VALUES('7', '20', '296', '0', '1');
INSERT INTO `vtiger_profile2field` VALUES('7', '20', '297', '0', '1');
INSERT INTO `vtiger_profile2field` VALUES('7', '20', '298', '0', '1');
INSERT INTO `vtiger_profile2field` VALUES('7', '20', '299', '0', '1');
INSERT INTO `vtiger_profile2field` VALUES('7', '20', '300', '0', '1');
INSERT INTO `vtiger_profile2field` VALUES('7', '20', '301', '0', '1');
INSERT INTO `vtiger_profile2field` VALUES('7', '20', '302', '0', '1');
INSERT INTO `vtiger_profile2field` VALUES('7', '20', '303', '0', '1');
INSERT INTO `vtiger_profile2field` VALUES('7', '20', '304', '0', '1');
INSERT INTO `vtiger_profile2field` VALUES('7', '20', '305', '0', '1');
INSERT INTO `vtiger_profile2field` VALUES('7', '20', '306', '0', '1');
INSERT INTO `vtiger_profile2field` VALUES('7', '20', '307', '0', '1');
INSERT INTO `vtiger_profile2field` VALUES('7', '21', '308', '0', '1');
INSERT INTO `vtiger_profile2field` VALUES('7', '21', '309', '0', '1');
INSERT INTO `vtiger_profile2field` VALUES('7', '21', '310', '0', '1');
INSERT INTO `vtiger_profile2field` VALUES('7', '21', '311', '0', '1');
INSERT INTO `vtiger_profile2field` VALUES('7', '21', '312', '0', '1');
INSERT INTO `vtiger_profile2field` VALUES('7', '21', '313', '0', '1');
INSERT INTO `vtiger_profile2field` VALUES('7', '21', '314', '0', '1');
INSERT INTO `vtiger_profile2field` VALUES('7', '21', '315', '0', '1');
INSERT INTO `vtiger_profile2field` VALUES('7', '21', '316', '0', '1');
INSERT INTO `vtiger_profile2field` VALUES('7', '21', '317', '0', '1');
INSERT INTO `vtiger_profile2field` VALUES('7', '21', '318', '0', '1');
INSERT INTO `vtiger_profile2field` VALUES('7', '21', '319', '0', '1');
INSERT INTO `vtiger_profile2field` VALUES('7', '21', '320', '0', '1');
INSERT INTO `vtiger_profile2field` VALUES('7', '21', '321', '0', '1');
INSERT INTO `vtiger_profile2field` VALUES('7', '21', '322', '0', '1');
INSERT INTO `vtiger_profile2field` VALUES('7', '21', '323', '0', '1');
INSERT INTO `vtiger_profile2field` VALUES('7', '21', '324', '0', '1');
INSERT INTO `vtiger_profile2field` VALUES('7', '21', '325', '0', '1');
INSERT INTO `vtiger_profile2field` VALUES('7', '21', '326', '0', '1');
INSERT INTO `vtiger_profile2field` VALUES('7', '21', '327', '0', '1');
INSERT INTO `vtiger_profile2field` VALUES('7', '21', '328', '0', '1');
INSERT INTO `vtiger_profile2field` VALUES('7', '21', '329', '0', '1');
INSERT INTO `vtiger_profile2field` VALUES('7', '21', '330', '0', '1');
INSERT INTO `vtiger_profile2field` VALUES('7', '21', '331', '0', '1');
INSERT INTO `vtiger_profile2field` VALUES('7', '21', '332', '0', '1');
INSERT INTO `vtiger_profile2field` VALUES('7', '21', '333', '0', '1');
INSERT INTO `vtiger_profile2field` VALUES('7', '21', '334', '0', '1');
INSERT INTO `vtiger_profile2field` VALUES('7', '21', '335', '0', '1');
INSERT INTO `vtiger_profile2field` VALUES('7', '21', '336', '0', '1');
INSERT INTO `vtiger_profile2field` VALUES('7', '21', '337', '0', '1');
INSERT INTO `vtiger_profile2field` VALUES('7', '21', '338', '0', '1');
INSERT INTO `vtiger_profile2field` VALUES('7', '21', '339', '0', '1');
INSERT INTO `vtiger_profile2field` VALUES('7', '21', '340', '0', '1');
INSERT INTO `vtiger_profile2field` VALUES('7', '21', '341', '0', '1');
INSERT INTO `vtiger_profile2field` VALUES('7', '22', '342', '0', '1');
INSERT INTO `vtiger_profile2field` VALUES('7', '22', '343', '0', '1');
INSERT INTO `vtiger_profile2field` VALUES('7', '22', '344', '0', '1');
INSERT INTO `vtiger_profile2field` VALUES('7', '22', '345', '0', '1');
INSERT INTO `vtiger_profile2field` VALUES('7', '22', '346', '0', '1');
INSERT INTO `vtiger_profile2field` VALUES('7', '22', '347', '0', '1');
INSERT INTO `vtiger_profile2field` VALUES('7', '22', '348', '0', '1');
INSERT INTO `vtiger_profile2field` VALUES('7', '22', '349', '0', '1');
INSERT INTO `vtiger_profile2field` VALUES('7', '22', '350', '0', '1');
INSERT INTO `vtiger_profile2field` VALUES('7', '22', '351', '0', '1');
INSERT INTO `vtiger_profile2field` VALUES('7', '22', '352', '0', '1');
INSERT INTO `vtiger_profile2field` VALUES('7', '22', '353', '0', '1');
INSERT INTO `vtiger_profile2field` VALUES('7', '22', '354', '0', '1');
INSERT INTO `vtiger_profile2field` VALUES('7', '22', '355', '0', '1');
INSERT INTO `vtiger_profile2field` VALUES('7', '22', '356', '0', '1');
INSERT INTO `vtiger_profile2field` VALUES('7', '22', '357', '0', '1');
INSERT INTO `vtiger_profile2field` VALUES('7', '22', '358', '0', '1');
INSERT INTO `vtiger_profile2field` VALUES('7', '22', '359', '0', '1');
INSERT INTO `vtiger_profile2field` VALUES('7', '22', '360', '0', '1');
INSERT INTO `vtiger_profile2field` VALUES('7', '22', '361', '0', '1');
INSERT INTO `vtiger_profile2field` VALUES('7', '22', '362', '0', '1');
INSERT INTO `vtiger_profile2field` VALUES('7', '22', '363', '0', '1');
INSERT INTO `vtiger_profile2field` VALUES('7', '22', '364', '0', '1');
INSERT INTO `vtiger_profile2field` VALUES('7', '22', '365', '0', '1');
INSERT INTO `vtiger_profile2field` VALUES('7', '22', '366', '0', '1');
INSERT INTO `vtiger_profile2field` VALUES('7', '22', '367', '0', '1');
INSERT INTO `vtiger_profile2field` VALUES('7', '22', '368', '0', '1');
INSERT INTO `vtiger_profile2field` VALUES('7', '22', '369', '0', '1');
INSERT INTO `vtiger_profile2field` VALUES('7', '22', '370', '0', '1');
INSERT INTO `vtiger_profile2field` VALUES('7', '22', '371', '0', '1');
INSERT INTO `vtiger_profile2field` VALUES('7', '22', '372', '0', '1');
INSERT INTO `vtiger_profile2field` VALUES('7', '22', '373', '0', '1');
INSERT INTO `vtiger_profile2field` VALUES('7', '22', '374', '0', '1');
INSERT INTO `vtiger_profile2field` VALUES('7', '22', '375', '0', '1');
INSERT INTO `vtiger_profile2field` VALUES('7', '22', '376', '0', '1');
INSERT INTO `vtiger_profile2field` VALUES('7', '22', '377', '0', '1');
INSERT INTO `vtiger_profile2field` VALUES('7', '22', '378', '0', '1');
INSERT INTO `vtiger_profile2field` VALUES('7', '23', '379', '0', '1');
INSERT INTO `vtiger_profile2field` VALUES('7', '23', '380', '0', '1');
INSERT INTO `vtiger_profile2field` VALUES('7', '23', '381', '0', '1');
INSERT INTO `vtiger_profile2field` VALUES('7', '23', '382', '0', '1');
INSERT INTO `vtiger_profile2field` VALUES('7', '23', '383', '0', '1');
INSERT INTO `vtiger_profile2field` VALUES('7', '23', '384', '0', '1');
INSERT INTO `vtiger_profile2field` VALUES('7', '23', '385', '0', '1');
INSERT INTO `vtiger_profile2field` VALUES('7', '23', '386', '0', '1');
INSERT INTO `vtiger_profile2field` VALUES('7', '23', '387', '0', '1');
INSERT INTO `vtiger_profile2field` VALUES('7', '23', '388', '0', '1');
INSERT INTO `vtiger_profile2field` VALUES('7', '23', '389', '0', '1');
INSERT INTO `vtiger_profile2field` VALUES('7', '23', '390', '0', '1');
INSERT INTO `vtiger_profile2field` VALUES('7', '23', '391', '0', '1');
INSERT INTO `vtiger_profile2field` VALUES('7', '23', '392', '0', '1');
INSERT INTO `vtiger_profile2field` VALUES('7', '23', '393', '0', '1');
INSERT INTO `vtiger_profile2field` VALUES('7', '23', '394', '0', '1');
INSERT INTO `vtiger_profile2field` VALUES('7', '23', '395', '0', '1');
INSERT INTO `vtiger_profile2field` VALUES('7', '23', '396', '0', '1');
INSERT INTO `vtiger_profile2field` VALUES('7', '23', '397', '0', '1');
INSERT INTO `vtiger_profile2field` VALUES('7', '23', '398', '0', '1');
INSERT INTO `vtiger_profile2field` VALUES('7', '23', '399', '0', '1');
INSERT INTO `vtiger_profile2field` VALUES('7', '23', '400', '0', '1');
INSERT INTO `vtiger_profile2field` VALUES('7', '23', '401', '0', '1');
INSERT INTO `vtiger_profile2field` VALUES('7', '23', '402', '0', '1');
INSERT INTO `vtiger_profile2field` VALUES('7', '23', '403', '0', '1');
INSERT INTO `vtiger_profile2field` VALUES('7', '23', '404', '0', '1');
INSERT INTO `vtiger_profile2field` VALUES('7', '23', '405', '0', '1');
INSERT INTO `vtiger_profile2field` VALUES('7', '23', '406', '0', '1');
INSERT INTO `vtiger_profile2field` VALUES('7', '23', '407', '0', '1');
INSERT INTO `vtiger_profile2field` VALUES('7', '23', '408', '0', '1');
INSERT INTO `vtiger_profile2field` VALUES('7', '23', '409', '0', '1');
INSERT INTO `vtiger_profile2field` VALUES('7', '23', '410', '0', '1');
INSERT INTO `vtiger_profile2field` VALUES('7', '23', '411', '0', '1');
INSERT INTO `vtiger_profile2field` VALUES('7', '23', '412', '0', '1');
INSERT INTO `vtiger_profile2field` VALUES('7', '23', '413', '0', '1');
INSERT INTO `vtiger_profile2field` VALUES('7', '23', '414', '0', '1');
INSERT INTO `vtiger_profile2field` VALUES('8', '6', '1', '0', '1');
INSERT INTO `vtiger_profile2field` VALUES('8', '6', '2', '0', '1');
INSERT INTO `vtiger_profile2field` VALUES('8', '6', '3', '0', '1');
INSERT INTO `vtiger_profile2field` VALUES('8', '6', '4', '0', '1');
INSERT INTO `vtiger_profile2field` VALUES('8', '6', '5', '0', '1');
INSERT INTO `vtiger_profile2field` VALUES('8', '6', '6', '0', '1');
INSERT INTO `vtiger_profile2field` VALUES('8', '6', '7', '0', '1');
INSERT INTO `vtiger_profile2field` VALUES('8', '6', '8', '0', '1');
INSERT INTO `vtiger_profile2field` VALUES('8', '6', '9', '0', '1');
INSERT INTO `vtiger_profile2field` VALUES('8', '6', '10', '0', '1');
INSERT INTO `vtiger_profile2field` VALUES('8', '6', '11', '0', '1');
INSERT INTO `vtiger_profile2field` VALUES('8', '6', '12', '0', '1');
INSERT INTO `vtiger_profile2field` VALUES('8', '6', '13', '0', '1');
INSERT INTO `vtiger_profile2field` VALUES('8', '6', '14', '0', '1');
INSERT INTO `vtiger_profile2field` VALUES('8', '6', '15', '0', '1');
INSERT INTO `vtiger_profile2field` VALUES('8', '6', '16', '0', '1');
INSERT INTO `vtiger_profile2field` VALUES('8', '6', '17', '0', '1');
INSERT INTO `vtiger_profile2field` VALUES('8', '6', '18', '0', '1');
INSERT INTO `vtiger_profile2field` VALUES('8', '6', '19', '0', '1');
INSERT INTO `vtiger_profile2field` VALUES('8', '6', '20', '0', '1');
INSERT INTO `vtiger_profile2field` VALUES('8', '6', '21', '0', '1');
INSERT INTO `vtiger_profile2field` VALUES('8', '6', '22', '0', '1');
INSERT INTO `vtiger_profile2field` VALUES('8', '6', '23', '0', '1');
INSERT INTO `vtiger_profile2field` VALUES('8', '6', '24', '0', '1');
INSERT INTO `vtiger_profile2field` VALUES('8', '6', '25', '0', '1');
INSERT INTO `vtiger_profile2field` VALUES('8', '6', '26', '0', '1');
INSERT INTO `vtiger_profile2field` VALUES('8', '6', '27', '0', '1');
INSERT INTO `vtiger_profile2field` VALUES('8', '6', '28', '0', '1');
INSERT INTO `vtiger_profile2field` VALUES('8', '6', '29', '0', '1');
INSERT INTO `vtiger_profile2field` VALUES('8', '6', '30', '0', '1');
INSERT INTO `vtiger_profile2field` VALUES('8', '6', '31', '0', '1');
INSERT INTO `vtiger_profile2field` VALUES('8', '6', '32', '0', '1');
INSERT INTO `vtiger_profile2field` VALUES('8', '6', '33', '0', '1');
INSERT INTO `vtiger_profile2field` VALUES('8', '6', '34', '0', '1');
INSERT INTO `vtiger_profile2field` VALUES('8', '7', '35', '0', '1');
INSERT INTO `vtiger_profile2field` VALUES('8', '7', '36', '0', '1');
INSERT INTO `vtiger_profile2field` VALUES('8', '7', '37', '0', '1');
INSERT INTO `vtiger_profile2field` VALUES('8', '7', '38', '0', '1');
INSERT INTO `vtiger_profile2field` VALUES('8', '7', '39', '0', '1');
INSERT INTO `vtiger_profile2field` VALUES('8', '7', '40', '0', '1');
INSERT INTO `vtiger_profile2field` VALUES('8', '7', '41', '0', '1');
INSERT INTO `vtiger_profile2field` VALUES('8', '7', '42', '0', '1');
INSERT INTO `vtiger_profile2field` VALUES('8', '7', '43', '0', '1');
INSERT INTO `vtiger_profile2field` VALUES('8', '7', '44', '0', '1');
INSERT INTO `vtiger_profile2field` VALUES('8', '7', '45', '0', '1');
INSERT INTO `vtiger_profile2field` VALUES('8', '7', '46', '0', '1');
INSERT INTO `vtiger_profile2field` VALUES('8', '7', '47', '0', '1');
INSERT INTO `vtiger_profile2field` VALUES('8', '7', '48', '0', '1');
INSERT INTO `vtiger_profile2field` VALUES('8', '7', '49', '0', '1');
INSERT INTO `vtiger_profile2field` VALUES('8', '7', '50', '0', '1');
INSERT INTO `vtiger_profile2field` VALUES('8', '7', '51', '0', '1');
INSERT INTO `vtiger_profile2field` VALUES('8', '7', '52', '0', '1');
INSERT INTO `vtiger_profile2field` VALUES('8', '7', '53', '0', '1');
INSERT INTO `vtiger_profile2field` VALUES('8', '7', '54', '0', '1');
INSERT INTO `vtiger_profile2field` VALUES('8', '7', '55', '0', '1');
INSERT INTO `vtiger_profile2field` VALUES('8', '7', '56', '0', '1');
INSERT INTO `vtiger_profile2field` VALUES('8', '7', '57', '0', '1');
INSERT INTO `vtiger_profile2field` VALUES('8', '7', '58', '0', '1');
INSERT INTO `vtiger_profile2field` VALUES('8', '7', '59', '0', '1');
INSERT INTO `vtiger_profile2field` VALUES('8', '7', '60', '0', '1');
INSERT INTO `vtiger_profile2field` VALUES('8', '7', '61', '0', '1');
INSERT INTO `vtiger_profile2field` VALUES('8', '4', '62', '0', '1');
INSERT INTO `vtiger_profile2field` VALUES('8', '4', '63', '0', '1');
INSERT INTO `vtiger_profile2field` VALUES('8', '4', '64', '0', '1');
INSERT INTO `vtiger_profile2field` VALUES('8', '4', '65', '0', '1');
INSERT INTO `vtiger_profile2field` VALUES('8', '4', '66', '0', '1');
INSERT INTO `vtiger_profile2field` VALUES('8', '4', '67', '0', '1');
INSERT INTO `vtiger_profile2field` VALUES('8', '4', '68', '0', '1');
INSERT INTO `vtiger_profile2field` VALUES('8', '4', '69', '0', '1');
INSERT INTO `vtiger_profile2field` VALUES('8', '4', '70', '0', '1');
INSERT INTO `vtiger_profile2field` VALUES('8', '4', '71', '0', '1');
INSERT INTO `vtiger_profile2field` VALUES('8', '4', '72', '0', '1');
INSERT INTO `vtiger_profile2field` VALUES('8', '4', '73', '0', '1');
INSERT INTO `vtiger_profile2field` VALUES('8', '4', '74', '0', '1');
INSERT INTO `vtiger_profile2field` VALUES('8', '4', '75', '0', '1');
INSERT INTO `vtiger_profile2field` VALUES('8', '4', '76', '0', '1');
INSERT INTO `vtiger_profile2field` VALUES('8', '4', '77', '0', '1');
INSERT INTO `vtiger_profile2field` VALUES('8', '4', '78', '0', '1');
INSERT INTO `vtiger_profile2field` VALUES('8', '4', '79', '0', '1');
INSERT INTO `vtiger_profile2field` VALUES('8', '4', '80', '0', '1');
INSERT INTO `vtiger_profile2field` VALUES('8', '4', '81', '0', '1');
INSERT INTO `vtiger_profile2field` VALUES('8', '4', '82', '0', '1');
INSERT INTO `vtiger_profile2field` VALUES('8', '4', '83', '0', '1');
INSERT INTO `vtiger_profile2field` VALUES('8', '4', '84', '0', '1');
INSERT INTO `vtiger_profile2field` VALUES('8', '4', '85', '0', '1');
INSERT INTO `vtiger_profile2field` VALUES('8', '4', '86', '0', '1');
INSERT INTO `vtiger_profile2field` VALUES('8', '4', '87', '0', '1');
INSERT INTO `vtiger_profile2field` VALUES('8', '4', '88', '0', '1');
INSERT INTO `vtiger_profile2field` VALUES('8', '4', '89', '0', '1');
INSERT INTO `vtiger_profile2field` VALUES('8', '4', '90', '0', '1');
INSERT INTO `vtiger_profile2field` VALUES('8', '4', '91', '0', '1');
INSERT INTO `vtiger_profile2field` VALUES('8', '4', '92', '0', '1');
INSERT INTO `vtiger_profile2field` VALUES('8', '4', '93', '0', '1');
INSERT INTO `vtiger_profile2field` VALUES('8', '4', '94', '0', '1');
INSERT INTO `vtiger_profile2field` VALUES('8', '4', '95', '0', '1');
INSERT INTO `vtiger_profile2field` VALUES('8', '4', '96', '0', '1');
INSERT INTO `vtiger_profile2field` VALUES('8', '4', '97', '0', '1');
INSERT INTO `vtiger_profile2field` VALUES('8', '4', '98', '0', '1');
INSERT INTO `vtiger_profile2field` VALUES('8', '4', '99', '0', '1');
INSERT INTO `vtiger_profile2field` VALUES('8', '4', '100', '0', '1');
INSERT INTO `vtiger_profile2field` VALUES('8', '4', '101', '0', '1');
INSERT INTO `vtiger_profile2field` VALUES('8', '4', '102', '0', '1');
INSERT INTO `vtiger_profile2field` VALUES('8', '4', '103', '0', '1');
INSERT INTO `vtiger_profile2field` VALUES('8', '2', '104', '0', '1');
INSERT INTO `vtiger_profile2field` VALUES('8', '2', '105', '0', '1');
INSERT INTO `vtiger_profile2field` VALUES('8', '2', '106', '0', '1');
INSERT INTO `vtiger_profile2field` VALUES('8', '2', '107', '0', '1');
INSERT INTO `vtiger_profile2field` VALUES('8', '2', '108', '0', '1');
INSERT INTO `vtiger_profile2field` VALUES('8', '2', '109', '0', '1');
INSERT INTO `vtiger_profile2field` VALUES('8', '2', '110', '0', '1');
INSERT INTO `vtiger_profile2field` VALUES('8', '2', '111', '0', '1');
INSERT INTO `vtiger_profile2field` VALUES('8', '2', '112', '0', '1');
INSERT INTO `vtiger_profile2field` VALUES('8', '2', '113', '0', '1');
INSERT INTO `vtiger_profile2field` VALUES('8', '2', '114', '0', '1');
INSERT INTO `vtiger_profile2field` VALUES('8', '2', '115', '0', '1');
INSERT INTO `vtiger_profile2field` VALUES('8', '2', '116', '0', '1');
INSERT INTO `vtiger_profile2field` VALUES('8', '2', '117', '0', '1');
INSERT INTO `vtiger_profile2field` VALUES('8', '26', '118', '0', '1');
INSERT INTO `vtiger_profile2field` VALUES('8', '26', '119', '0', '1');
INSERT INTO `vtiger_profile2field` VALUES('8', '26', '120', '0', '1');
INSERT INTO `vtiger_profile2field` VALUES('8', '26', '121', '0', '1');
INSERT INTO `vtiger_profile2field` VALUES('8', '26', '122', '0', '1');
INSERT INTO `vtiger_profile2field` VALUES('8', '26', '123', '0', '1');
INSERT INTO `vtiger_profile2field` VALUES('8', '26', '124', '0', '1');
INSERT INTO `vtiger_profile2field` VALUES('8', '26', '125', '0', '1');
INSERT INTO `vtiger_profile2field` VALUES('8', '26', '126', '0', '1');
INSERT INTO `vtiger_profile2field` VALUES('8', '26', '127', '0', '1');
INSERT INTO `vtiger_profile2field` VALUES('8', '26', '128', '0', '1');
INSERT INTO `vtiger_profile2field` VALUES('8', '26', '129', '0', '1');
INSERT INTO `vtiger_profile2field` VALUES('8', '26', '130', '0', '1');
INSERT INTO `vtiger_profile2field` VALUES('8', '26', '131', '0', '1');
INSERT INTO `vtiger_profile2field` VALUES('8', '26', '132', '0', '1');
INSERT INTO `vtiger_profile2field` VALUES('8', '26', '133', '0', '1');
INSERT INTO `vtiger_profile2field` VALUES('8', '26', '134', '0', '1');
INSERT INTO `vtiger_profile2field` VALUES('8', '26', '135', '0', '1');
INSERT INTO `vtiger_profile2field` VALUES('8', '26', '136', '0', '1');
INSERT INTO `vtiger_profile2field` VALUES('8', '26', '137', '0', '1');
INSERT INTO `vtiger_profile2field` VALUES('8', '26', '138', '0', '1');
INSERT INTO `vtiger_profile2field` VALUES('8', '26', '139', '0', '1');
INSERT INTO `vtiger_profile2field` VALUES('8', '26', '140', '0', '1');
INSERT INTO `vtiger_profile2field` VALUES('8', '13', '141', '0', '1');
INSERT INTO `vtiger_profile2field` VALUES('8', '13', '142', '0', '1');
INSERT INTO `vtiger_profile2field` VALUES('8', '13', '143', '0', '1');
INSERT INTO `vtiger_profile2field` VALUES('8', '13', '144', '0', '1');
INSERT INTO `vtiger_profile2field` VALUES('8', '13', '145', '0', '1');
INSERT INTO `vtiger_profile2field` VALUES('8', '13', '146', '0', '1');
INSERT INTO `vtiger_profile2field` VALUES('8', '13', '147', '0', '1');
INSERT INTO `vtiger_profile2field` VALUES('8', '13', '148', '0', '1');
INSERT INTO `vtiger_profile2field` VALUES('8', '13', '149', '0', '1');
INSERT INTO `vtiger_profile2field` VALUES('8', '13', '150', '0', '1');
INSERT INTO `vtiger_profile2field` VALUES('8', '13', '151', '0', '1');
INSERT INTO `vtiger_profile2field` VALUES('8', '13', '152', '0', '1');
INSERT INTO `vtiger_profile2field` VALUES('8', '13', '153', '0', '1');
INSERT INTO `vtiger_profile2field` VALUES('8', '13', '154', '0', '1');
INSERT INTO `vtiger_profile2field` VALUES('8', '13', '155', '0', '1');
INSERT INTO `vtiger_profile2field` VALUES('8', '14', '156', '0', '1');
INSERT INTO `vtiger_profile2field` VALUES('8', '14', '157', '1', '1');
INSERT INTO `vtiger_profile2field` VALUES('8', '14', '158', '0', '1');
INSERT INTO `vtiger_profile2field` VALUES('8', '14', '159', '1', '1');
INSERT INTO `vtiger_profile2field` VALUES('8', '14', '160', '1', '1');
INSERT INTO `vtiger_profile2field` VALUES('8', '14', '161', '1', '1');
INSERT INTO `vtiger_profile2field` VALUES('8', '14', '162', '0', '1');
INSERT INTO `vtiger_profile2field` VALUES('8', '14', '163', '1', '1');
INSERT INTO `vtiger_profile2field` VALUES('8', '14', '164', '1', '1');
INSERT INTO `vtiger_profile2field` VALUES('8', '14', '165', '1', '1');
INSERT INTO `vtiger_profile2field` VALUES('8', '14', '166', '1', '1');
INSERT INTO `vtiger_profile2field` VALUES('8', '14', '167', '1', '1');
INSERT INTO `vtiger_profile2field` VALUES('8', '14', '168', '1', '1');
INSERT INTO `vtiger_profile2field` VALUES('8', '14', '169', '1', '1');
INSERT INTO `vtiger_profile2field` VALUES('8', '14', '170', '0', '1');
INSERT INTO `vtiger_profile2field` VALUES('8', '14', '171', '1', '1');
INSERT INTO `vtiger_profile2field` VALUES('8', '14', '172', '1', '1');
INSERT INTO `vtiger_profile2field` VALUES('8', '14', '173', '0', '1');
INSERT INTO `vtiger_profile2field` VALUES('8', '14', '174', '0', '1');
INSERT INTO `vtiger_profile2field` VALUES('8', '14', '175', '1', '1');
INSERT INTO `vtiger_profile2field` VALUES('8', '14', '176', '0', '1');
INSERT INTO `vtiger_profile2field` VALUES('8', '14', '177', '1', '1');
INSERT INTO `vtiger_profile2field` VALUES('8', '14', '178', '0', '1');
INSERT INTO `vtiger_profile2field` VALUES('8', '14', '179', '0', '1');
INSERT INTO `vtiger_profile2field` VALUES('8', '14', '180', '1', '1');
INSERT INTO `vtiger_profile2field` VALUES('8', '14', '181', '1', '1');
INSERT INTO `vtiger_profile2field` VALUES('8', '14', '182', '0', '1');
INSERT INTO `vtiger_profile2field` VALUES('8', '14', '183', '1', '1');
INSERT INTO `vtiger_profile2field` VALUES('8', '14', '184', '0', '1');
INSERT INTO `vtiger_profile2field` VALUES('8', '8', '185', '0', '1');
INSERT INTO `vtiger_profile2field` VALUES('8', '8', '186', '0', '1');
INSERT INTO `vtiger_profile2field` VALUES('8', '8', '187', '0', '1');
INSERT INTO `vtiger_profile2field` VALUES('8', '8', '188', '0', '1');
INSERT INTO `vtiger_profile2field` VALUES('8', '8', '189', '0', '1');
INSERT INTO `vtiger_profile2field` VALUES('8', '8', '190', '0', '1');
INSERT INTO `vtiger_profile2field` VALUES('8', '8', '191', '0', '1');
INSERT INTO `vtiger_profile2field` VALUES('8', '10', '192', '0', '1');
INSERT INTO `vtiger_profile2field` VALUES('8', '10', '193', '0', '1');
INSERT INTO `vtiger_profile2field` VALUES('8', '10', '194', '0', '1');
INSERT INTO `vtiger_profile2field` VALUES('8', '10', '195', '0', '1');
INSERT INTO `vtiger_profile2field` VALUES('8', '10', '196', '0', '1');
INSERT INTO `vtiger_profile2field` VALUES('8', '10', '197', '0', '1');
INSERT INTO `vtiger_profile2field` VALUES('8', '10', '198', '0', '1');
INSERT INTO `vtiger_profile2field` VALUES('8', '10', '199', '0', '1');
INSERT INTO `vtiger_profile2field` VALUES('8', '10', '200', '0', '1');
INSERT INTO `vtiger_profile2field` VALUES('8', '10', '201', '0', '1');
INSERT INTO `vtiger_profile2field` VALUES('8', '10', '202', '0', '1');
INSERT INTO `vtiger_profile2field` VALUES('8', '9', '203', '0', '1');
INSERT INTO `vtiger_profile2field` VALUES('8', '9', '204', '0', '1');
INSERT INTO `vtiger_profile2field` VALUES('8', '9', '205', '0', '1');
INSERT INTO `vtiger_profile2field` VALUES('8', '9', '206', '0', '1');
INSERT INTO `vtiger_profile2field` VALUES('8', '9', '207', '0', '1');
INSERT INTO `vtiger_profile2field` VALUES('8', '9', '208', '0', '1');
INSERT INTO `vtiger_profile2field` VALUES('8', '9', '209', '0', '1');
INSERT INTO `vtiger_profile2field` VALUES('8', '9', '210', '0', '1');
INSERT INTO `vtiger_profile2field` VALUES('8', '9', '211', '0', '1');
INSERT INTO `vtiger_profile2field` VALUES('8', '9', '212', '0', '1');
INSERT INTO `vtiger_profile2field` VALUES('8', '9', '213', '0', '1');
INSERT INTO `vtiger_profile2field` VALUES('8', '9', '214', '0', '1');
INSERT INTO `vtiger_profile2field` VALUES('8', '9', '215', '0', '1');
INSERT INTO `vtiger_profile2field` VALUES('8', '9', '216', '0', '1');
INSERT INTO `vtiger_profile2field` VALUES('8', '9', '217', '0', '1');
INSERT INTO `vtiger_profile2field` VALUES('8', '9', '218', '0', '1');
INSERT INTO `vtiger_profile2field` VALUES('8', '9', '219', '0', '1');
INSERT INTO `vtiger_profile2field` VALUES('8', '9', '220', '0', '1');
INSERT INTO `vtiger_profile2field` VALUES('8', '9', '221', '0', '1');
INSERT INTO `vtiger_profile2field` VALUES('8', '9', '222', '0', '1');
INSERT INTO `vtiger_profile2field` VALUES('8', '9', '223', '0', '1');
INSERT INTO `vtiger_profile2field` VALUES('8', '9', '224', '0', '1');
INSERT INTO `vtiger_profile2field` VALUES('8', '9', '225', '0', '1');
INSERT INTO `vtiger_profile2field` VALUES('8', '16', '226', '0', '1');
INSERT INTO `vtiger_profile2field` VALUES('8', '16', '227', '0', '1');
INSERT INTO `vtiger_profile2field` VALUES('8', '16', '228', '0', '1');
INSERT INTO `vtiger_profile2field` VALUES('8', '16', '229', '0', '1');
INSERT INTO `vtiger_profile2field` VALUES('8', '16', '230', '0', '1');
INSERT INTO `vtiger_profile2field` VALUES('8', '16', '231', '0', '1');
INSERT INTO `vtiger_profile2field` VALUES('8', '16', '232', '0', '1');
INSERT INTO `vtiger_profile2field` VALUES('8', '16', '233', '0', '1');
INSERT INTO `vtiger_profile2field` VALUES('8', '16', '234', '0', '1');
INSERT INTO `vtiger_profile2field` VALUES('8', '16', '235', '0', '1');
INSERT INTO `vtiger_profile2field` VALUES('8', '16', '236', '0', '1');
INSERT INTO `vtiger_profile2field` VALUES('8', '16', '237', '0', '1');
INSERT INTO `vtiger_profile2field` VALUES('8', '16', '238', '0', '1');
INSERT INTO `vtiger_profile2field` VALUES('8', '16', '239', '0', '1');
INSERT INTO `vtiger_profile2field` VALUES('8', '16', '240', '0', '1');
INSERT INTO `vtiger_profile2field` VALUES('8', '16', '241', '0', '1');
INSERT INTO `vtiger_profile2field` VALUES('8', '16', '242', '0', '1');
INSERT INTO `vtiger_profile2field` VALUES('8', '16', '243', '0', '1');
INSERT INTO `vtiger_profile2field` VALUES('8', '16', '244', '0', '1');
INSERT INTO `vtiger_profile2field` VALUES('8', '16', '245', '0', '1');
INSERT INTO `vtiger_profile2field` VALUES('8', '16', '246', '0', '1');
INSERT INTO `vtiger_profile2field` VALUES('8', '15', '247', '0', '1');
INSERT INTO `vtiger_profile2field` VALUES('8', '15', '248', '0', '1');
INSERT INTO `vtiger_profile2field` VALUES('8', '15', '249', '0', '1');
INSERT INTO `vtiger_profile2field` VALUES('8', '15', '250', '0', '1');
INSERT INTO `vtiger_profile2field` VALUES('8', '15', '251', '0', '1');
INSERT INTO `vtiger_profile2field` VALUES('8', '15', '252', '0', '1');
INSERT INTO `vtiger_profile2field` VALUES('8', '15', '253', '0', '1');
INSERT INTO `vtiger_profile2field` VALUES('8', '15', '254', '0', '1');
INSERT INTO `vtiger_profile2field` VALUES('8', '18', '255', '0', '1');
INSERT INTO `vtiger_profile2field` VALUES('8', '18', '256', '0', '1');
INSERT INTO `vtiger_profile2field` VALUES('8', '18', '257', '0', '1');
INSERT INTO `vtiger_profile2field` VALUES('8', '18', '258', '0', '1');
INSERT INTO `vtiger_profile2field` VALUES('8', '18', '259', '0', '1');
INSERT INTO `vtiger_profile2field` VALUES('8', '18', '260', '0', '1');
INSERT INTO `vtiger_profile2field` VALUES('8', '18', '261', '0', '1');
INSERT INTO `vtiger_profile2field` VALUES('8', '18', '262', '0', '1');
INSERT INTO `vtiger_profile2field` VALUES('8', '18', '263', '0', '1');
INSERT INTO `vtiger_profile2field` VALUES('8', '18', '264', '0', '1');
INSERT INTO `vtiger_profile2field` VALUES('8', '18', '265', '0', '1');
INSERT INTO `vtiger_profile2field` VALUES('8', '18', '266', '0', '1');
INSERT INTO `vtiger_profile2field` VALUES('8', '18', '267', '0', '1');
INSERT INTO `vtiger_profile2field` VALUES('8', '18', '268', '0', '1');
INSERT INTO `vtiger_profile2field` VALUES('8', '18', '269', '0', '1');
INSERT INTO `vtiger_profile2field` VALUES('8', '19', '270', '0', '1');
INSERT INTO `vtiger_profile2field` VALUES('8', '19', '271', '0', '1');
INSERT INTO `vtiger_profile2field` VALUES('8', '19', '272', '0', '1');
INSERT INTO `vtiger_profile2field` VALUES('8', '19', '273', '0', '1');
INSERT INTO `vtiger_profile2field` VALUES('8', '19', '274', '0', '1');
INSERT INTO `vtiger_profile2field` VALUES('8', '20', '275', '0', '1');
INSERT INTO `vtiger_profile2field` VALUES('8', '20', '276', '0', '1');
INSERT INTO `vtiger_profile2field` VALUES('8', '20', '277', '0', '1');
INSERT INTO `vtiger_profile2field` VALUES('8', '20', '278', '0', '1');
INSERT INTO `vtiger_profile2field` VALUES('8', '20', '279', '0', '1');
INSERT INTO `vtiger_profile2field` VALUES('8', '20', '280', '0', '1');
INSERT INTO `vtiger_profile2field` VALUES('8', '20', '281', '0', '1');
INSERT INTO `vtiger_profile2field` VALUES('8', '20', '282', '0', '1');
INSERT INTO `vtiger_profile2field` VALUES('8', '20', '283', '1', '1');
INSERT INTO `vtiger_profile2field` VALUES('8', '20', '284', '0', '1');
INSERT INTO `vtiger_profile2field` VALUES('8', '20', '285', '0', '1');
INSERT INTO `vtiger_profile2field` VALUES('8', '20', '286', '0', '1');
INSERT INTO `vtiger_profile2field` VALUES('8', '20', '287', '0', '1');
INSERT INTO `vtiger_profile2field` VALUES('8', '20', '288', '0', '1');
INSERT INTO `vtiger_profile2field` VALUES('8', '20', '289', '0', '1');
INSERT INTO `vtiger_profile2field` VALUES('8', '20', '290', '0', '1');
INSERT INTO `vtiger_profile2field` VALUES('8', '20', '291', '0', '1');
INSERT INTO `vtiger_profile2field` VALUES('8', '20', '292', '0', '1');
INSERT INTO `vtiger_profile2field` VALUES('8', '20', '293', '0', '1');
INSERT INTO `vtiger_profile2field` VALUES('8', '20', '294', '0', '1');
INSERT INTO `vtiger_profile2field` VALUES('8', '20', '295', '0', '1');
INSERT INTO `vtiger_profile2field` VALUES('8', '20', '296', '0', '1');
INSERT INTO `vtiger_profile2field` VALUES('8', '20', '297', '0', '1');
INSERT INTO `vtiger_profile2field` VALUES('8', '20', '298', '0', '1');
INSERT INTO `vtiger_profile2field` VALUES('8', '20', '299', '0', '1');
INSERT INTO `vtiger_profile2field` VALUES('8', '20', '300', '0', '1');
INSERT INTO `vtiger_profile2field` VALUES('8', '20', '301', '0', '1');
INSERT INTO `vtiger_profile2field` VALUES('8', '20', '302', '0', '1');
INSERT INTO `vtiger_profile2field` VALUES('8', '20', '303', '0', '1');
INSERT INTO `vtiger_profile2field` VALUES('8', '20', '304', '0', '1');
INSERT INTO `vtiger_profile2field` VALUES('8', '20', '305', '0', '1');
INSERT INTO `vtiger_profile2field` VALUES('8', '20', '306', '0', '1');
INSERT INTO `vtiger_profile2field` VALUES('8', '20', '307', '0', '1');
INSERT INTO `vtiger_profile2field` VALUES('8', '21', '308', '0', '1');
INSERT INTO `vtiger_profile2field` VALUES('8', '21', '309', '0', '1');
INSERT INTO `vtiger_profile2field` VALUES('8', '21', '310', '0', '1');
INSERT INTO `vtiger_profile2field` VALUES('8', '21', '311', '0', '1');
INSERT INTO `vtiger_profile2field` VALUES('8', '21', '312', '0', '1');
INSERT INTO `vtiger_profile2field` VALUES('8', '21', '313', '0', '1');
INSERT INTO `vtiger_profile2field` VALUES('8', '21', '314', '0', '1');
INSERT INTO `vtiger_profile2field` VALUES('8', '21', '315', '0', '1');
INSERT INTO `vtiger_profile2field` VALUES('8', '21', '316', '0', '1');
INSERT INTO `vtiger_profile2field` VALUES('8', '21', '317', '0', '1');
INSERT INTO `vtiger_profile2field` VALUES('8', '21', '318', '0', '1');
INSERT INTO `vtiger_profile2field` VALUES('8', '21', '319', '0', '1');
INSERT INTO `vtiger_profile2field` VALUES('8', '21', '320', '0', '1');
INSERT INTO `vtiger_profile2field` VALUES('8', '21', '321', '0', '1');
INSERT INTO `vtiger_profile2field` VALUES('8', '21', '322', '0', '1');
INSERT INTO `vtiger_profile2field` VALUES('8', '21', '323', '0', '1');
INSERT INTO `vtiger_profile2field` VALUES('8', '21', '324', '0', '1');
INSERT INTO `vtiger_profile2field` VALUES('8', '21', '325', '0', '1');
INSERT INTO `vtiger_profile2field` VALUES('8', '21', '326', '0', '1');
INSERT INTO `vtiger_profile2field` VALUES('8', '21', '327', '0', '1');
INSERT INTO `vtiger_profile2field` VALUES('8', '21', '328', '0', '1');
INSERT INTO `vtiger_profile2field` VALUES('8', '21', '329', '0', '1');
INSERT INTO `vtiger_profile2field` VALUES('8', '21', '330', '0', '1');
INSERT INTO `vtiger_profile2field` VALUES('8', '21', '331', '0', '1');
INSERT INTO `vtiger_profile2field` VALUES('8', '21', '332', '0', '1');
INSERT INTO `vtiger_profile2field` VALUES('8', '21', '333', '0', '1');
INSERT INTO `vtiger_profile2field` VALUES('8', '21', '334', '0', '1');
INSERT INTO `vtiger_profile2field` VALUES('8', '21', '335', '0', '1');
INSERT INTO `vtiger_profile2field` VALUES('8', '21', '336', '0', '1');
INSERT INTO `vtiger_profile2field` VALUES('8', '21', '337', '0', '1');
INSERT INTO `vtiger_profile2field` VALUES('8', '21', '338', '0', '1');
INSERT INTO `vtiger_profile2field` VALUES('8', '21', '339', '0', '1');
INSERT INTO `vtiger_profile2field` VALUES('8', '21', '340', '0', '1');
INSERT INTO `vtiger_profile2field` VALUES('8', '21', '341', '0', '1');
INSERT INTO `vtiger_profile2field` VALUES('8', '22', '342', '0', '1');
INSERT INTO `vtiger_profile2field` VALUES('8', '22', '343', '0', '1');
INSERT INTO `vtiger_profile2field` VALUES('8', '22', '344', '0', '1');
INSERT INTO `vtiger_profile2field` VALUES('8', '22', '345', '0', '1');
INSERT INTO `vtiger_profile2field` VALUES('8', '22', '346', '0', '1');
INSERT INTO `vtiger_profile2field` VALUES('8', '22', '347', '0', '1');
INSERT INTO `vtiger_profile2field` VALUES('8', '22', '348', '0', '1');
INSERT INTO `vtiger_profile2field` VALUES('8', '22', '349', '0', '1');
INSERT INTO `vtiger_profile2field` VALUES('8', '22', '350', '0', '1');
INSERT INTO `vtiger_profile2field` VALUES('8', '22', '351', '0', '1');
INSERT INTO `vtiger_profile2field` VALUES('8', '22', '352', '0', '1');
INSERT INTO `vtiger_profile2field` VALUES('8', '22', '353', '0', '1');
INSERT INTO `vtiger_profile2field` VALUES('8', '22', '354', '0', '1');
INSERT INTO `vtiger_profile2field` VALUES('8', '22', '355', '0', '1');
INSERT INTO `vtiger_profile2field` VALUES('8', '22', '356', '0', '1');
INSERT INTO `vtiger_profile2field` VALUES('8', '22', '357', '0', '1');
INSERT INTO `vtiger_profile2field` VALUES('8', '22', '358', '0', '1');
INSERT INTO `vtiger_profile2field` VALUES('8', '22', '359', '0', '1');
INSERT INTO `vtiger_profile2field` VALUES('8', '22', '360', '0', '1');
INSERT INTO `vtiger_profile2field` VALUES('8', '22', '361', '0', '1');
INSERT INTO `vtiger_profile2field` VALUES('8', '22', '362', '0', '1');
INSERT INTO `vtiger_profile2field` VALUES('8', '22', '363', '0', '1');
INSERT INTO `vtiger_profile2field` VALUES('8', '22', '364', '0', '1');
INSERT INTO `vtiger_profile2field` VALUES('8', '22', '365', '0', '1');
INSERT INTO `vtiger_profile2field` VALUES('8', '22', '366', '0', '1');
INSERT INTO `vtiger_profile2field` VALUES('8', '22', '367', '0', '1');
INSERT INTO `vtiger_profile2field` VALUES('8', '22', '368', '0', '1');
INSERT INTO `vtiger_profile2field` VALUES('8', '22', '369', '0', '1');
INSERT INTO `vtiger_profile2field` VALUES('8', '22', '370', '0', '1');
INSERT INTO `vtiger_profile2field` VALUES('8', '22', '371', '0', '1');
INSERT INTO `vtiger_profile2field` VALUES('8', '22', '372', '0', '1');
INSERT INTO `vtiger_profile2field` VALUES('8', '22', '373', '0', '1');
INSERT INTO `vtiger_profile2field` VALUES('8', '22', '374', '0', '1');
INSERT INTO `vtiger_profile2field` VALUES('8', '22', '375', '0', '1');
INSERT INTO `vtiger_profile2field` VALUES('8', '22', '376', '0', '1');
INSERT INTO `vtiger_profile2field` VALUES('8', '22', '377', '0', '1');
INSERT INTO `vtiger_profile2field` VALUES('8', '22', '378', '0', '1');
INSERT INTO `vtiger_profile2field` VALUES('8', '23', '379', '0', '1');
INSERT INTO `vtiger_profile2field` VALUES('8', '23', '380', '0', '1');
INSERT INTO `vtiger_profile2field` VALUES('8', '23', '381', '0', '1');
INSERT INTO `vtiger_profile2field` VALUES('8', '23', '382', '0', '1');
INSERT INTO `vtiger_profile2field` VALUES('8', '23', '383', '0', '1');
INSERT INTO `vtiger_profile2field` VALUES('8', '23', '384', '0', '1');
INSERT INTO `vtiger_profile2field` VALUES('8', '23', '385', '0', '1');
INSERT INTO `vtiger_profile2field` VALUES('8', '23', '386', '0', '1');
INSERT INTO `vtiger_profile2field` VALUES('8', '23', '387', '0', '1');
INSERT INTO `vtiger_profile2field` VALUES('8', '23', '388', '0', '1');
INSERT INTO `vtiger_profile2field` VALUES('8', '23', '389', '0', '1');
INSERT INTO `vtiger_profile2field` VALUES('8', '23', '390', '0', '1');
INSERT INTO `vtiger_profile2field` VALUES('8', '23', '391', '0', '1');
INSERT INTO `vtiger_profile2field` VALUES('8', '23', '392', '0', '1');
INSERT INTO `vtiger_profile2field` VALUES('8', '23', '393', '0', '1');
INSERT INTO `vtiger_profile2field` VALUES('8', '23', '394', '0', '1');
INSERT INTO `vtiger_profile2field` VALUES('8', '23', '395', '0', '1');
INSERT INTO `vtiger_profile2field` VALUES('8', '23', '396', '0', '1');
INSERT INTO `vtiger_profile2field` VALUES('8', '23', '397', '0', '1');
INSERT INTO `vtiger_profile2field` VALUES('8', '23', '398', '0', '1');
INSERT INTO `vtiger_profile2field` VALUES('8', '23', '399', '0', '1');
INSERT INTO `vtiger_profile2field` VALUES('8', '23', '400', '0', '1');
INSERT INTO `vtiger_profile2field` VALUES('8', '23', '401', '0', '1');
INSERT INTO `vtiger_profile2field` VALUES('8', '23', '402', '0', '1');
INSERT INTO `vtiger_profile2field` VALUES('8', '23', '403', '0', '1');
INSERT INTO `vtiger_profile2field` VALUES('8', '23', '404', '0', '1');
INSERT INTO `vtiger_profile2field` VALUES('8', '23', '405', '0', '1');
INSERT INTO `vtiger_profile2field` VALUES('8', '23', '406', '0', '1');
INSERT INTO `vtiger_profile2field` VALUES('8', '23', '407', '0', '1');
INSERT INTO `vtiger_profile2field` VALUES('8', '23', '408', '0', '1');
INSERT INTO `vtiger_profile2field` VALUES('8', '23', '409', '0', '1');
INSERT INTO `vtiger_profile2field` VALUES('8', '23', '410', '0', '1');
INSERT INTO `vtiger_profile2field` VALUES('8', '23', '411', '0', '1');
INSERT INTO `vtiger_profile2field` VALUES('8', '23', '412', '0', '1');
INSERT INTO `vtiger_profile2field` VALUES('8', '23', '413', '0', '1');
INSERT INTO `vtiger_profile2field` VALUES('8', '23', '414', '0', '1');

--
